11-10 13:23:10.547 V/        (753): virtual int MPLSensor::setDelay(int32_t, int64_t)
11-10 13:23:10.547 E/        (753):  setDelay handle: 4 rate 20
11-10 13:23:10.547 V/        (753): virtual int MPLSensor::update_delay()
11-10 13:23:10.577 D/dalvikvm(1035): GC_FOR_ALLOC freed 150K, 13% free 6360K/7232K, paused 23ms, total 23ms
11-10 13:23:10.597 D/dalvikvm(1035): GC_FOR_ALLOC freed 112K, 12% free 6365K/7232K, paused 24ms, total 24ms
11-10 13:23:10.627 D/dalvikvm(1035): GC_FOR_ALLOC freed 113K, 13% free 6358K/7232K, paused 26ms, total 27ms
11-10 13:23:15.647 V/        (753): virtual int MPLSensor::enable(int32_t, int)
11-10 13:23:15.647 V/        (753): handle : 4 en: 1
11-10 13:23:15.647 E/        (753): handle : 4 en: 1
11-10 13:23:15.647 V/        (753): sensor state change what=4
11-10 13:23:15.647 V/        (753): void set_power_states(int, bool)
11-10 13:23:15.647 V/        (753):  enabled_sensors: 16 dmp_started: 0
11-10 13:23:15.647 V/        (753): Starting DMP
11-10 13:23:15.647 I/MPL-mldl_cfg_mpu:(753): inv_mpu_resume: Resuming to 0070
11-10 13:23:15.647 V/        (753): virtual int MPLSensor::setDelay(int32_t, int64_t)
11-10 13:23:15.647 E/        (753):  setDelay handle: 4 rate 200
11-10 13:23:15.647 V/        (753): virtual int MPLSensor::update_delay()
11-10 13:23:15.647 V/        (753): set fifo rate: 39 200000000
11-10 13:23:15.647 I/MPL-fifo(753): Actual ODR: 25000 mHz
11-10 13:23:15.647 V/        (753): virtual int MPLSensor::setDelay(int32_t, int64_t)
11-10 13:23:15.647 E/        (753):  setDelay handle: 4 rate 20
11-10 13:23:15.647 V/        (753): virtual int MPLSensor::update_delay()
11-10 13:23:15.647 V/        (753): set fifo rate: 3 20000000
11-10 13:23:15.647 I/MPL-fifo(753): Actual ODR: 50000 mHz
11-10 13:23:19.027 V/        (753): virtual int MPLSensor::enable(int32_t, int)
11-10 13:23:19.027 V/        (753): handle : 4 en: 0
11-10 13:23:19.027 E/        (753): handle : 4 en: 0
11-10 13:23:19.027 V/        (753): sensor state change what=4
11-10 13:23:19.027 V/        (753): void set_power_states(int, bool)
11-10 13:23:19.027 V/        (753):  enabled_sensors: 0 dmp_started: 1
11-10 13:23:19.027 V/        (753): Stopping DMP
11-10 13:23:19.027 I/MPL-mldl_cfg_mpu:(753): inv_mpu_suspend: suspending sensors to 0000
11-10 13:23:19.027 I/MPL-mldl_cfg_mpu:(753): inv_mpu_suspend: Will resume next to 0070
11-10 13:23:19.037 V/        (753): virtual int MPLSensor::update_delay()
11-10 13:23:19.037 V/        (753): virtual int MPLSensor::setDelay(int32_t, int64_t)
11-10 13:23:19.037 E/        (753):  setDelay handle: 4 rate 20
11-10 13:23:19.037 V/        (753): virtual int MPLSensor::update_delay()
11-10 13:23:19.077 D/dalvikvm(1035): GC_FOR_ALLOC freed 137K, 12% free 6364K/7232K, paused 35ms, total 35ms
11-10 13:23:19.097 D/dalvikvm(1035): GC_FOR_ALLOC freed 112K, 12% free 6365K/7232K, paused 26ms, total 26ms
11-10 13:23:21.317 D/audio_hw_primary(108): outpcm open: card=0, device=0, rate=44100
11-10 13:23:21.317 I/ActivityManager(753): START u0 {act=android.intent.action.MAIN cat=[android.intent.category.HOME] flg=0x10200000 cmp=com.cyanogenmod.trebuchet/.Launcher} from pid 753
11-10 13:23:22.127 D/dalvikvm(1066): GC_CONCURRENT freed 1542K, 20% free 17626K/21916K, paused 2ms+9ms, total 52ms
11-10 13:23:24.087 D/dalvikvm(1066): GC_CONCURRENT freed 1824K, 19% free 17813K/21916K, paused 3ms+6ms, total 39ms
11-10 13:23:24.097 D/dalvikvm(1066): WAIT_FOR_CONCURRENT_GC blocked 16ms
11-10 13:23:24.157 D/dalvikvm(1066): GC_FOR_ALLOC freed 745K, 20% free 17595K/21916K, paused 21ms, total 22ms
11-10 13:23:24.157 I/dalvikvm-heap(1066): Grow heap (frag case) to 18.533MB for 1382416-byte allocation
11-10 13:23:24.197 D/dalvikvm(1066): GC_FOR_ALLOC freed 1K, 19% free 18944K/23268K, paused 21ms, total 21ms
11-10 13:23:24.227 D/dalvikvm(1066): GC_FOR_ALLOC freed 6K, 19% free 18967K/23268K, paused 23ms, total 23ms
11-10 13:23:24.227 I/dalvikvm-heap(1066): Grow heap (frag case) to 19.781MB for 1286224-byte allocation
11-10 13:23:24.257 D/dalvikvm(1066): GC_FOR_ALLOC freed 0K, 18% free 20223K/24528K, paused 28ms, total 28ms
11-10 13:23:24.297 D/dalvikvm(1066): GC_FOR_ALLOC freed <1K, 18% free 20224K/24528K, paused 36ms, total 36ms
11-10 13:23:24.297 I/dalvikvm-heap(1066): Grow heap (frag case) to 21.008MB for 1286224-byte allocation
11-10 13:23:24.357 D/dalvikvm(1066): GC_FOR_ALLOC freed 0K, 17% free 21480K/25788K, paused 34ms, total 48ms
11-10 13:23:24.477 D/dalvikvm(1066): GC_FOR_ALLOC freed 4295K, 13% free 19171K/21916K, paused 36ms, total 36ms
11-10 13:23:24.537 D/dalvikvm(1066): GC_CONCURRENT freed 273K, 12% free 19465K/21916K, paused 2ms+8ms, total 59ms
11-10 13:23:24.537 D/dalvikvm(1066): WAIT_FOR_CONCURRENT_GC blocked 47ms
11-10 13:23:24.537 I/dalvikvm-heap(1066): Grow heap (frag case) to 21.112MB for 2172688-byte allocation
11-10 13:23:24.537 D/dalvikvm(1066): WAIT_FOR_CONCURRENT_GC blocked 52ms
11-10 13:23:24.547 I/dalvikvm-heap(1066): Grow heap (frag case) to 21.613MB for 525136-byte allocation
11-10 13:23:24.587 D/dalvikvm(1066): GC_FOR_ALLOC freed 243K, 11% free 21856K/24556K, paused 36ms, total 36ms
11-10 13:23:24.627 D/dalvikvm(1066): GC_CONCURRENT freed 148K, 10% free 22292K/24556K, paused 3ms+4ms, total 44ms
11-10 13:23:24.627 D/dalvikvm(1066): WAIT_FOR_CONCURRENT_GC blocked 28ms
11-10 13:23:24.627 I/dalvikvm-heap(1066): Grow heap (frag case) to 21.885MB for 89320-byte allocation
11-10 13:23:24.647 D/dalvikvm(1066): GC_FOR_ALLOC freed 1061K, 14% free 21317K/24644K, paused 24ms, total 24ms
11-10 13:23:24.647 D/dalvikvm(1066): WAIT_FOR_CONCURRENT_GC blocked 26ms
11-10 13:23:24.647 D/dalvikvm(1066): WAIT_FOR_CONCURRENT_GC blocked 45ms
11-10 13:23:24.657 I/dalvikvm-heap(1066): Grow heap (frag case) to 22.056MB for 1122676-byte allocation
11-10 13:23:24.687 D/dalvikvm(1066): GC_FOR_ALLOC freed 1K, 13% free 22552K/25744K, paused 22ms, total 22ms
11-10 13:23:24.817 D/dalvikvm(1066): GC_FOR_ALLOC freed 2462K, 21% free 20392K/25744K, paused 25ms, total 26ms
11-10 13:23:24.887 D/dalvikvm(1066): GC_FOR_ALLOC freed 18K, 15% free 22063K/25744K, paused 24ms, total 24ms
11-10 13:23:24.937 D/dalvikvm(1066): GC_FOR_ALLOC freed 2493K, 20% free 20710K/25744K, paused 22ms, total 22ms
11-10 13:23:25.017 D/dalvikvm(1066): GC_CONCURRENT freed 1698K, 19% free 21050K/25744K, paused 1ms+4ms, total 27ms
11-10 13:23:25.017 D/dalvikvm(1066): WAIT_FOR_CONCURRENT_GC blocked 26ms
11-10 13:23:25.017 D/dalvikvm(1066): WAIT_FOR_CONCURRENT_GC blocked 20ms
11-10 13:23:25.067 D/dalvikvm(1066): GC_FOR_ALLOC freed 978K, 18% free 21157K/25744K, paused 25ms, total 25ms
11-10 13:23:25.177 D/dalvikvm(1066): GC_CONCURRENT freed 2637K, 21% free 20464K/25744K, paused 1ms+5ms, total 32ms
11-10 13:23:26.887 V/audio_hw_primary(108): do_out_standby+
11-10 13:23:26.887 D/audio_hw_primary(108): do_out_standby++
11-10 13:23:26.887 V/audio_hw_primary(108): do_out_standby-
11-10 13:23:27.367 I/ActivityManager(753): START u0 {act=android.intent.action.MAIN cat=[android.intent.category.LAUNCHER] flg=0x10200000 cmp=com.android.vending/.AssetBrowserActivity} from pid 1066
11-10 13:23:27.377 D/audio_hw_primary(108): outpcm open: card=0, device=0, rate=44100
11-10 13:23:27.447 D/dalvikvm(753): GC_FOR_ALLOC freed 927K, 17% free 12737K/15304K, paused 59ms, total 59ms
11-10 13:23:27.457 I/WindowManager(753): Screenshot Window{424df900 u0 com.cyanogenmod.trebuchet/com.cyanogenmod.trebuchet.Launcher} was all black! mSurfaceLayer=21010 minLayer=21005 maxLayer=21010
11-10 13:23:27.497 D/Finsky  (2715): [1] DetailsDataBasedFragment.rebindViews: Page [class=DetailsFragment] loaded in [401965 ms] (hasDetailsDataLoaded? false)
11-10 13:23:27.537 D/Finsky  (2715): [1] SelfUpdateScheduler.checkForSelfUpdate: Skipping DFE self-update. Local Version [80300031] >= Server Version [-1]
11-10 13:23:27.617 D/dalvikvm(2715): GC_CONCURRENT freed 2002K, 12% free 21312K/24216K, paused 4ms+12ms, total 121ms
11-10 13:23:27.667 D/Finsky  (2715): [1] DetailsDataBasedFragment.rebindViews: Page [class=DetailsFragment] loaded in [402138 ms] (hasDetailsDataLoaded? true)
11-10 13:23:29.647 E/dalvikvm(2715): Could not find class 'android.transition.Transition', referenced from method android.support.v4.app.FragmentTransitionCompat21.addTargets
11-10 13:23:29.647 W/dalvikvm(2715): VFY: unable to resolve check-cast 1014 (Landroid/transition/Transition;) in Landroid/support/v4/app/FragmentTransitionCompat21;
11-10 13:23:29.647 D/dalvikvm(2715): VFY: replacing opcode 0x1f at 0x0001
11-10 13:23:29.647 E/dalvikvm(2715): Could not find class 'android.transition.Transition', referenced from method android.support.v4.app.FragmentTransitionCompat21.addTransitionTargets
11-10 13:23:29.647 W/dalvikvm(2715): VFY: unable to resolve check-cast 1014 (Landroid/transition/Transition;) in Landroid/support/v4/app/FragmentTransitionCompat21;
11-10 13:23:29.647 D/dalvikvm(2715): VFY: replacing opcode 0x1f at 0x0005
11-10 13:23:29.647 E/dalvikvm(2715): Could not find class 'android.transition.Transition', referenced from method android.support.v4.app.FragmentTransitionCompat21.beginDelayedTransition
11-10 13:23:29.647 W/dalvikvm(2715): VFY: unable to resolve check-cast 1014 (Landroid/transition/Transition;) in Landroid/support/v4/app/FragmentTransitionCompat21;
11-10 13:23:29.647 D/dalvikvm(2715): VFY: replacing opcode 0x1f at 0x0001
11-10 13:23:29.647 E/dalvikvm(2715): Could not find class 'android.transition.Transition', referenced from method android.support.v4.app.FragmentTransitionCompat21.captureExitingViews
11-10 13:23:29.647 W/dalvikvm(2715): VFY: unable to resolve check-cast 1014 (Landroid/transition/Transition;) in Landroid/support/v4/app/FragmentTransitionCompat21;
11-10 13:23:29.647 D/dalvikvm(2715): VFY: replacing opcode 0x1f at 0x0017
11-10 13:23:29.647 I/dalvikvm(2715): Could not find method android.view.ViewGroup.isTransitionGroup, referenced from method android.support.v4.app.FragmentTransitionCompat21.captureTransitioningViews
11-10 13:23:29.647 W/dalvikvm(2715): VFY: unable to resolve virtual method 8239: Landroid/view/ViewGroup;.isTransitionGroup ()Z
11-10 13:23:29.647 D/dalvikvm(2715): VFY: replacing opcode 0x6e at 0x000d
11-10 13:23:29.647 E/dalvikvm(2715): Could not find class 'android.transition.Transition', referenced from method android.support.v4.app.FragmentTransitionCompat21.cleanupTransitions
11-10 13:23:29.647 W/dalvikvm(2715): VFY: unable to resolve check-cast 1014 (Landroid/transition/Transition;) in Landroid/support/v4/app/FragmentTransitionCompat21;
11-10 13:23:29.647 D/dalvikvm(2715): VFY: replacing opcode 0x1f at 0x0001
11-10 13:23:29.647 E/dalvikvm(2715): Could not find class 'android.transition.Transition', referenced from method android.support.v4.app.FragmentTransitionCompat21.cloneTransition
11-10 13:23:29.647 W/dalvikvm(2715): VFY: unable to resolve check-cast 1014 (Landroid/transition/Transition;) in Landroid/support/v4/app/FragmentTransitionCompat21;
11-10 13:23:29.647 D/dalvikvm(2715): VFY: replacing opcode 0x1f at 0x0002
11-10 13:23:29.647 E/dalvikvm(2715): Could not find class 'android.transition.Transition', referenced from method android.support.v4.app.FragmentTransitionCompat21.excludeTarget
11-10 13:23:29.647 W/dalvikvm(2715): VFY: unable to resolve check-cast 1014 (Landroid/transition/Transition;) in Landroid/support/v4/app/FragmentTransitionCompat21;
11-10 13:23:29.647 D/dalvikvm(2715): VFY: replacing opcode 0x1f at 0x0001
11-10 13:23:29.647 I/dalvikvm(2715): Could not find method android.view.View.getTransitionName, referenced from method android.support.v4.app.FragmentTransitionCompat21.findNamedViews
11-10 13:23:29.647 W/dalvikvm(2715): VFY: unable to resolve virtual method 8073: Landroid/view/View;.getTransitionName ()Ljava/lang/String;
11-10 13:23:29.647 D/dalvikvm(2715): VFY: replacing opcode 0x6e at 0x0006
11-10 13:23:29.647 I/dalvikvm(2715): Could not find method android.view.View.getTransitionName, referenced from method android.support.v4.app.FragmentTransitionCompat21.getTransitionName
11-10 13:23:29.647 W/dalvikvm(2715): VFY: unable to resolve virtual method 8073: Landroid/view/View;.getTransitionName ()Ljava/lang/String;
11-10 13:23:29.647 D/dalvikvm(2715): VFY: replacing opcode 0x6e at 0x0000
11-10 13:23:29.647 E/dalvikvm(2715): Could not find class 'android.transition.Transition', referenced from method android.support.v4.app.FragmentTransitionCompat21.mergeTransitions
11-10 13:23:29.647 W/dalvikvm(2715): VFY: unable to resolve check-cast 1014 (Landroid/transition/Transition;) in Landroid/support/v4/app/FragmentTransitionCompat21;
11-10 13:23:29.647 D/dalvikvm(2715): VFY: replacing opcode 0x1f at 0x0002
11-10 13:23:29.647 E/dalvikvm(2715): Could not find class 'android.transition.Transition', referenced from method android.support.v4.app.FragmentTransitionCompat21.removeTargets
11-10 13:23:29.647 W/dalvikvm(2715): VFY: unable to resolve check-cast 1014 (Landroid/transition/Transition;) in Landroid/support/v4/app/FragmentTransitionCompat21;
11-10 13:23:29.647 D/dalvikvm(2715): VFY: replacing opcode 0x1f at 0x0001
11-10 13:23:29.647 E/dalvikvm(2715): Could not find class 'android.transition.Transition', referenced from method android.support.v4.app.FragmentTransitionCompat21.setEpicenter
11-10 13:23:29.647 W/dalvikvm(2715): VFY: unable to resolve check-cast 1014 (Landroid/transition/Transition;) in Landroid/support/v4/app/FragmentTransitionCompat21;
11-10 13:23:29.647 D/dalvikvm(2715): VFY: replacing opcode 0x1f at 0x0001
11-10 13:23:29.647 W/dalvikvm(2715): VFY: unable to find class referenced in signature (Landroid/transition/Transition;)
11-10 13:23:29.647 W/dalvikvm(2715): Unable to resolve superclass of Landroid/support/v4/app/FragmentTransitionCompat21$3; (1012)
11-10 13:23:29.647 W/dalvikvm(2715): Link of class 'Landroid/support/v4/app/FragmentTransitionCompat21$3;' failed
11-10 13:23:29.647 E/dalvikvm(2715): Could not find class 'android.support.v4.app.FragmentTransitionCompat21$3', referenced from method android.support.v4.app.FragmentTransitionCompat21.setSharedElementEpicenter
11-10 13:23:29.647 W/dalvikvm(2715): VFY: unable to resolve new-instance 284 (Landroid/support/v4/app/FragmentTransitionCompat21$3;) in Landroid/support/v4/app/FragmentTransitionCompat21;
11-10 13:23:29.647 D/dalvikvm(2715): VFY: replacing opcode 0x22 at 0x0002
11-10 13:23:29.647 D/dalvikvm(2715): DexOpt: unable to opt direct call 0x1e4f at 0x13 in Landroid/support/v4/app/FragmentTransitionCompat21;.mergeTransitions
11-10 13:23:29.647 D/dalvikvm(2715): DexOpt: unable to opt direct call 0x1e4f at 0x2e in Landroid/support/v4/app/FragmentTransitionCompat21;.mergeTransitions
11-10 13:23:29.647 D/dalvikvm(2715): DexOpt: unable to opt direct call 0x1e4f at 0x42 in Landroid/support/v4/app/FragmentTransitionCompat21;.mergeTransitions
11-10 13:23:29.647 W/dalvikvm(2715): Unable to resolve superclass of Landroid/support/v4/app/FragmentTransitionCompat21$1; (1012)
11-10 13:23:29.647 W/dalvikvm(2715): Link of class 'Landroid/support/v4/app/FragmentTransitionCompat21$1;' failed
11-10 13:23:29.647 D/dalvikvm(2715): DexOpt: unable to opt direct call 0x0619 at 0x09 in Landroid/support/v4/app/FragmentTransitionCompat21;.setEpicenter
11-10 13:23:29.647 W/dalvikvm(2715): Unable to resolve superclass of Landroid/support/v4/app/FragmentTransitionCompat21$3; (1012)
11-10 13:23:29.647 W/dalvikvm(2715): Link of class 'Landroid/support/v4/app/FragmentTransitionCompat21$3;' failed
11-10 13:23:29.647 D/dalvikvm(2715): DexOpt: unable to opt direct call 0x061d at 0x04 in Landroid/support/v4/app/FragmentTransitionCompat21;.setSharedElementEpicenter
11-10 13:23:29.827 D/dalvikvm(2715): JIT code cache reset in 4 ms (1048560 bytes 1/0)
11-10 13:23:29.827 D/dalvikvm(2715): GC_CONCURRENT freed 1765K, 11% free 21593K/24216K, paused 3ms+14ms, total 77ms
11-10 13:23:29.837 D/dalvikvm(2715): WAIT_FOR_CONCURRENT_GC blocked 26ms
11-10 13:23:30.527 I/ActivityManager(753): START u0 {act=android.intent.action.MAIN cat=[android.intent.category.HOME] flg=0x10200000 cmp=com.cyanogenmod.trebuchet/.Launcher} from pid 753
11-10 13:23:30.617 D/dalvikvm(753): GC_FOR_ALLOC freed 472K, 17% free 12716K/15304K, paused 69ms, total 70ms
11-10 13:23:32.317 I/dalvikvm(1066): Jit: resizing JitTable from 4096 to 8192
11-10 13:23:33.377 I/ActivityManager(753): START u0 {act=android.intent.action.MAIN cat=[android.intent.category.LAUNCHER] flg=0x10200000 cmp=com.android.settings/.Settings bnds=[373,431][469,527]} from pid 1066
11-10 13:23:33.447 D/dalvikvm(753): GC_FOR_ALLOC freed 442K, 17% free 12738K/15304K, paused 58ms, total 58ms
11-10 13:23:33.467 I/ActivityManager(753): Start proc com.android.settings for activity com.android.settings/.Settings: pid=3874 uid=1000 gids={41000, 1015, 1028, 3002, 3001, 3003, 3007}
11-10 13:23:33.887 D/BluetoothManagerService(753): Message: 20
11-10 13:23:33.887 D/BluetoothManagerService(753): Added callback: android.bluetooth.IBluetoothManagerCallback$Stub$Proxy@425cd980:true
11-10 13:23:33.887 D/BluetoothAdapter(3874): 1107837664: getState() :  mService = null. Returning STATE_OFF
11-10 13:23:33.887 D/BluetoothManagerService(753): Message: 30
11-10 13:23:33.907 W/ContextImpl(3874): Calling a method in the system process without a qualified user: android.app.ContextImpl.bindService:1452 android.content.ContextWrapper.bindService:496 android.bluetooth.BluetoothInputDevice.<init>:240 android.bluetooth.BluetoothAdapter.getProfileProxy:1168 com.android.settings.bluetooth.LocalBluetoothAdapter.getProfileProxy:94 
11-10 13:23:33.917 D/BluetoothManagerService(753): Message: 30
11-10 13:23:33.917 D/BluetoothPan(3874): BluetoothPan() call bindService
11-10 13:23:33.917 D/BluetoothPan(3874): BluetoothPan(), bindService called
11-10 13:23:33.917 D/BluetoothManagerService(753): Message: 30
11-10 13:23:33.917 W/ContextImpl(3874): Calling a method in the system process without a qualified user: android.app.ContextImpl.bindService:1452 android.content.ContextWrapper.bindService:496 android.bluetooth.BluetoothPan.<init>:141 android.bluetooth.BluetoothAdapter.getProfileProxy:1171 com.android.settings.bluetooth.PanProfile.<init>:73 
11-10 13:23:33.927 D/LocalBluetoothProfileManager(3874): LocalBluetoothProfileManager construction complete
11-10 13:23:33.927 W/ContextImpl(3874): Calling a method in the system process without a qualified user: android.app.ContextImpl.bindService:1452 android.content.ContextWrapper.bindService:496 android.bluetooth.BluetoothPbap.<init>:161 com.android.settings.bluetooth.PbapServerProfile.<init>:68 com.android.settings.bluetooth.LocalBluetoothProfileManager.<init>:124 
11-10 13:23:33.947 D/dalvikvm(3874): GC_CONCURRENT freed 172K, 5% free 4516K/4728K, paused 3ms+2ms, total 22ms
11-10 13:23:33.957 D/BluetoothAdapter(3874): 1107837664: getState() :  mService = null. Returning STATE_OFF
11-10 13:23:33.957 D/BluetoothAdapter(3874): 1107837664: getState() :  mService = null. Returning STATE_OFF
11-10 13:23:34.017 D/libEGL  (3874): loaded /system/lib/egl/libEGL_tegra.so
11-10 13:23:34.027 D/libEGL  (3874): loaded /system/lib/egl/libGLESv1_CM_tegra.so
11-10 13:23:34.047 D/libEGL  (3874): loaded /system/lib/egl/libGLESv2_tegra.so
11-10 13:23:34.057 D/OpenGLRenderer(3874): Enabling debug mode 0
11-10 13:23:34.067 D/WifiService(753): setWifiEnabled: true pid=3874, uid=1000
11-10 13:23:34.077 D/BluetoothAdapter(3874): 1107837664: getState() :  mService = null. Returning STATE_OFF
11-10 13:23:34.167 D/dalvikvm(3874): GC_CONCURRENT freed 160K, 4% free 4834K/5032K, paused 1ms+2ms, total 20ms
11-10 13:23:34.327 I/ActivityManager(753): Displayed com.android.settings/.Settings: +874ms
11-10 13:23:34.397 D/dalvikvm(3874): GC_CONCURRENT freed 141K, 4% free 5129K/5308K, paused 2ms+4ms, total 31ms
11-10 13:23:34.887 W/Sidekick_GmmLocationProviderImpl(2500): Unable to bind to GMM NLP
11-10 13:23:34.887 W/ActivityManager(753): Unable to start service Intent { act=com.google.android.location.internal.GMM_NLP (has extras) } U=0: not found
11-10 13:23:35.097 D/EthernetService(753): interfaceLinkStateChanged for wlan0, up = true
11-10 13:23:36.047 D/dalvikvm(3874): GC_CONCURRENT freed 430K, 9% free 5100K/5568K, paused 2ms+3ms, total 24ms
11-10 13:23:36.097 W/ContextImpl(3874): Calling a method in the system process without a qualified user: android.app.ContextImpl.bindService:1452 android.content.ContextWrapper.bindService:496 com.android.settings.applications.ManageApplications.onCreate:861 android.app.Fragment.performCreate:1673 android.app.FragmentManagerImpl.moveToState:854 
11-10 13:23:36.367 D/dalvikvm(3874): GC_CONCURRENT freed 250K, 6% free 5244K/5568K, paused 2ms+3ms, total 23ms
11-10 13:23:36.627 D/dalvikvm(3874): GC_CONCURRENT freed 338K, 7% free 5333K/5708K, paused 3ms+4ms, total 25ms
11-10 13:23:36.747 V/RenderScript(3874): 0x5f5b01d0 Launching thread(s), CPUs 2
11-10 13:23:37.317 D/dalvikvm(3874): GC_FOR_ALLOC freed 194K, 8% free 5433K/5864K, paused 17ms, total 18ms
11-10 13:23:37.777 D/dalvikvm(3874): GC_FOR_ALLOC freed 52K, 8% free 5556K/5976K, paused 22ms, total 22ms
11-10 13:23:38.037 D/dalvikvm(3874): GC_FOR_ALLOC freed 59K, 8% free 5648K/6096K, paused 18ms, total 18ms
11-10 13:23:38.217 D/dalvikvm(3874): GC_FOR_ALLOC freed 20K, 7% free 5762K/6184K, paused 22ms, total 22ms
11-10 13:23:38.217 I/dalvikvm-heap(3874): Grow heap (frag case) to 6.661MB for 1048592-byte allocation
11-10 13:23:38.237 D/dalvikvm(3874): GC_FOR_ALLOC freed <1K, 6% free 6785K/7212K, paused 18ms, total 18ms
11-10 13:23:38.257 D/dalvikvm(3874): GC_CONCURRENT freed 3K, 6% free 6781K/7212K, paused 9ms+3ms, total 27ms
11-10 13:23:38.437 D/dalvikvm(3874): GC_FOR_ALLOC freed 58K, 5% free 7083K/7452K, paused 17ms, total 17ms
11-10 13:23:38.437 I/dalvikvm-heap(3874): Grow heap (frag case) to 9.201MB for 2359312-byte allocation
11-10 13:23:38.457 D/dalvikvm(3874): GC_FOR_ALLOC freed <1K, 4% free 9386K/9760K, paused 17ms, total 17ms
11-10 13:23:38.487 D/dalvikvm(3874): GC_CONCURRENT freed 13K, 4% free 9372K/9760K, paused 5ms+6ms, total 26ms
11-10 13:23:39.117 V/audio_hw_primary(108): do_out_standby+
11-10 13:23:39.117 D/audio_hw_primary(108): do_out_standby++
11-10 13:23:39.117 V/audio_hw_primary(108): do_out_standby-
11-10 13:23:39.117 D/audio_hw_primary(108): outpcm open: card=0, device=0, rate=44100
11-10 13:23:39.247 W/ResourceType(3874): getEntry failing because entryIndex 129 is beyond type entryCount 3
11-10 13:23:39.477 D/android.widget.GridLayout(3874): vertical constraints: y1-y0>=26, y2-y1>=259, y2-y0<=48 are inconsistent; permanently removing: y2-y0<=48. 
11-10 13:23:41.957 I/GCoreUlr(1035): Successfully inserted location
11-10 13:23:41.957 I/GCoreUlr(1035): Not calling LocationReportingService, hasMoved: false, elapsed millis: 1570575, request: Tablet
11-10 13:23:42.017 D/dalvikvm(3504): GC_CONCURRENT freed 354K, 9% free 4298K/4692K, paused 7ms+1ms, total 23ms
11-10 13:23:42.177 V/audio_hw_primary(108): do_out_standby+
11-10 13:23:42.177 D/audio_hw_primary(108): do_out_standby++
11-10 13:23:42.177 V/audio_hw_primary(108): do_out_standby-
11-10 13:23:44.847 D/dalvikvm(3504): GC_CONCURRENT freed 392K, 10% free 4293K/4724K, paused 1ms+1ms, total 16ms
11-10 13:24:34.907 W/Sidekick_GmmLocationProviderImpl(2500): Unable to bind to GMM NLP
11-10 13:24:34.907 W/ActivityManager(753): Unable to start service Intent { act=com.google.android.location.internal.GMM_NLP (has extras) } U=0: not found
11-10 13:24:42.597 D/EthernetService(753): interfaceLinkStateChanged for wlan0, up = true
11-10 13:24:42.677 D/dalvikvm(1035): GC_CONCURRENT freed 590K, 12% free 6393K/7232K, paused 25ms+4ms, total 61ms
11-10 13:24:42.767 I/GCoreUlr(1035): Successfully inserted location
11-10 13:24:42.767 I/GCoreUlr(1035): Not calling LocationReportingService, hasMoved: false, elapsed millis: 1631383, request: Tablet
11-10 13:24:50.637 D/audio_hw_primary(108): outpcm open: card=0, device=0, rate=44100
11-10 13:24:50.907 D/dalvikvm(753): JIT code cache reset in 7 ms (1048496 bytes 1/0)
11-10 13:24:50.917 D/dalvikvm(753): GC_CONCURRENT freed 1971K, 18% free 12686K/15304K, paused 2ms+13ms, total 91ms
11-10 13:24:52.317 D/dalvikvm(3504): GC_CONCURRENT freed 399K, 10% free 4294K/4732K, paused 3ms+3ms, total 23ms
11-10 13:24:53.677 V/audio_hw_primary(108): do_out_standby+
11-10 13:24:53.677 D/audio_hw_primary(108): do_out_standby++
11-10 13:24:53.677 V/audio_hw_primary(108): do_out_standby-
11-10 13:24:56.947 D/audio_hw_primary(108): outpcm open: card=0, device=0, rate=44100
11-10 13:24:57.097 D/dalvikvm(3874): GC_CONCURRENT freed 1013K, 10% free 9998K/11048K, paused 4ms+5ms, total 39ms
11-10 13:24:57.127 D/android.widget.GridLayout(3874): vertical constraints: y1-y0>=26, y2-y1>=259, y2-y0<=48 are inconsistent; permanently removing: y2-y0<=48. 
11-10 13:24:57.287 D/dalvikvm(3504): GC_CONCURRENT freed 392K, 10% free 4294K/4732K, paused 2ms+2ms, total 19ms
11-10 13:24:57.737 D/dalvikvm(3504): GC_CONCURRENT freed 401K, 10% free 4294K/4732K, paused 2ms+2ms, total 17ms
11-10 13:24:59.977 V/audio_hw_primary(108): do_out_standby+
11-10 13:24:59.977 D/audio_hw_primary(108): do_out_standby++
11-10 13:24:59.977 V/audio_hw_primary(108): do_out_standby-
11-10 13:25:00.087 D/dalvikvm(753): GC_CONCURRENT freed 2026K, 18% free 12604K/15304K, paused 3ms+4ms, total 101ms
11-10 13:25:18.857 D/dalvikvm(1035): GC_CONCURRENT freed 764K, 13% free 6359K/7232K, paused 28ms+17ms, total 78ms
11-10 13:25:18.857 D/dalvikvm(1035): WAIT_FOR_CONCURRENT_GC blocked 35ms
11-10 13:25:18.857 D/dalvikvm(1035): WAIT_FOR_CONCURRENT_GC blocked 37ms
11-10 13:25:20.807 D/audio_hw_primary(108): outpcm open: card=0, device=0, rate=44100
11-10 13:25:21.187 D/dalvikvm(3504): GC_CONCURRENT freed 395K, 10% free 4294K/4732K, paused 1ms+1ms, total 15ms
11-10 13:25:23.867 V/audio_hw_primary(108): do_out_standby+
11-10 13:25:23.867 D/audio_hw_primary(108): do_out_standby++
11-10 13:25:23.867 V/audio_hw_primary(108): do_out_standby-
11-10 13:25:24.537 D/audio_hw_primary(108): outpcm open: card=0, device=0, rate=44100
11-10 13:25:24.637 D/dalvikvm(3504): GC_CONCURRENT freed 386K, 10% free 4294K/4732K, paused 3ms+1ms, total 16ms
11-10 13:25:24.717 D/android.widget.GridLayout(3874): vertical constraints: y1-y0>=26, y2-y1>=259, y2-y0<=48 are inconsistent; permanently removing: y2-y0<=48. 
11-10 13:25:25.037 D/dalvikvm(3504): GC_CONCURRENT freed 389K, 10% free 4294K/4732K, paused 3ms+1ms, total 17ms
11-10 13:25:25.217 D/dalvikvm(753): GC_CONCURRENT freed 1991K, 18% free 12612K/15304K, paused 3ms+5ms, total 76ms
11-10 13:25:25.937 I/dalvikvm(3874): Jit: resizing JitTable from 4096 to 8192
11-10 13:25:27.597 V/audio_hw_primary(108): do_out_standby+
11-10 13:25:27.597 D/audio_hw_primary(108): do_out_standby++
11-10 13:25:27.597 V/audio_hw_primary(108): do_out_standby-
11-10 13:25:34.997 W/Sidekick_GmmLocationProviderImpl(2500): Unable to bind to GMM NLP
11-10 13:25:34.997 W/ActivityManager(753): Unable to start service Intent { act=com.google.android.location.internal.GMM_NLP (has extras) } U=0: not found
11-10 13:25:42.627 D/EthernetService(753): interfaceLinkStateChanged for wlan0, up = true
11-10 13:25:42.737 I/GCoreUlr(1035): Successfully inserted location
11-10 13:25:42.747 I/GCoreUlr(1035): Not calling LocationReportingService, hasMoved: false, elapsed millis: 1691358, request: Tablet
11-10 13:25:55.287 D/audio_hw_primary(108): outpcm open: card=0, device=0, rate=44100
11-10 13:25:55.507 D/dalvikvm(3504): GC_CONCURRENT freed 394K, 10% free 4294K/4728K, paused 1ms+1ms, total 18ms
11-10 13:25:55.847 D/dalvikvm(3504): GC_CONCURRENT freed 388K, 10% free 4294K/4728K, paused 2ms+1ms, total 16ms
11-10 13:25:58.317 V/audio_hw_primary(108): do_out_standby+
11-10 13:25:58.317 D/audio_hw_primary(108): do_out_standby++
11-10 13:25:58.317 V/audio_hw_primary(108): do_out_standby-
11-10 13:26:08.757 D/audio_hw_primary(108): outpcm open: card=0, device=0, rate=44100
11-10 13:26:08.907 D/android.widget.GridLayout(3874): vertical constraints: y1-y0>=26, y2-y1>=259, y2-y0<=48 are inconsistent; permanently removing: y2-y0<=48. 
11-10 13:26:09.157 D/dalvikvm(3504): GC_CONCURRENT freed 387K, 10% free 4294K/4720K, paused 1ms+1ms, total 14ms
11-10 13:26:09.357 D/dalvikvm(753): GC_CONCURRENT freed 1975K, 18% free 12619K/15304K, paused 3ms+5ms, total 75ms
11-10 13:26:11.787 V/audio_hw_primary(108): do_out_standby+
11-10 13:26:11.787 D/audio_hw_primary(108): do_out_standby++
11-10 13:26:11.787 V/audio_hw_primary(108): do_out_standby-
11-10 13:26:14.417 V/        (753): virtual int MPLSensor::enable(int32_t, int)
11-10 13:26:14.417 V/        (753): handle : 4 en: 1
11-10 13:26:14.417 E/        (753): handle : 4 en: 1
11-10 13:26:14.417 V/        (753): sensor state change what=4
11-10 13:26:14.417 V/        (753): void set_power_states(int, bool)
11-10 13:26:14.417 V/        (753):  enabled_sensors: 16 dmp_started: 0
11-10 13:26:14.417 V/        (753): Starting DMP
11-10 13:26:14.417 I/MPL-mldl_cfg_mpu:(753): inv_mpu_resume: Resuming to 0070
11-10 13:26:14.417 V/        (753): virtual int MPLSensor::setDelay(int32_t, int64_t)
11-10 13:26:14.417 E/        (753):  setDelay handle: 4 rate 200
11-10 13:26:14.417 V/        (753): virtual int MPLSensor::update_delay()
11-10 13:26:14.417 V/        (753): set fifo rate: 39 200000000
11-10 13:26:14.417 I/MPL-fifo(753): Actual ODR: 25000 mHz
11-10 13:26:14.417 V/        (753): virtual int MPLSensor::setDelay(int32_t, int64_t)
11-10 13:26:14.417 E/        (753):  setDelay handle: 4 rate 20
11-10 13:26:14.417 V/        (753): virtual int MPLSensor::update_delay()
11-10 13:26:14.417 V/        (753): set fifo rate: 3 20000000
11-10 13:26:14.417 I/MPL-fifo(753): Actual ODR: 50000 mHz
11-10 13:26:15.357 D/audio_hw_primary(108): outpcm open: card=0, device=0, rate=44100
11-10 13:26:15.497 D/dalvikvm(3504): GC_CONCURRENT freed 391K, 10% free 4294K/4724K, paused 3ms+2ms, total 26ms
11-10 13:26:15.867 D/dalvikvm(3504): GC_CONCURRENT freed 388K, 10% free 4295K/4724K, paused 2ms+1ms, total 16ms
11-10 13:26:17.817 V/        (753): virtual int MPLSensor::enable(int32_t, int)
11-10 13:26:17.817 V/        (753): handle : 4 en: 0
11-10 13:26:17.817 E/        (753): handle : 4 en: 0
11-10 13:26:17.817 V/        (753): sensor state change what=4
11-10 13:26:17.817 V/        (753): void set_power_states(int, bool)
11-10 13:26:17.817 V/        (753):  enabled_sensors: 0 dmp_started: 1
11-10 13:26:17.817 V/        (753): Stopping DMP
11-10 13:26:17.827 I/MPL-mldl_cfg_mpu:(753): inv_mpu_suspend: suspending sensors to 0000
11-10 13:26:17.827 I/MPL-mldl_cfg_mpu:(753): inv_mpu_suspend: Will resume next to 0070
11-10 13:26:17.827 V/        (753): virtual int MPLSensor::update_delay()
11-10 13:26:17.827 V/        (753): virtual int MPLSensor::setDelay(int32_t, int64_t)
11-10 13:26:17.827 E/        (753):  setDelay handle: 4 rate 20
11-10 13:26:17.827 V/        (753): virtual int MPLSensor::update_delay()
11-10 13:26:17.857 D/dalvikvm(1035): GC_FOR_ALLOC freed 478K, 12% free 6387K/7232K, paused 24ms, total 25ms
11-10 13:26:17.877 D/dalvikvm(1035): GC_FOR_ALLOC freed 135K, 13% free 6358K/7232K, paused 22ms, total 22ms
11-10 13:26:18.397 V/audio_hw_primary(108): do_out_standby+
11-10 13:26:18.397 D/audio_hw_primary(108): do_out_standby++
11-10 13:26:18.397 V/audio_hw_primary(108): do_out_standby-
11-10 13:26:20.427 D/audio_hw_primary(108): outpcm open: card=0, device=0, rate=44100
11-10 13:26:20.487 D/dalvikvm(3874): GC_CONCURRENT freed 1306K, 12% free 10582K/11908K, paused 1ms+7ms, total 46ms
11-10 13:26:20.587 D/android.widget.GridLayout(3874): vertical constraints: y1-y0>=26, y2-y1>=259, y2-y0<=48 are inconsistent; permanently removing: y2-y0<=48. 
11-10 13:26:20.707 D/dalvikvm(3504): GC_CONCURRENT freed 386K, 10% free 4294K/4724K, paused 2ms+1ms, total 16ms
11-10 13:26:21.007 D/dalvikvm(753): GC_CONCURRENT freed 1999K, 18% free 12616K/15304K, paused 2ms+5ms, total 77ms
11-10 13:26:21.097 D/dalvikvm(3504): GC_CONCURRENT freed 398K, 10% free 4294K/4732K, paused 1ms+1ms, total 17ms
11-10 13:26:22.787 I/wpa_supplicant(846): wlan0: CTRL-EVENT-EAP-STARTED EAP authentication started
11-10 13:26:22.837 I/wpa_supplicant(846): wlan0: CTRL-EVENT-EAP-PROPOSED-METHOD vendor=0 method=25
11-10 13:26:22.837 I/wpa_supplicant(846): wlan0: CTRL-EVENT-EAP-METHOD EAP vendor 0 method 25 (PEAP) selected
11-10 13:26:23.147 I/wpa_supplicant(846): wlan0: CTRL-EVENT-EAP-PEER-CERT depth=1 subject='/DC=local/DC=newslimited/DC=news/CN=News Issuing CA'
11-10 13:26:23.147 I/wpa_supplicant(846): wlan0: CTRL-EVENT-EAP-PEER-CERT depth=1 subject='/DC=local/DC=newslimited/DC=news/CN=News Issuing CA'
11-10 13:26:23.147 I/wpa_supplicant(846): wlan0: CTRL-EVENT-EAP-PEER-CERT depth=0 subject='/CN=NIOSHSRADIUS01V.news.newslimited.local'
11-10 13:26:23.417 I/wpa_supplicant(846): EAP-MSCHAPV2: Authentication succeeded
11-10 13:26:23.447 I/wpa_supplicant(846): EAP-TLV: TLV Result - Success - EAP-TLV/Phase2 Completed
11-10 13:26:23.457 V/audio_hw_primary(108): do_out_standby+
11-10 13:26:23.457 D/audio_hw_primary(108): do_out_standby++
11-10 13:26:23.457 V/audio_hw_primary(108): do_out_standby-
11-10 13:26:23.477 I/wpa_supplicant(846): wlan0: CTRL-EVENT-EAP-SUCCESS EAP authentication completed successfully
11-10 13:26:23.497 I/wpa_supplicant(846): wlan0: WPA: Key negotiation completed with c4:0a:cb:24:a3:41 [PTK=CCMP GTK=CCMP]
11-10 13:26:30.437 D/GCM     (1084): Message class com.google.e.a.a.h
11-10 13:26:30.977 D/ConnectivityService(753): handleInetConditionHoldEnd: net=1, condition=100, published condition=100
11-10 13:26:33.087 I/EventLogService(1052): Aggregate from 1415586393033 (log), 1415586393033 (data)
11-10 13:26:33.167 D/dalvikvm(1052): GC_CONCURRENT freed 440K, 9% free 5577K/6124K, paused 3ms+3ms, total 29ms
11-10 13:26:35.097 W/Sidekick_GmmLocationProviderImpl(2500): Unable to bind to GMM NLP
11-10 13:26:35.097 W/ActivityManager(753): Unable to start service Intent { act=com.google.android.location.internal.GMM_NLP (has extras) } U=0: not found
11-10 13:26:42.627 D/EthernetService(753): interfaceLinkStateChanged for wlan0, up = true
11-10 13:26:42.757 D/dalvikvm(870): GC_CONCURRENT freed 1553K, 10% free 15132K/16720K, paused 3ms+3ms, total 68ms
11-10 13:26:42.817 I/GCoreUlr(1035): Successfully inserted location
11-10 13:26:42.817 I/GCoreUlr(1035): Not calling LocationReportingService, hasMoved: false, elapsed millis: 1751434, request: Tablet
11-10 13:26:42.887 D/dalvikvm(1035): GC_CONCURRENT freed 597K, 12% free 6386K/7232K, paused 34ms+3ms, total 60ms
11-10 13:26:42.887 D/dalvikvm(1035): WAIT_FOR_CONCURRENT_GC blocked 21ms
11-10 13:26:56.097 I/ActivityManager(753): START u0 {act=android.intent.action.MAIN cat=[android.intent.category.HOME] flg=0x10200000 cmp=com.cyanogenmod.trebuchet/.Launcher} from pid 753
11-10 13:26:56.107 D/audio_hw_primary(108): outpcm open: card=0, device=0, rate=44100
11-10 13:26:59.177 V/audio_hw_primary(108): do_out_standby+
11-10 13:26:59.177 D/audio_hw_primary(108): do_out_standby++
11-10 13:26:59.177 V/audio_hw_primary(108): do_out_standby-
11-10 13:27:05.727 D/audio_hw_primary(108): outpcm open: card=0, device=0, rate=44100
11-10 13:27:05.727 I/ActivityManager(753): START u0 {act=android.intent.action.MAIN cat=[android.intent.category.LAUNCHER] flg=0x10200000 pkg=com.newscorp.couriermail cmp=com.newscorp.couriermail/com.newscorp.app.SplashScreenActivity bnds=[519,207][615,303]} from pid 1066
11-10 13:27:05.807 D/dalvikvm(753): GC_FOR_ALLOC freed 718K, 16% free 12885K/15304K, paused 61ms, total 62ms
11-10 13:27:06.047 D/dalvikvm(3352): GC_CONCURRENT freed 330K, 7% free 5027K/5396K, paused 3ms+4ms, total 31ms
11-10 13:27:06.057 W/nalizableReferenceQueue(3352): Could not load Finalizer in its own class loader. Loading Finalizer in the current class loader instead. As a result, you will not be able to garbage collect this class loader. To support reclaiming this class loader, either resolve the underlying issue, or move Google Collections to your system class path.
11-10 13:27:06.057 W/nalizableReferenceQueue(3352): java.io.FileNotFoundException: com/google/inject/internal/util/$Finalizer.class
11-10 13:27:06.057 W/nalizableReferenceQueue(3352): 	at com.google.inject.internal.util.$FinalizableReferenceQueue$DecoupledLoader.getBaseUrl(FinalizableReferenceQueue.java:269)
11-10 13:27:06.057 W/nalizableReferenceQueue(3352): 	at com.google.inject.internal.util.$FinalizableReferenceQueue$DecoupledLoader.loadFinalizer(FinalizableReferenceQueue.java:253)
11-10 13:27:06.057 W/nalizableReferenceQueue(3352): 	at com.google.inject.internal.util.$FinalizableReferenceQueue.loadFinalizer(FinalizableReferenceQueue.java:175)
11-10 13:27:06.057 W/nalizableReferenceQueue(3352): 	at com.google.inject.internal.util.$FinalizableReferenceQueue.<clinit>(FinalizableReferenceQueue.java:100)
11-10 13:27:06.057 W/nalizableReferenceQueue(3352): 	at com.google.inject.internal.util.$MapMaker$QueueHolder.<clinit>(MapMaker.java:787)
11-10 13:27:06.057 W/nalizableReferenceQueue(3352): 	at com.google.inject.internal.util.$MapMaker$WeakEntry.<init>(MapMaker.java:946)
11-10 13:27:06.057 W/nalizableReferenceQueue(3352): 	at com.google.inject.internal.util.$MapMaker$Strength$1.newEntry(MapMaker.java:312)
11-10 13:27:06.057 W/nalizableReferenceQueue(3352): 	at com.google.inject.internal.util.$MapMaker$StrategyImpl.newEntry(MapMaker.java:498)
11-10 13:27:06.057 W/nalizableReferenceQueue(3352): 	at com.google.inject.internal.util.$MapMaker$StrategyImpl.newEntry(MapMaker.java:419)
11-10 13:27:06.057 W/nalizableReferenceQueue(3352): 	at com.google.inject.internal.util.$CustomConcurrentHashMap$ComputingImpl.get(CustomConcurrentHashMap.java:2029)
11-10 13:27:06.057 W/nalizableReferenceQueue(3352): 	at com.google.inject.internal.Annotations$AnnotationChecker.hasAnnotations(Annotations.java:116)
11-10 13:27:06.057 W/nalizableReferenceQueue(3352): 	at com.google.inject.internal.Annotations.isBindingAnnotation(Annotations.java:180)
11-10 13:27:06.057 W/nalizableReferenceQueue(3352): 	at com.google.inject.Key.ensureIsBindingAnnotation(Key.java:366)
11-10 13:27:06.057 W/nalizableReferenceQueue(3352): 	at com.google.inject.Key.strategyFor(Key.java:338)
11-10 13:27:06.057 W/nalizableReferenceQueue(3352): 	at com.google.inject.Key.get(Key.java:272)
11-10 13:27:06.057 W/nalizableReferenceQueue(3352): 	at com.google.inject.internal.AbstractBindingBuilder.annotatedWithInternal(AbstractBindingBuilder.java:82)
11-10 13:27:06.057 W/nalizableReferenceQueue(3352): 	at com.google.inject.internal.ConstantBindingBuilderImpl.annotatedWith(ConstantBindingBuilderImpl.java:49)
11-10 13:27:06.057 W/nalizableReferenceQueue(3352): 	at roboguice.config.DefaultRoboModule.configure(DefaultRoboModule.java:120)
11-10 13:27:06.057 W/nalizableReferenceQueue(3352): 	at com.google.inject.AbstractModule.configure(AbstractModule.java:59)
11-10 13:27:06.057 W/nalizableReferenceQueue(3352): 	at com.google.inject.spi.Elements$RecordingBinder.install(Elements.java:223)
11-10 13:27:06.057 W/nalizableReferenceQueue(3352): 	at com.google.inject.spi.Elements.getElements(Elements.java:101)
11-10 13:27:06.057 W/nalizableReferenceQueue(3352): 	at com.google.inject.internal.InjectorShell$Builder.build(InjectorShell.java:133)
11-10 13:27:06.057 W/nalizableReferenceQueue(3352): 	at com.google.inject.internal.InternalInjectorCreator.build(InternalInjectorCreator.java:103)
11-10 13:27:06.057 W/nalizableReferenceQueue(3352): 	at com.google.inject.Guice.createInjector(Guice.java:95)
11-10 13:27:06.057 W/nalizableReferenceQueue(3352): 	at com.google.inject.Guice.createInjector(Guice.java:83)
11-10 13:27:06.057 W/nalizableReferenceQueue(3352): 	at roboguice.RoboGuice.setBaseApplicationInjector(RoboGuice.java:89)
11-10 13:27:06.057 W/nalizableReferenceQueue(3352): 	at roboguice.RoboGuice.setBaseApplicationInjector(RoboGuice.java:128)
11-10 13:27:06.057 W/nalizableReferenceQueue(3352): 	at roboguice.RoboGuice.getBaseApplicationInjector(RoboGuice.java:67)
11-10 13:27:06.057 W/nalizableReferenceQueue(3352): 	at roboguice.RoboGuice.getInjector(RoboGuice.java:138)
11-10 13:27:06.057 W/nalizableReferenceQueue(3352): 	at roboguice.activity.RoboActivity.onCreate(RoboActivity.java:85)
11-10 13:27:06.057 W/nalizableReferenceQueue(3352): 	at com.newscorp.app.SplashScreenActivity.onCreate(SplashScreenActivity.java:99)
11-10 13:27:06.057 W/nalizableReferenceQueue(3352): 	at android.app.Activity.performCreate(Activity.java:5216)
11-10 13:27:06.057 W/nalizableReferenceQueue(3352): 	at android.app.Instrumentation.callActivityOnCreate(Instrumentation.java:1087)
11-10 13:27:06.057 W/nalizableReferenceQueue(3352): 	at android.app.ActivityThread.performLaunchActivity(ActivityThread.java:2175)
11-10 13:27:06.057 W/nalizableReferenceQueue(3352): 	at android.app.ActivityThread.handleLaunchActivity(ActivityThread.java:2261)
11-10 13:27:06.057 W/nalizableReferenceQueue(3352): 	at android.app.ActivityThread.access$600(ActivityThread.java:141)
11-10 13:27:06.057 W/nalizableReferenceQueue(3352): 	at android.app.ActivityThread$H.handleMessage(ActivityThread.java:1256)
11-10 13:27:06.057 W/nalizableReferenceQueue(3352): 	at android.os.Handler.dispatchMessage(Handler.java:99)
11-10 13:27:06.057 W/nalizableReferenceQueue(3352): 	at android.os.Looper.loop(Looper.java:137)
11-10 13:27:06.057 W/nalizableReferenceQueue(3352): 	at android.app.ActivityThread.main(ActivityThread.java:5103)
11-10 13:27:06.057 W/nalizableReferenceQueue(3352): 	at java.lang.reflect.Method.invokeNative(Native Method)
11-10 13:27:06.057 W/nalizableReferenceQueue(3352): 	at java.lang.reflect.Method.invoke(Method.java:525)
11-10 13:27:06.057 W/nalizableReferenceQueue(3352): 	at com.android.internal.os.ZygoteInit$MethodAndArgsCaller.run(ZygoteInit.java:737)
11-10 13:27:06.057 W/nalizableReferenceQueue(3352): 	at com.android.internal.os.ZygoteInit.main(ZygoteInit.java:553)
11-10 13:27:06.057 W/nalizableReferenceQueue(3352): 	at dalvik.system.NativeStart.main(Native Method)
11-10 13:27:06.107 D/dalvikvm(3352): GC_CONCURRENT freed 527K, 11% free 4987K/5556K, paused 2ms+3ms, total 28ms
11-10 13:27:06.137 D/dalvikvm(3652): GC_CONCURRENT freed 5123K, 33% free 10755K/15912K, paused 2ms+9ms, total 56ms
11-10 13:27:06.177 D/dalvikvm(3352): GC_CONCURRENT freed 410K, 10% free 5039K/5556K, paused 3ms+2ms, total 27ms
11-10 13:27:06.247 D/dalvikvm(3352): GC_CONCURRENT freed 462K, 9% free 5085K/5588K, paused 1ms+2ms, total 20ms
11-10 13:27:06.247 D/dalvikvm(3352): WAIT_FOR_CONCURRENT_GC blocked 5ms
11-10 13:27:06.247 D//LnImpl.java:27(3352): main Configuring Logging, minimum log level is INFO
11-10 13:27:06.307 D/dalvikvm(3352): GC_CONCURRENT freed 435K, 9% free 5101K/5588K, paused 2ms+2ms, total 23ms
11-10 13:27:06.327 D/dalvikvm(3352): GC_FOR_ALLOC freed 23K, 9% free 5097K/5588K, paused 16ms, total 16ms
11-10 13:27:06.327 I/dalvikvm-heap(3352): Grow heap (frag case) to 5.288MB for 289808-byte allocation
11-10 13:27:06.347 D/dalvikvm(3352): GC_FOR_ALLOC freed 0K, 9% free 5380K/5872K, paused 19ms, total 19ms
11-10 13:27:06.467 D/dalvikvm(3352): GC_CONCURRENT freed 330K, 7% free 5555K/5928K, paused 1ms+3ms, total 19ms
11-10 13:27:06.467 D/dalvikvm(3352): WAIT_FOR_CONCURRENT_GC blocked 10ms
11-10 13:27:06.697 D/dalvikvm(3352): GC_FOR_ALLOC freed 217K, 9% free 5403K/5928K, paused 17ms, total 17ms
11-10 13:27:06.707 I/dalvikvm-heap(3352): Grow heap (frag case) to 11.561MB for 6553616-byte allocation
11-10 13:27:06.727 D/dalvikvm(3352): GC_FOR_ALLOC freed <1K, 5% free 11803K/12332K, paused 22ms, total 22ms
11-10 13:27:06.747 D/dalvikvm(3352): GC_CONCURRENT freed <1K, 5% free 11803K/12332K, paused 1ms+2ms, total 18ms
11-10 13:27:06.877 D/dalvikvm(3352): GC_FOR_ALLOC freed <1K, 5% free 11803K/12332K, paused 16ms, total 16ms
11-10 13:27:06.887 I/dalvikvm-heap(3352): Grow heap (frag case) to 13.124MB for 1638416-byte allocation
11-10 13:27:06.907 D/dalvikvm(3352): GC_FOR_ALLOC freed 0K, 4% free 13403K/13936K, paused 19ms, total 19ms
11-10 13:27:07.007 D/libEGL  (3352): loaded /system/lib/egl/libEGL_tegra.so
11-10 13:27:07.047 D/libEGL  (3352): loaded /system/lib/egl/libGLESv1_CM_tegra.so
11-10 13:27:07.067 D/libEGL  (3352): loaded /system/lib/egl/libGLESv2_tegra.so
11-10 13:27:07.067 D/ADBMobile(3352): ADBMobile Debug : Analytics - Attempting to send request parameters(80123797?AQB=1&ndh=1&pe=lnk_o&pev2=ADBINTERNAL%3ASessionInfo&pageName=Courier%20Mail%203.0.10.1%20%2819%29&t=00%2F00%2F0000%2000%3A00%3A00%200%20-630&ts=1415587568&c.&a.&PrevSessionLength=1&internalaction=SessionInfo&AppID=Courier%20Mail%203.0.10.1%20%2819%29&DeviceName=Transformer%20TF101&Resolution=1280x752&OSVersion=Android%204.3.1&.a&.c&aid=2A301090052C34F0-400000C0C01B6FAC&ce=UTF-8&AQE=1)
11-10 13:27:07.107 D/OpenGLRenderer(3352): Enabling debug mode 0
11-10 13:27:07.167 D/ADBMobile(3352): ADBMobile Debug : Analytics - Network status changed (reachable)
11-10 13:27:07.247 D/ADBMobile(3352): ADBMobile Debug : Analytics - Request Sent(http://newscorpau.sc.omtrdc.net/b/ss/newscorpau-app-cm-android-dev/0/JAVA-4.1.1-AN/s80123797?AQB=1&ndh=1&pe=lnk_o&pev2=ADBINTERNAL%3ASessionInfo&pageName=Courier%20Mail%203.0.10.1%20%2819%29&t=00%2F00%2F0000%2000%3A00%3A00%200%20-630&ts=1415587568&c.&a.&PrevSessionLength=1&internalaction=SessionInfo&AppID=Courier%20Mail%203.0.10.1%20%2819%29&DeviceName=Transformer%20TF101&Resolution=1280x752&OSVersion=Android%204.3.1&.a&.c&aid=2A301090052C34F0-400000C0C01B6FAC&ce=UTF-8&AQE=1)
11-10 13:27:07.267 D/Finsky  (2715): [219] InAppBillingUtils.pickAccount: com.newscorp.couriermail: Account determined from installer data - [0JIII8BK7XKz36u1zU6sMo8J0zA]
11-10 13:27:07.277 D/Finsky  (2715): [188] InAppBillingUtils.pickAccount: com.newscorp.couriermail: Account determined from installer data - [0JIII8BK7XKz36u1zU6sMo8J0zA]
11-10 13:27:07.277 I/ActivityManager(753): Displayed com.newscorp.couriermail/com.newscorp.app.SplashScreenActivity: +1s457ms
11-10 13:27:07.297 D/Finsky  (2715): [187] InAppBillingUtils.pickAccount: com.newscorp.couriermail: Account determined from installer data - [0JIII8BK7XKz36u1zU6sMo8J0zA]
11-10 13:27:07.307 D/Finsky  (2715): [219] InAppBillingUtils.pickAccount: com.newscorp.couriermail: Account determined from installer data - [0JIII8BK7XKz36u1zU6sMo8J0zA]
11-10 13:27:07.307 D/ADBMobile(3352): ADBMobile Debug : Analytics - Attempting to send request parameters(11907134?AQB=1&ndh=1&pe=lnk_o&pev2=ADBINTERNAL%3ALifecycle&pageName=Courier%20Mail%203.0.10.1%20%2819%29&t=00%2F00%2F0000%2000%3A00%3A00%200%20-630&ts=1415588226&c.&a.&LaunchEvent=LaunchEvent&DeviceName=Transformer%20TF101&Resolution=1280x752&OSVersion=Android%204.3.1&DaysSinceFirstUse=0&HourOfDay=13&TimeSinceLaunch=1&internalaction=Lifecycle&AppID=Courier%20Mail%203.0.10.1%20%2819%29&DaysSinceLastUse=0&Launches=3&DayOfWeek=2&.a&.c&aid=2A301090052C34F0-400000C0C01B6FAC&ce=UTF-8&AQE=1)
11-10 13:27:07.307 D/ADBMobile(3352): ADBMobile Debug : Audience Manager - Your config file is not set up to use Audience Manager(missing audience manager server information)
11-10 13:27:07.397 D/ADBMobile(3352): ADBMobile Debug : Analytics - Request Sent(http://newscorpau.sc.omtrdc.net/b/ss/newscorpau-app-cm-android-dev/0/JAVA-4.1.1-AN/s11907134?AQB=1&ndh=1&pe=lnk_o&pev2=ADBINTERNAL%3ALifecycle&pageName=Courier%20Mail%203.0.10.1%20%2819%29&t=00%2F00%2F0000%2000%3A00%3A00%200%20-630&ts=1415588226&c.&a.&LaunchEvent=LaunchEvent&DeviceName=Transformer%20TF101&Resolution=1280x752&OSVersion=Android%204.3.1&DaysSinceFirstUse=0&HourOfDay=13&TimeSinceLaunch=1&internalaction=Lifecycle&AppID=Courier%20Mail%203.0.10.1%20%2819%29&DaysSinceLastUse=0&Launches=3&DayOfWeek=2&.a&.c&aid=2A301090052C34F0-400000C0C01B6FAC&ce=UTF-8&AQE=1)
11-10 13:27:07.867 D/dalvikvm(3352): GC_CONCURRENT freed 7928K, 52% free 7402K/15368K, paused 2ms+4ms, total 28ms
11-10 13:27:08.757 V/audio_hw_primary(108): do_out_standby+
11-10 13:27:08.757 D/audio_hw_primary(108): do_out_standby++
11-10 13:27:08.757 V/audio_hw_primary(108): do_out_standby-
11-10 13:27:08.807 I/ActivityManager(753): START u0 {cmp=com.newscorp.couriermail/com.newscorp.app.EditionActivity (has extras)} from pid 3352
11-10 13:27:08.877 D/dalvikvm(753): GC_FOR_ALLOC freed 560K, 18% free 12627K/15304K, paused 56ms, total 56ms
11-10 13:27:08.937 D/dalvikvm(3352): GC_CONCURRENT freed 1126K, 53% free 7324K/15368K, paused 3ms+3ms, total 38ms
11-10 13:27:08.937 D/dalvikvm(3352): WAIT_FOR_CONCURRENT_GC blocked 9ms
11-10 13:27:09.037 D/dalvikvm(3352): GC_CONCURRENT freed 958K, 52% free 7388K/15368K, paused 2ms+4ms, total 27ms
11-10 13:27:09.037 D/dalvikvm(3352): WAIT_FOR_CONCURRENT_GC blocked 19ms
11-10 13:27:09.117 D/dalvikvm(3352): GC_CONCURRENT freed 865K, 51% free 7565K/15368K, paused 1ms+3ms, total 25ms
11-10 13:27:09.117 D/dalvikvm(3352): WAIT_FOR_CONCURRENT_GC blocked 16ms
11-10 13:27:09.177 D/com.newscorp.app.EditionActivity(3352): New edition containing 9
11-10 13:27:09.187 D/dalvikvm(3352): Trying to load lib /data/app-lib/com.newscorp.couriermail-1/librdpdf.so 0x4204bac8
11-10 13:27:09.297 F/libc    (3352): Fatal signal 4 (SIGILL) at 0x5fb56c72 (code=1), thread 3352 (orp.couriermail)
11-10 13:27:09.407 I/DEBUG   (104): *** *** *** *** *** *** *** *** *** *** *** *** *** *** *** ***
11-10 13:27:09.407 I/DEBUG   (104): Build fingerprint: 'asus/US_epad/TF101:4.0.3/IML74K/US_epad-9.2.1.27-20120615:user/release-keys'
11-10 13:27:09.407 I/DEBUG   (104): Revision: '0'
11-10 13:27:09.407 I/DEBUG   (104): pid: 3352, tid: 3352, name: orp.couriermail  >>> com.newscorp.couriermail <<<
11-10 13:27:09.407 I/DEBUG   (104): signal 4 (SIGILL), code 1 (ILL_ILLOPC), fault addr 5fb56c78
11-10 13:27:09.877 I/DEBUG   (104):     r0 00000000  r1 00000000  r2 00000001  r3 9fc08d2c
11-10 13:27:09.877 I/DEBUG   (104):     r4 00000144  r5 5f78ea10  r6 400b21f8  r7 5f847a00
11-10 13:27:09.887 I/DEBUG   (104):     r8 00000000  r9 befff51c  sl 00000004  fp 4001d670
11-10 13:27:09.887 I/DEBUG   (104):     ip 00000001  sp beffe518  lr 40046970  pc 5fb56c78  cpsr 28000030
11-10 13:27:09.887 I/DEBUG   (104):     d0  3ff0000000000000  d1  3fa999999999999a
11-10 13:27:09.887 I/DEBUG   (104):     d2  421000003f800000  d3  4278000042540000
