11-10 13:16:05.997 D/ADBMobile(2055): ADBMobile Debug : Analytics - Request Sent(http://newscorpau.sc.omtrdc.net/b/ss/newscorpau-app-cm-android-dev/0/JAVA-4.1.1-AN/s93537986?AQB=1&ndh=1&pe=lnk_o&pev2=ADBINTERNAL%3ASessionInfo&pageName=Courier%20Mail%203.0.10.1%20%2819%29&t=00%2F00%2F0000%2000%3A00%3A00%200%20-630&ts=1415586268&c.&a.&PrevSessionLength=14&internalaction=SessionInfo&AppID=Courier%20Mail%203.0.10.1%20%2819%29&DeviceName=Transformer%20TF101&Resolution=1280x752&OSVersion=Android%204.3.1&.a&.c&aid=2A301090052C34F0-400000C0C01B6FAC&ce=UTF-8&AQE=1)
11-10 13:16:06.017 I/ActivityManager(753): Displayed com.newscorp.couriermail/com.newscorp.app.SplashScreenActivity: +1s141ms
11-10 13:16:06.087 D/ADBMobile(2055): ADBMobile Debug : Analytics - Attempting to send request parameters(20342777?AQB=1&ndh=1&pe=lnk_o&pev2=ADBINTERNAL%3ALifecycle&pageName=Courier%20Mail%203.0.10.1%20%2819%29&t=00%2F00%2F0000%2000%3A00%3A00%200%20-630&ts=1415587564&c.&a.&LaunchEvent=LaunchEvent&DeviceName=Transformer%20TF101&Resolution=1280x752&OSVersion=Android%204.3.1&DaysSinceFirstUse=0&HourOfDay=13&internalaction=Lifecycle&AppID=Courier%20Mail%203.0.10.1%20%2819%29&DaysSinceLastUse=0&Launches=2&DayOfWeek=2&.a&.c&aid=2A301090052C34F0-400000C0C01B6FAC&ce=UTF-8&AQE=1)
11-10 13:16:06.097 D/ADBMobile(2055): ADBMobile Debug : Audience Manager - Your config file is not set up to use Audience Manager(missing audience manager server information)
11-10 13:16:06.127 D/ADBMobile(2055): ADBMobile Debug : Analytics - Request Sent(http://newscorpau.sc.omtrdc.net/b/ss/newscorpau-app-cm-android-dev/0/JAVA-4.1.1-AN/s20342777?AQB=1&ndh=1&pe=lnk_o&pev2=ADBINTERNAL%3ALifecycle&pageName=Courier%20Mail%203.0.10.1%20%2819%29&t=00%2F00%2F0000%2000%3A00%3A00%200%20-630&ts=1415587564&c.&a.&LaunchEvent=LaunchEvent&DeviceName=Transformer%20TF101&Resolution=1280x752&OSVersion=Android%204.3.1&DaysSinceFirstUse=0&HourOfDay=13&internalaction=Lifecycle&AppID=Courier%20Mail%203.0.10.1%20%2819%29&DaysSinceLastUse=0&Launches=2&DayOfWeek=2&.a&.c&aid=2A301090052C34F0-400000C0C01B6FAC&ce=UTF-8&AQE=1)
11-10 13:16:06.867 D/dalvikvm(2055): GC_CONCURRENT freed 8029K, 53% free 7428K/15492K, paused 3ms+5ms, total 32ms
11-10 13:16:06.917 I/ActivityManager(753): START u0 {cmp=com.newscorp.couriermail/com.newscorp.app.EditionActivity (has extras)} from pid 2055
11-10 13:16:06.987 D/dalvikvm(753): GC_FOR_ALLOC freed 172K, 17% free 11804K/14192K, paused 54ms, total 54ms
11-10 13:16:06.987 I/dalvikvm-heap(753): Grow heap (frag case) to 11.686MB for 124216-byte allocation
11-10 13:16:07.047 D/dalvikvm(753): GC_FOR_ALLOC freed <1K, 17% free 11925K/14316K, paused 55ms, total 55ms
11-10 13:16:07.097 D/dalvikvm(753): GC_FOR_ALLOC freed 17K, 17% free 11908K/14316K, paused 54ms, total 54ms
11-10 13:16:07.097 I/dalvikvm-heap(753): Grow heap (frag case) to 11.788MB for 124216-byte allocation
11-10 13:16:07.157 D/dalvikvm(753): GC_FOR_ALLOC freed 0K, 17% free 12029K/14440K, paused 55ms, total 55ms
11-10 13:16:07.207 D/dalvikvm(753): GC_FOR_ALLOC freed 242K, 19% free 11786K/14440K, paused 53ms, total 53ms
11-10 13:16:07.307 D/dalvikvm(2055): GC_CONCURRENT freed 1046K, 52% free 7438K/15492K, paused 2ms+3ms, total 28ms
11-10 13:16:07.307 D/dalvikvm(2055): WAIT_FOR_CONCURRENT_GC blocked 11ms
11-10 13:16:07.397 D/dalvikvm(2055): GC_CONCURRENT freed 1178K, 53% free 7319K/15492K, paused 3ms+2ms, total 28ms
11-10 13:16:07.397 D/dalvikvm(2055): WAIT_FOR_CONCURRENT_GC blocked 17ms
11-10 13:16:07.487 D/dalvikvm(2055): GC_CONCURRENT freed 748K, 52% free 7586K/15492K, paused 1ms+2ms, total 25ms
11-10 13:16:07.487 D/dalvikvm(2055): WAIT_FOR_CONCURRENT_GC blocked 15ms
11-10 13:16:07.517 D/com.newscorp.app.EditionActivity(2055): New edition containing 9
11-10 13:16:07.517 D/dalvikvm(2055): Trying to load lib /data/app-lib/com.newscorp.couriermail-1/librdpdf.so 0x42049e98
11-10 13:16:07.577 F/libc    (2055): Fatal signal 4 (SIGILL) at 0x5f96ac72 (code=1), thread 2055 (orp.couriermail)
11-10 13:16:07.617 V/audio_hw_primary(108): do_out_standby+
11-10 13:16:07.617 D/audio_hw_primary(108): do_out_standby++
11-10 13:16:07.617 V/audio_hw_primary(108): do_out_standby-
11-10 13:16:07.687 I/DEBUG   (104): *** *** *** *** *** *** *** *** *** *** *** *** *** *** *** ***
11-10 13:16:07.687 I/DEBUG   (104): Build fingerprint: 'asus/US_epad/TF101:4.0.3/IML74K/US_epad-9.2.1.27-20120615:user/release-keys'
11-10 13:16:07.687 I/DEBUG   (104): Revision: '0'
11-10 13:16:07.687 I/DEBUG   (104): pid: 2055, tid: 2055, name: orp.couriermail  >>> com.newscorp.couriermail <<<
11-10 13:16:07.687 I/DEBUG   (104): signal 4 (SIGILL), code 1 (ILL_ILLOPC), fault addr 5f96ac78
11-10 13:16:07.967 I/DEBUG   (104):     r0 00000000  r1 00000000  r2 00000001  r3 9fa1cd2c
11-10 13:16:07.967 I/DEBUG   (104):     r4 00000144  r5 5e76ffc0  r6 400b21f8  r7 5e73e880
11-10 13:16:07.967 I/DEBUG   (104):     r8 00000000  r9 befff51c  sl 00000004  fp 4001d670
11-10 13:16:07.967 I/DEBUG   (104):     ip 00000001  sp beffe518  lr 40046970  pc 5f96ac78  cpsr 28000030
11-10 13:16:07.967 I/DEBUG   (104):     d0  3ff0000000000000  d1  3fa999999999999a
11-10 13:16:07.967 I/DEBUG   (104):     d2  421000003f800000  d3  4278000042540000
11-10 13:16:07.967 I/DEBUG   (104):     d4  3e54d4d53e109091  d5  000000353e78f8f9
11-10 13:16:07.967 I/DEBUG   (104):     d6  000000240000003e  d7  3f800000000000ff
11-10 13:16:07.967 I/DEBUG   (104):     d8  0000000000000000  d9  0000000000000000
11-10 13:16:07.967 I/DEBUG   (104):     d10 0000000000000000  d11 0000000000000000
11-10 13:16:07.967 I/DEBUG   (104):     d12 0000000000000000  d13 0000000000000000
11-10 13:16:07.967 I/DEBUG   (104):     d14 0000000000000000  d15 0000000000000000
11-10 13:16:07.967 I/DEBUG   (104):     scr 20000010
11-10 13:16:07.977 I/DEBUG   (104): 
11-10 13:16:07.977 I/DEBUG   (104): backtrace:
11-10 13:16:07.977 I/DEBUG   (104):     #00  pc 000c8c78  /data/app-lib/com.newscorp.couriermail-1/librdpdf.so
11-10 13:16:07.977 I/DEBUG   (104):     #01  pc 0000ec24  /system/lib/libc.so (pthread_once+108)
11-10 13:16:07.977 I/DEBUG   (104):     #02  pc 000c8db7  /data/app-lib/com.newscorp.couriermail-1/librdpdf.so
11-10 13:16:07.977 I/DEBUG   (104):     #03  pc 000288a3  /data/app-lib/com.newscorp.couriermail-1/librdpdf.so
11-10 13:16:07.977 I/DEBUG   (104):     #04  pc 00003e78  /system/bin/linker
11-10 13:16:07.977 I/DEBUG   (104):     #05  pc 00004220  /system/bin/linker
11-10 13:16:07.977 I/DEBUG   (104):     #06  pc 0000439c  /system/bin/linker
11-10 13:16:07.977 I/DEBUG   (104):     #07  pc 000010ec  /system/bin/linker
11-10 13:16:07.977 I/DEBUG   (104):     #08  pc 0007194c  /system/lib/libdvm.so (dvmLoadNativeCode(char const*, Object*, char**)+532)
11-10 13:16:07.977 I/DEBUG   (104):     #09  pc 000a3ddc  /system/lib/libdvm.so
11-10 13:16:07.977 I/DEBUG   (104):     #10  pc 00027220  /system/lib/libdvm.so
11-10 13:16:07.977 I/DEBUG   (104):     #11  pc 0002c164  /system/lib/libdvm.so (dvmInterpret(Thread*, Method const*, JValue*)+184)
11-10 13:16:07.977 I/DEBUG   (104):     #12  pc 00094414  /system/lib/libdvm.so (dvmInvokeMethod(Object*, Method const*, ArrayObject*, ArrayObject*, ClassObject*, bool)+1344)
11-10 13:16:07.977 I/DEBUG   (104):     #13  pc 000a60b0  /system/lib/libdvm.so
11-10 13:16:07.977 I/DEBUG   (104):     #14  pc 00027220  /system/lib/libdvm.so
11-10 13:16:07.977 I/DEBUG   (104):     #15  pc 0002c164  /system/lib/libdvm.so (dvmInterpret(Thread*, Method const*, JValue*)+184)
11-10 13:16:07.977 I/DEBUG   (104):     #16  pc 00093918  /system/lib/libdvm.so (dvmCallMethodV(Thread*, Method const*, Object*, bool, JValue*, std::__va_list)+768)
11-10 13:16:07.977 I/DEBUG   (104):     #17  pc 00060194  /system/lib/libdvm.so
11-10 13:16:07.977 I/DEBUG   (104):     #18  pc 0004b33c  /system/lib/libandroid_runtime.so
11-10 13:16:07.977 I/DEBUG   (104):     #19  pc 0004c99c  /system/lib/libandroid_runtime.so (android::AndroidRuntime::start(char const*, char const*)+772)
11-10 13:16:07.977 I/DEBUG   (104):     #20  pc 00001330  /system/bin/app_process
11-10 13:16:07.977 I/DEBUG   (104):     #21  pc 0000dbdc  /system/lib/libc.so (__libc_init+100)
11-10 13:16:07.977 I/DEBUG   (104):     #22  pc 00000d24  /system/bin/app_process
11-10 13:16:07.977 I/DEBUG   (104): 
11-10 13:16:07.977 I/DEBUG   (104): stack:
11-10 13:16:07.977 I/DEBUG   (104):          beffe4d8  beffe528  [stack]
11-10 13:16:07.977 I/DEBUG   (104):          beffe4dc  0000001b  
11-10 13:16:07.977 I/DEBUG   (104):          beffe4e0  5e73e878  
11-10 13:16:07.977 I/DEBUG   (104):          beffe4e4  5e73e880  
11-10 13:16:07.977 I/DEBUG   (104):          beffe4e8  400b21f8  
11-10 13:16:07.977 I/DEBUG   (104):          beffe4ec  5e73e880  
11-10 13:16:07.977 I/DEBUG   (104):          beffe4f0  00000000  
11-10 13:16:07.977 I/DEBUG   (104):          beffe4f4  4004b8d8  /system/lib/libc.so (dlfree+996)
11-10 13:16:07.977 I/DEBUG   (104):          beffe4f8  00068698  
11-10 13:16:07.977 I/DEBUG   (104):          beffe4fc  00000144  
11-10 13:16:07.977 I/DEBUG   (104):          beffe500  00000144  
11-10 13:16:07.977 I/DEBUG   (104):          beffe504  5e76ffc0  
11-10 13:16:07.977 I/DEBUG   (104):          beffe508  400b21f8  
11-10 13:16:07.977 I/DEBUG   (104):          beffe50c  40046970  /system/lib/libc.so (free+24)
11-10 13:16:07.977 I/DEBUG   (104):          beffe510  e3a070ad  
11-10 13:16:07.977 I/DEBUG   (104):          beffe514  ef9000ad  
11-10 13:16:07.977 I/DEBUG   (104):     #00  beffe518  5e76ffc1  
11-10 13:16:07.977 I/DEBUG   (104):          beffe51c  636f7250  
11-10 13:16:07.977 I/DEBUG   (104):          beffe520  6f737365  
11-10 13:16:07.977 I/DEBUG   (104):          beffe524  203a0972  
11-10 13:16:07.977 I/DEBUG   (104):          beffe528  764d5241  
11-10 13:16:07.977 I/DEBUG   (104):          beffe52c  72502037  
11-10 13:16:07.977 I/DEBUG   (104):          beffe530  7365636f  
11-10 13:16:07.977 I/DEBUG   (104):          beffe534  20726f73  
11-10 13:16:07.977 I/DEBUG   (104):          beffe538  20766572  
11-10 13:16:07.977 I/DEBUG   (104):          beffe53c  76282030  
11-10 13:16:07.977 I/DEBUG   (104):          beffe540  0a296c37  
11-10 13:16:07.977 I/DEBUG   (104):          beffe544  636f7270  
11-10 13:16:07.977 I/DEBUG   (104):          beffe548  6f737365  
11-10 13:16:07.977 I/DEBUG   (104):          beffe54c  203a0972  
11-10 13:16:07.977 I/DEBUG   (104):          beffe550  6f420a30  
11-10 13:16:07.977 I/DEBUG   (104):          beffe554  494d6f67  /dev/ashmem/dalvik-heap (deleted)
11-10 13:16:07.977 I/DEBUG   (104):          ........  ........
11-10 13:16:07.977 I/DEBUG   (104):     #01  befff540  5fa4b8d8  /data/app-lib/com.newscorp.couriermail-1/librdpdf.so
11-10 13:16:07.977 I/DEBUG   (104):          befff544  00000001  
11-10 13:16:07.977 I/DEBUG   (104):          befff548  5fa2eff0  /data/app-lib/com.newscorp.couriermail-1/librdpdf.so
11-10 13:16:07.977 I/DEBUG   (104):          befff54c  5f96adbb  /data/app-lib/com.newscorp.couriermail-1/librdpdf.so
11-10 13:16:07.977 I/DEBUG   (104):     #02  befff550  5f8ca8a1  /data/app-lib/com.newscorp.couriermail-1/librdpdf.so
11-10 13:16:07.977 I/DEBUG   (104):          befff554  5f8ca8a7  /data/app-lib/com.newscorp.couriermail-1/librdpdf.so
11-10 13:16:07.987 I/DEBUG   (104): 
11-10 13:16:07.987 I/DEBUG   (104): memory near r3:
11-10 13:16:07.987 I/DEBUG   (104):     9fa1cd0c ffffffff ffffffff ffffffff ffffffff  
11-10 13:16:07.987 I/DEBUG   (104):     9fa1cd1c ffffffff ffffffff ffffffff ffffffff  
11-10 13:16:07.987 I/DEBUG   (104):     9fa1cd2c ffffffff ffffffff ffffffff ffffffff  
11-10 13:16:07.987 I/DEBUG   (104):     9fa1cd3c ffffffff ffffffff ffffffff ffffffff  
11-10 13:16:07.987 I/DEBUG   (104):     9fa1cd4c ffffffff ffffffff ffffffff ffffffff  
11-10 13:16:07.987 I/DEBUG   (104):     9fa1cd5c ffffffff ffffffff ffffffff ffffffff  
11-10 13:16:07.987 I/DEBUG   (104):     9fa1cd6c ffffffff ffffffff ffffffff ffffffff  
11-10 13:16:07.987 I/DEBUG   (104):     9fa1cd7c ffffffff ffffffff ffffffff ffffffff  
11-10 13:16:07.987 I/DEBUG   (104):     9fa1cd8c ffffffff ffffffff ffffffff ffffffff  
11-10 13:16:07.987 I/DEBUG   (104):     9fa1cd9c ffffffff ffffffff ffffffff ffffffff  
11-10 13:16:07.987 I/DEBUG   (104):     9fa1cdac ffffffff ffffffff ffffffff ffffffff  
11-10 13:16:07.987 I/DEBUG   (104):     9fa1cdbc ffffffff ffffffff ffffffff ffffffff  
11-10 13:16:07.987 I/DEBUG   (104):     9fa1cdcc ffffffff ffffffff ffffffff ffffffff  
11-10 13:16:07.987 I/DEBUG   (104):     9fa1cddc ffffffff ffffffff ffffffff ffffffff  
11-10 13:16:07.987 I/DEBUG   (104):     9fa1cdec ffffffff ffffffff ffffffff ffffffff  
11-10 13:16:07.987 I/DEBUG   (104):     9fa1cdfc ffffffff ffffffff ffffffff ffffffff  
11-10 13:16:07.987 I/DEBUG   (104): 
11-10 13:16:07.987 I/DEBUG   (104): memory near r5:
11-10 13:16:07.987 I/DEBUG   (104):     5e76ffa0 0b000106 5c3a1020 00000000 00000003  
11-10 13:16:07.987 I/DEBUG   (104):     5e76ffb0 6974706f 2e736e6f 006c6d78 00000013  
11-10 13:16:07.987 I/DEBUG   (104):     5e76ffc0 5b240037 400b2030 00000010 00000023  
11-10 13:16:07.987 I/DEBUG   (104):     5e76ffd0 5e76c000 00004000 5e77efd0 00000001  
11-10 13:16:07.987 I/DEBUG   (104):     5e76ffe0 00000000 00000000 00000000 00000007  
11-10 13:16:07.987 I/DEBUG   (104):     5e76fff0 00000007 00000007 00000007 00000007  
11-10 13:16:07.987 I/DEBUG   (104):     5e770000 00000000 00000000 00000000 000002b1  
11-10 13:16:07.987 I/DEBUG   (104):     5e770010 5f77d948 5f77d948 5f62ed28 5f77c318  
11-10 13:16:07.987 I/DEBUG   (104):     5e770020 5f77c888 00000002 007d004e 005f002e  
11-10 13:16:07.987 I/DEBUG   (104):     5e770030 007c005d 005b005e 005d002e 007c002b  
11-10 13:16:07.987 I/DEBUG   (104):     5e770040 002e005b 002b005d 00000024 000002c2  
11-10 13:16:07.987 I/DEBUG   (104):     5e770050 000002c6 000002d2 000002e0 000000e1  
11-10 13:16:07.987 I/DEBUG   (104):     5e770060 400b2100 400b2100 00000004 00000070  
11-10 13:16:07.987 I/DEBUG   (104):     5e770070 0000001b 00000000 00000000 0000001b  
11-10 13:16:07.987 I/DEBUG   (104):     5e770080 00000000 00000000 0000001b 0000001b  
11-10 13:16:07.987 I/DEBUG   (104):     5e770090 5e770014 00000000 5e7700d0 5e76b560  
11-10 13:16:07.987 I/DEBUG   (104): 
11-10 13:16:07.987 I/DEBUG   (104): memory near r6:
11-10 13:16:07.987 I/DEBUG   (104):     400b21d8 01357778 00001000 00001000 00040000  
11-10 13:16:07.987 I/DEBUG   (104):     400b21e8 00200000 00000003 befffb4c befffbf6  
11-10 13:16:07.987 I/DEBUG   (104):     400b21f8 69402ec6 befffafc 00000000 00000000  
11-10 13:16:07.987 I/DEBUG   (104):     400b2208 4001dcc8 00000007 00000008 5f627a90  
11-10 13:16:07.987 I/DEBUG   (104):     400b2218 00000000 40004000 00000009 0000000a  
11-10 13:16:07.987 I/DEBUG   (104):     400b2228 00000000 00000000 00000000 00000000  
11-10 13:16:07.987 I/DEBUG   (104):     400b2238 00000000 00000000 00000000 00000000  
11-10 13:16:07.987 I/DEBUG   (104):     400b2248 00000000 00000000 00000000 00000000  
11-10 13:16:07.987 I/DEBUG   (104):     400b2258 00000000 00000000 00000000 00000000  
11-10 13:16:07.987 I/DEBUG   (104):     400b2268 00000000 00000000 00000000 00000000  
11-10 13:16:07.987 I/DEBUG   (104):     400b2278 00000000 00000000 00000000 00000000  
11-10 13:16:07.987 I/DEBUG   (104):     400b2288 00000000 00000000 006b497d 00000000  
11-10 13:16:07.987 I/DEBUG   (104):     400b2298 00000000 00000000 00004000 00000000  
11-10 13:16:07.987 I/DEBUG   (104):     400b22a8 00000000 00000000 00004000 00000000  
11-10 13:16:07.987 I/DEBUG   (104):     400b22b8 00000000 00000000 00004000 00000000  
11-10 13:16:07.987 I/DEBUG   (104):     400b22c8 00000000 00000000 00004000 00000000  
11-10 13:16:07.987 I/DEBUG   (104): 
11-10 13:16:07.987 I/DEBUG   (104): memory near r7:
11-10 13:16:07.987 I/DEBUG   (104):     5e73e860 61645f01 41c031a0 00006701 b890002d  
11-10 13:16:07.987 I/DEBUG   (104):     5e73e870 400b2000 00000000 6d2d656c 00000021  
11-10 13:16:07.987 I/DEBUG   (104):     5e73e880 5f64e988 400b2040 7365636f 20726f73  
11-10 13:16:07.987 I/DEBUG   (104):     5e73e890 20766572 76282030 00000020 00000022  
11-10 13:16:07.987 I/DEBUG   (104):     5e73e8a0 00060182 3e043e00 3f0a3e06 3f0f3e0b  
11-10 13:16:07.987 I/DEBUG   (104):     5e73e8b0 616c7073 73694c79 00000020 00000063  
11-10 13:16:07.987 I/DEBUG   (104):     5e73e8c0 00000000 41400000 3f800000 00000000  
11-10 13:16:07.987 I/DEBUG   (104):     5e73e8d0 00000000 00000000 00000000 00000000  
11-10 13:16:07.987 I/DEBUG   (104):     5e73e8e0 00000000 00000000 00000000 00000000  
11-10 13:16:07.987 I/DEBUG   (104):     5e73e8f0 00000000 ff24353e 00000000 40800000  
11-10 13:16:07.987 I/DEBUG   (104):     5e73e900 0b000101 5c3a1020 00000000 00000005  
11-10 13:16:07.987 I/DEBUG   (104):     5e73e910 a5a5a5a5 23232323 a6a6a6a6 00000033  
11-10 13:16:07.987 I/DEBUG   (104):     5e73e920 5b238b40 591fab20 00000000 591fab20  
11-10 13:16:07.987 I/DEBUG   (104):     5e73e930 00000000 ffffffff 00010000 5a000000  
11-10 13:16:07.987 I/DEBUG   (104):     5e73e940 00000000 00000000 00000d18 00000063  
11-10 13:16:07.987 I/DEBUG   (104):     5e73e950 00000000 41900000 3f800000 00000000  
11-10 13:16:07.987 I/DEBUG   (104): 
11-10 13:16:07.987 I/DEBUG   (104): memory near r9:
11-10 13:16:07.987 I/DEBUG   (104):     befff4fc 000000de 000000c5 00000031 000000fe  
11-10 13:16:07.987 I/DEBUG   (104):     befff50c 00000018 400aefd8 00001000 41c04da0  
11-10 13:16:07.987 I/DEBUG   (104):     befff51c 69402ec6 400b2d94 5fa4b8ec 5f96ab79  
11-10 13:16:07.987 I/DEBUG   (104):     befff52c 00000000 00000007 00000001 40018890  
11-10 13:16:07.987 I/DEBUG   (104):     befff53c 40047c28 5fa4b8d8 00000001 5fa2eff0  
11-10 13:16:07.987 I/DEBUG   (104):     befff54c 5f96adbb 5f8ca8a1 5f8ca8a7 00000000  
11-10 13:16:07.987 I/DEBUG   (104):     befff55c 40007e7c 5f785fac 5f787004 4001cfe8  
11-10 13:16:07.987 I/DEBUG   (104):     befff56c 4001d670 40018890 5e788ed8 400194dc  
11-10 13:16:07.987 I/DEBUG   (104):     befff57c 4001d798 4001d670 40018890 40019410  
11-10 13:16:07.987 I/DEBUG   (104):     befff58c 4001d670 42adb750 00000000 5fa30d20  
11-10 13:16:07.987 I/DEBUG   (104):     befff59c 5e788ed8 4001cfe8 4001d670 40018890  
11-10 13:16:07.987 I/DEBUG   (104):     befff5ac 40019490 4001d0a8 40008224 00000000  
11-10 13:16:07.987 I/DEBUG   (104):     befff5bc 5e770ae0 40c6a1a0 4001d670 00000000  
11-10 13:16:07.997 I/DEBUG   (104):     befff5cc 00000000 5e788ed8 42049e98 40c6a1a0  
11-10 13:16:07.997 I/DEBUG   (104):     befff5dc 00000001 00000000 befff654 00000001  
11-10 13:16:07.997 I/DEBUG   (104):     befff5ec 400083a0 00000807 5e770ae0 00000001  
11-10 13:16:07.997 I/DEBUG   (104): 
11-10 13:16:07.997 I/DEBUG   (104): memory near fp:
11-10 13:16:07.997 I/DEBUG   (104):     4001d650 4001dd05 00000000 00000000 00000000  
11-10 13:16:07.997 I/DEBUG   (104):     4001d660 00000000 00000000 00000000 4001b004  
11-10 13:16:07.997 I/DEBUG   (104):     4001d670 00000000 7379732f 2f6d6574 2f6e6962  
11-10 13:16:07.997 I/DEBUG   (104):     4001d680 6b6e696c 00007265 00000000 00000000  
11-10 13:16:07.997 I/DEBUG   (104):     4001d690 00000000 00000000 00000000 00000000  
11-10 13:16:07.997 I/DEBUG   (104):     4001d6a0 00000000 00000000 00000000 00000000  
11-10 13:16:07.997 I/DEBUG   (104):     4001d6b0 00000000 00000000 00000000 00000000  
11-10 13:16:07.997 I/DEBUG   (104):     4001d6c0 00000000 00000000 00000000 00000000  
11-10 13:16:07.997 I/DEBUG   (104):     4001d6d0 00000000 00000000 00000000 00000000  
11-10 13:16:07.997 I/DEBUG   (104):     4001d6e0 00000000 00000000 00000000 00000000  
11-10 13:16:07.997 I/DEBUG   (104):     4001d6f0 00000000 00000000 00000000 00000000  
11-10 13:16:07.997 I/DEBUG   (104):     4001d700 40004000 00000000 00000000 4001ced8  
11-10 13:16:07.997 I/DEBUG   (104):     4001d710 00000000 00000000 00000000 00000000  
11-10 13:16:07.997 I/DEBUG   (104):     4001d720 00000000 00000000 00000000 00000000  
11-10 13:16:07.997 I/DEBUG   (104):     4001d730 00000000 00000000 00000000 00000000  
11-10 13:16:07.997 I/DEBUG   (104):     4001d740 00000000 00000000 00000000 00000000  
11-10 13:16:07.997 I/DEBUG   (104): 
11-10 13:16:07.997 I/DEBUG   (104): memory near sp:
11-10 13:16:07.997 I/DEBUG   (104):     beffe4f8 00068698 00000144 00000144 5e76ffc0  
11-10 13:16:07.997 I/DEBUG   (104):     beffe508 400b21f8 40046970 e3a070ad ef9000ad  
11-10 13:16:07.997 I/DEBUG   (104):     beffe518 5e76ffc1 636f7250 6f737365 203a0972  
11-10 13:16:07.997 I/DEBUG   (104):     beffe528 764d5241 72502037 7365636f 20726f73  
11-10 13:16:07.997 I/DEBUG   (104):     beffe538 20766572 76282030 0a296c37 636f7270  
11-10 13:16:07.997 I/DEBUG   (104):     beffe548 6f737365 203a0972 6f420a30 494d6f67  
11-10 13:16:07.997 I/DEBUG   (104):     beffe558 3a095350 36393920 0a34312e 6f72700a  
11-10 13:16:07.997 I/DEBUG   (104):     beffe568 73736563 3a09726f 420a3120 4d6f676f  
11-10 13:16:07.997 I/DEBUG   (104):     beffe578 09535049 3939203a 34312e36 65460a0a  
11-10 13:16:07.997 I/DEBUG   (104):     beffe588 72757461 3a097365 70777320 6c616820  
11-10 13:16:07.997 I/DEBUG   (104):     beffe598 68742066 20626d75 74736166 746c756d  
11-10 13:16:07.997 I/DEBUG   (104):     beffe5a8 70667620 73646520 66762070 20337670  
11-10 13:16:07.997 I/DEBUG   (104):     beffe5b8 76706676 36316433 50430a20 6d692055  
11-10 13:16:07.997 I/DEBUG   (104):     beffe5c8 6d656c70 65746e65 203a0972 31347830  
11-10 13:16:07.997 I/DEBUG   (104):     beffe5d8 5550430a 63726120 65746968 72757463  
11-10 13:16:07.997 I/DEBUG   (104):     beffe5e8 37203a65 5550430a 72617620 746e6169  
11-10 13:16:07.997 I/DEBUG   (104): 
11-10 13:16:07.997 I/DEBUG   (104): code around pc:
11-10 13:16:07.997 I/DEBUG   (104):     5f96ac58 44794638 ff3af7ff 46384680 e9c2f750  
11-10 13:16:07.997 I/DEBUG   (104):     5f96ac68 0f00f1b8 4b44d109 1b33eddf edd3447b  
11-10 13:16:07.997 I/DEBUG   (104):     5f96ac78 ef600b02 edc301b1 4b400b02 1b30eddf  
11-10 13:16:07.997 I/DEBUG   (104):     5f96ac88 edd3447b ef600b02 edc301b1 46280b02  
11-10 13:16:07.997 I/DEBUG   (104):     5f96ac98 e9a8f750 46214a3a 447aa801 fed6f7ff  
11-10 13:16:07.997 I/DEBUG   (104):     5f96aca8 28004604 4937d097 f7ff4479 b360ff0f  
11-10 13:16:07.997 I/DEBUG   (104):     5f96acb8 eddf4b35 447b1b25 0b02edd3 01b1ef60  
11-10 13:16:07.997 I/DEBUG   (104):     5f96acc8 0b02edc3 46204931 f7ff4479 b148feff  
11-10 13:16:07.997 I/DEBUG   (104):     5f96acd8 eddf4b2f 447b1b1f 0b02edd3 01b1ef60  
11-10 13:16:07.997 I/DEBUG   (104):     5f96ace8 0b02edc3 f7504620 e774e97e ddce2805  
11-10 13:16:07.997 I/DEBUG   (104):     5f96acf8 4a28e7c3 4621a801 f7ff447a 6128fe59  
11-10 13:16:07.997 I/DEBUG   (104):     5f96ad08 d1832800 612b2301 4923e780 44794620  
11-10 13:16:07.997 I/DEBUG   (104):     5f96ad18 fedcf7ff d0d52800 eddf4b20 447b1b0b  
11-10 13:16:07.997 I/DEBUG   (104):     5f96ad28 0b02edd3 01b1ef60 0b02edc3 f750e7ca  
11-10 13:16:07.997 I/DEBUG   (104):     5f96ad38 bf00e91e 8000f3af 00000001 00000000  
11-10 13:16:07.997 I/DEBUG   (104):     5f96ad48 00000008 00000000 00000002 00000000  
11-10 13:16:07.997 I/DEBUG   (104): 
11-10 13:16:07.997 I/DEBUG   (104): code around lr:
11-10 13:16:07.997 I/DEBUG   (104):     40046950 e8bd8008 000686b8 e92d4008 e59f3010  
11-10 13:16:07.997 I/DEBUG   (104):     40046960 e08f1003 e5912000 e592c004 e12fff3c  
11-10 13:16:07.997 I/DEBUG   (104):     40046970 e8bd8008 00068698 e92d4008 e59f3010  
11-10 13:16:07.997 I/DEBUG   (104):     40046980 e08f2003 e592c000 e59c3008 e12fff33  
11-10 13:16:07.997 I/DEBUG   (104):     40046990 e8bd8008 00068678 e92d4008 e59f3010  
11-10 13:16:07.997 I/DEBUG   (104):     400469a0 e08f2003 e592c000 e59c300c e12fff33  
11-10 13:16:07.997 I/DEBUG   (104):     400469b0 e8bd8008 00068658 e92d4008 e59f3010  
11-10 13:16:07.997 I/DEBUG   (104):     400469c0 e08f2003 e592c000 e59c3010 e12fff33  
11-10 13:16:07.997 I/DEBUG   (104):     400469d0 e8bd8008 00068638 e59f0034 e59f1034  
11-10 13:16:07.997 I/DEBUG   (104):     400469e0 e92d4008 e08f0000 e08f1001 eb000471  
11-10 13:16:07.997 I/DEBUG   (104):     400469f0 e3500000 08bd8008 e59f201c e3a00006  
11-10 13:16:07.997 I/DEBUG   (104):     40046a00 e59f3018 e08f1002 e08f2003 e8bd4008  
11-10 13:16:07.997 I/DEBUG   (104):     40046a10 ea001c81 000699cc fffff700 0005d624  
11-10 13:16:07.997 I/DEBUG   (104):     40046a20 0005d938 e59f0034 e59f1034 e92d4008  
11-10 13:16:07.997 I/DEBUG   (104):     40046a30 e08f0000 e08f1001 eb00045e e3500000  
11-10 13:16:07.997 I/DEBUG   (104):     40046a40 08bd8008 e59f201c e3a00006 e59f3018  
11-10 13:16:07.997 I/DEBUG   (104): 
11-10 13:16:07.997 I/DEBUG   (104): memory map around fault addr 5f96ac78:
11-10 13:16:07.997 I/DEBUG   (104):     5f879000-5f8a2000 rw- 
11-10 13:16:07.997 I/DEBUG   (104):     5f8a2000-5fa2b000 r-x /data/app-lib/com.newscorp.couriermail-1/librdpdf.so
11-10 13:16:07.997 I/DEBUG   (104):     5fa2b000-5fa2c000 --- 
11-10 13:16:08.157 I/BootReceiver(753): Copying /data/tombstones/tombstone_04 to DropBox (SYSTEM_TOMBSTONE)
11-10 13:16:08.177 W/InputDispatcher(753): channel '42787978 com.newscorp.couriermail/com.newscorp.app.SplashScreenActivity (server)' ~ Consumer closed input channel or an error occurred.  events=0x9
11-10 13:16:08.177 E/InputDispatcher(753): channel '42787978 com.newscorp.couriermail/com.newscorp.app.SplashScreenActivity (server)' ~ Channel is unrecoverably broken and will be disposed!
11-10 13:16:08.217 D/dalvikvm(753): GC_FOR_ALLOC freed 33K, 17% free 12028K/14440K, paused 63ms, total 63ms
11-10 13:16:08.217 I/dalvikvm-heap(753): Grow heap (frag case) to 11.973MB for 196624-byte allocation
11-10 13:16:08.277 D/dalvikvm(753): GC_FOR_ALLOC freed <1K, 17% free 12219K/14636K, paused 54ms, total 54ms
11-10 13:16:08.277 W/InputDispatcher(753): Attempted to unregister already unregistered input channel '42787978 com.newscorp.couriermail/com.newscorp.app.SplashScreenActivity (server)'
11-10 13:16:08.277 I/WindowState(753): WIN DEATH: Window{42787978 u0 com.newscorp.couriermail/com.newscorp.app.SplashScreenActivity}
11-10 13:16:08.277 W/ActivityManager(753):   Force finishing activity com.newscorp.couriermail/com.newscorp.app.EditionActivity
11-10 13:16:08.297 D/Zygote  (106): Process 2055 terminated by signal (4)
11-10 13:16:08.337 D/dalvikvm(753): GC_FOR_ALLOC freed 55K, 17% free 12218K/14636K, paused 56ms, total 57ms
11-10 13:16:08.337 I/dalvikvm-heap(753): Grow heap (frag case) to 12.159MB for 196624-byte allocation
11-10 13:16:08.397 D/dalvikvm(753): GC_FOR_ALLOC freed <1K, 17% free 12409K/14832K, paused 59ms, total 59ms
11-10 13:16:08.397 W/ActivityManager(753): Exception thrown during pause
11-10 13:16:08.397 W/ActivityManager(753): android.os.DeadObjectException
11-10 13:16:08.397 W/ActivityManager(753): 	at android.os.BinderProxy.transact(Native Method)
11-10 13:16:08.397 W/ActivityManager(753): 	at android.app.ApplicationThreadProxy.schedulePauseActivity(ApplicationThreadNative.java:635)
11-10 13:16:08.397 W/ActivityManager(753): 	at com.android.server.am.ActivityStack.startPausingLocked(ActivityStack.java:1005)
11-10 13:16:08.397 W/ActivityManager(753): 	at com.android.server.am.ActivityStack.finishActivityLocked(ActivityStack.java:3865)
11-10 13:16:08.397 W/ActivityManager(753): 	at com.android.server.am.ActivityStack.finishActivityLocked(ActivityStack.java:3797)
11-10 13:16:08.397 W/ActivityManager(753): 	at com.android.server.am.ActivityManagerService.handleAppCrashLocked(ActivityManagerService.java:8367)
11-10 13:16:08.397 W/ActivityManager(753): 	at com.android.server.am.ActivityManagerService.makeAppCrashingLocked(ActivityManagerService.java:8244)
11-10 13:16:08.397 W/ActivityManager(753): 	at com.android.server.am.ActivityManagerService.crashApplication(ActivityManagerService.java:8923)
11-10 13:16:08.397 W/ActivityManager(753): 	at com.android.server.am.ActivityManagerService.handleApplicationCrashInner(ActivityManagerService.java:8478)
11-10 13:16:08.397 W/ActivityManager(753): 	at com.android.server.am.NativeCrashListener$NativeCrashReporter.run(NativeCrashListener.java:86)
11-10 13:16:08.457 D/dalvikvm(753): GC_FOR_ALLOC freed 140K, 18% free 12289K/14832K, paused 56ms, total 57ms
11-10 13:16:08.457 I/dalvikvm-heap(753): Grow heap (frag case) to 12.322MB for 294932-byte allocation
11-10 13:16:08.517 D/dalvikvm(753): GC_FOR_ALLOC freed 192K, 19% free 12384K/15124K, paused 59ms, total 59ms
11-10 13:16:08.577 D/dalvikvm(753): GC_FOR_ALLOC freed 2K, 19% free 12385K/15124K, paused 58ms, total 58ms
11-10 13:16:08.577 I/dalvikvm-heap(753): Grow heap (frag case) to 12.322MB for 196652-byte allocation
11-10 13:16:08.627 D/dalvikvm(753): GC_FOR_ALLOC freed 0K, 18% free 12577K/15320K, paused 56ms, total 56ms
11-10 13:16:08.687 D/dalvikvm(753): GC_FOR_ALLOC freed 584K, 22% free 11993K/15320K, paused 55ms, total 55ms
11-10 13:16:08.687 I/ActivityManager(753): Process com.newscorp.couriermail (pid 2055) has died.
11-10 13:16:08.687 W/ActivityManager(753): Scheduling restart of crashed service com.newscorp.couriermail/com.newscorp.app.NewsService in 5000ms
11-10 13:16:08.827 W/ResourceType(753): Skipping entry 0x7f040002 in package table 0 because it is not complex!
11-10 13:16:10.187 D/audio_hw_primary(108): outpcm open: card=0, device=0, rate=44100
11-10 13:16:10.217 W/InputMethodManagerService(753): Got RemoteException sending setActive(false) notification to pid 2055 uid 10096
11-10 13:16:11.157 I/ActivityManager(753): START u0 {act=android.intent.action.MAIN cat=[android.intent.category.LAUNCHER] flg=0x10200000 pkg=com.newscorp.adelaideadvertiser cmp=com.newscorp.adelaideadvertiser/com.newscorp.app.SplashScreenActivity bnds=[665,95][761,191]} from pid 1066
11-10 13:16:11.227 D/dalvikvm(2247): GC_CONCURRENT freed 416K, 9% free 5147K/5600K, paused 2ms+3ms, total 29ms
11-10 13:16:11.257 W/nalizableReferenceQueue(2247): Could not load Finalizer in its own class loader. Loading Finalizer in the current class loader instead. As a result, you will not be able to garbage collect this class loader. To support reclaiming this class loader, either resolve the underlying issue, or move Google Collections to your system class path.
11-10 13:16:11.257 W/nalizableReferenceQueue(2247): java.io.FileNotFoundException: com/google/inject/internal/util/$Finalizer.class
11-10 13:16:11.257 W/nalizableReferenceQueue(2247): 	at com.google.inject.internal.util.$FinalizableReferenceQueue$DecoupledLoader.getBaseUrl(FinalizableReferenceQueue.java:269)
11-10 13:16:11.257 W/nalizableReferenceQueue(2247): 	at com.google.inject.internal.util.$FinalizableReferenceQueue$DecoupledLoader.loadFinalizer(FinalizableReferenceQueue.java:253)
11-10 13:16:11.257 W/nalizableReferenceQueue(2247): 	at com.google.inject.internal.util.$FinalizableReferenceQueue.loadFinalizer(FinalizableReferenceQueue.java:175)
11-10 13:16:11.257 W/nalizableReferenceQueue(2247): 	at com.google.inject.internal.util.$FinalizableReferenceQueue.<clinit>(FinalizableReferenceQueue.java:100)
11-10 13:16:11.257 W/nalizableReferenceQueue(2247): 	at com.google.inject.internal.util.$MapMaker$QueueHolder.<clinit>(MapMaker.java:787)
11-10 13:16:11.257 W/nalizableReferenceQueue(2247): 	at com.google.inject.internal.util.$MapMaker$WeakEntry.<init>(MapMaker.java:946)
11-10 13:16:11.257 W/nalizableReferenceQueue(2247): 	at com.google.inject.internal.util.$MapMaker$Strength$1.newEntry(MapMaker.java:312)
11-10 13:16:11.257 W/nalizableReferenceQueue(2247): 	at com.google.inject.internal.util.$MapMaker$StrategyImpl.newEntry(MapMaker.java:498)
11-10 13:16:11.257 W/nalizableReferenceQueue(2247): 	at com.google.inject.internal.util.$MapMaker$StrategyImpl.newEntry(MapMaker.java:419)
11-10 13:16:11.257 W/nalizableReferenceQueue(2247): 	at com.google.inject.internal.util.$CustomConcurrentHashMap$ComputingImpl.get(CustomConcurrentHashMap.java:2029)
11-10 13:16:11.257 W/nalizableReferenceQueue(2247): 	at com.google.inject.internal.Annotations$AnnotationChecker.hasAnnotations(Annotations.java:116)
11-10 13:16:11.257 W/nalizableReferenceQueue(2247): 	at com.google.inject.internal.Annotations.isBindingAnnotation(Annotations.java:180)
11-10 13:16:11.257 W/nalizableReferenceQueue(2247): 	at com.google.inject.Key.ensureIsBindingAnnotation(Key.java:366)
11-10 13:16:11.257 W/nalizableReferenceQueue(2247): 	at com.google.inject.Key.strategyFor(Key.java:338)
11-10 13:16:11.257 W/nalizableReferenceQueue(2247): 	at com.google.inject.Key.get(Key.java:272)
11-10 13:16:11.257 W/nalizableReferenceQueue(2247): 	at com.google.inject.internal.AbstractBindingBuilder.annotatedWithInternal(AbstractBindingBuilder.java:82)
11-10 13:16:11.257 W/nalizableReferenceQueue(2247): 	at com.google.inject.internal.ConstantBindingBuilderImpl.annotatedWith(ConstantBindingBuilderImpl.java:49)
11-10 13:16:11.257 W/nalizableReferenceQueue(2247): 	at roboguice.config.DefaultRoboModule.configure(DefaultRoboModule.java:120)
11-10 13:16:11.257 W/nalizableReferenceQueue(2247): 	at com.google.inject.AbstractModule.configure(AbstractModule.java:59)
11-10 13:16:11.257 W/nalizableReferenceQueue(2247): 	at com.google.inject.spi.Elements$RecordingBinder.install(Elements.java:223)
11-10 13:16:11.257 W/nalizableReferenceQueue(2247): 	at com.google.inject.spi.Elements.getElements(Elements.java:101)
11-10 13:16:11.257 W/nalizableReferenceQueue(2247): 	at com.google.inject.internal.InjectorShell$Builder.build(InjectorShell.java:133)
11-10 13:16:11.257 W/nalizableReferenceQueue(2247): 	at com.google.inject.internal.InternalInjectorCreator.build(InternalInjectorCreator.java:103)
11-10 13:16:11.257 W/nalizableReferenceQueue(2247): 	at com.google.inject.Guice.createInjector(Guice.java:95)
11-10 13:16:11.257 W/nalizableReferenceQueue(2247): 	at com.google.inject.Guice.createInjector(Guice.java:83)
11-10 13:16:11.257 W/nalizableReferenceQueue(2247): 	at roboguice.RoboGuice.setBaseApplicationInjector(RoboGuice.java:89)
11-10 13:16:11.257 W/nalizableReferenceQueue(2247): 	at roboguice.RoboGuice.setBaseApplicationInjector(RoboGuice.java:128)
11-10 13:16:11.257 W/nalizableReferenceQueue(2247): 	at roboguice.RoboGuice.getBaseApplicationInjector(RoboGuice.java:67)
11-10 13:16:11.257 W/nalizableReferenceQueue(2247): 	at roboguice.RoboGuice.getInjector(RoboGuice.java:138)
11-10 13:16:11.257 W/nalizableReferenceQueue(2247): 	at roboguice.activity.RoboActivity.onCreate(RoboActivity.java:85)
11-10 13:16:11.257 W/nalizableReferenceQueue(2247): 	at com.newscorp.app.SplashScreenActivity.onCreate(SplashScreenActivity.java:99)
11-10 13:16:11.257 W/nalizableReferenceQueue(2247): 	at android.app.Activity.performCreate(Activity.java:5216)
11-10 13:16:11.257 W/nalizableReferenceQueue(2247): 	at android.app.Instrumentation.callActivityOnCreate(Instrumentation.java:1087)
11-10 13:16:11.257 W/nalizableReferenceQueue(2247): 	at android.app.ActivityThread.performLaunchActivity(ActivityThread.java:2175)
11-10 13:16:11.257 W/nalizableReferenceQueue(2247): 	at android.app.ActivityThread.handleLaunchActivity(ActivityThread.java:2261)
11-10 13:16:11.257 W/nalizableReferenceQueue(2247): 	at android.app.ActivityThread.access$600(ActivityThread.java:141)
11-10 13:16:11.257 W/nalizableReferenceQueue(2247): 	at android.app.ActivityThread$H.handleMessage(ActivityThread.java:1256)
11-10 13:16:11.257 W/nalizableReferenceQueue(2247): 	at android.os.Handler.dispatchMessage(Handler.java:99)
11-10 13:16:11.257 W/nalizableReferenceQueue(2247): 	at android.os.Looper.loop(Looper.java:137)
11-10 13:16:11.257 W/nalizableReferenceQueue(2247): 	at android.app.ActivityThread.main(ActivityThread.java:5103)
11-10 13:16:11.257 W/nalizableReferenceQueue(2247): 	at java.lang.reflect.Method.invokeNative(Native Method)
11-10 13:16:11.257 W/nalizableReferenceQueue(2247): 	at java.lang.reflect.Method.invoke(Method.java:525)
11-10 13:16:11.257 W/nalizableReferenceQueue(2247): 	at com.android.internal.os.ZygoteInit$MethodAndArgsCaller.run(ZygoteInit.java:737)
11-10 13:16:11.257 W/nalizableReferenceQueue(2247): 	at com.android.internal.os.ZygoteInit.main(ZygoteInit.java:553)
11-10 13:16:11.257 W/nalizableReferenceQueue(2247): 	at dalvik.system.NativeStart.main(Native Method)
11-10 13:16:11.307 D/dalvikvm(2247): GC_CONCURRENT freed 451K, 9% free 5203K/5696K, paused 3ms+1ms, total 26ms
11-10 13:16:11.307 D/dalvikvm(2247): WAIT_FOR_CONCURRENT_GC blocked 8ms
11-10 13:16:11.347 D/dalvikvm(2247): GC_CONCURRENT freed 483K, 10% free 5226K/5752K, paused 1ms+2ms, total 21ms
11-10 13:16:11.347 D/dalvikvm(2247): WAIT_FOR_CONCURRENT_GC blocked 10ms
11-10 13:16:11.407 D/dalvikvm(2247): GC_CONCURRENT freed 443K, 9% free 5292K/5776K, paused 1ms+2ms, total 20ms
11-10 13:16:11.407 D/dalvikvm(2247): WAIT_FOR_CONCURRENT_GC blocked 9ms
11-10 13:16:11.417 D//LnImpl.java:27(2247): main Configuring Logging, minimum log level is INFO
11-10 13:16:11.467 D/dalvikvm(2247): GC_CONCURRENT freed 479K, 9% free 5320K/5844K, paused 1ms+2ms, total 20ms
11-10 13:16:11.467 D/dalvikvm(2247): WAIT_FOR_CONCURRENT_GC blocked 11ms
11-10 13:16:11.677 D/dalvikvm(2247): GC_FOR_ALLOC freed 79K, 10% free 5305K/5844K, paused 18ms, total 18ms
11-10 13:16:11.677 I/dalvikvm-heap(2247): Grow heap (frag case) to 5.492MB for 289808-byte allocation
11-10 13:16:11.697 D/dalvikvm(2247): GC_FOR_ALLOC freed <1K, 9% free 5588K/6128K, paused 16ms, total 16ms
11-10 13:16:11.767 D/dalvikvm(2247): GC_CONCURRENT freed 330K, 7% free 5763K/6136K, paused 2ms+2ms, total 21ms
11-10 13:16:11.767 D/dalvikvm(2247): WAIT_FOR_CONCURRENT_GC blocked 10ms
11-10 13:16:12.007 D/dalvikvm(2247): GC_FOR_ALLOC freed 216K, 9% free 5612K/6136K, paused 17ms, total 17ms
11-10 13:16:12.017 I/dalvikvm-heap(2247): Grow heap (frag case) to 11.764MB for 6553616-byte allocation
11-10 13:16:12.037 D/dalvikvm(2247): GC_FOR_ALLOC freed <1K, 5% free 12012K/12540K, paused 17ms, total 17ms
11-10 13:16:12.057 D/dalvikvm(2247): GC_CONCURRENT freed 0K, 5% free 12012K/12540K, paused 3ms+1ms, total 21ms
11-10 13:16:12.167 D/dalvikvm(2247): GC_FOR_ALLOC freed <1K, 5% free 12012K/12540K, paused 16ms, total 16ms
11-10 13:16:12.177 I/dalvikvm-heap(2247): Grow heap (frag case) to 13.327MB for 1638416-byte allocation
11-10 13:16:12.197 D/dalvikvm(2247): GC_FOR_ALLOC freed 0K, 4% free 13612K/14144K, paused 19ms, total 19ms
11-10 13:16:12.247 D/Finsky  (2715): [188] InAppBillingUtils.pickAccount: com.newscorp.adelaideadvertiser: Account determined from installer data - [0JIII8BK7XKz36u1zU6sMo8J0zA]
11-10 13:16:12.257 D/Finsky  (2715): [187] InAppBillingUtils.pickAccount: com.newscorp.adelaideadvertiser: Account determined from installer data - [0JIII8BK7XKz36u1zU6sMo8J0zA]
11-10 13:16:12.257 D/Finsky  (2715): [188] InAppBillingUtils.pickAccount: com.newscorp.adelaideadvertiser: Account determined from installer data - [0JIII8BK7XKz36u1zU6sMo8J0zA]
11-10 13:16:12.257 D/Finsky  (2715): [187] InAppBillingUtils.pickAccount: com.newscorp.adelaideadvertiser: Account determined from installer data - [0JIII8BK7XKz36u1zU6sMo8J0zA]
11-10 13:16:12.287 D/ADBMobile(2247): ADBMobile Debug : Analytics - Attempting to send request parameters(8902688?AQB=1&ndh=1&pe=lnk_o&pev2=ADBINTERNAL%3ASessionInfo&pageName=The%20Advertiser%203.0.12.1%20%2821%29&t=00%2F00%2F0000%2000%3A00%3A00%200%20-630&ts=1415586328&c.&a.&PrevSessionLength=1&internalaction=SessionInfo&AppID=The%20Advertiser%203.0.12.1%20%2821%29&DeviceName=Transformer%20TF101&Resolution=1280x752&OSVersion=Android%204.3.1&.a&.c&aid=2A28F2C3052C3562-400000C24000AA76&ce=UTF-8&AQE=1)
11-10 13:16:12.287 D/libEGL  (2247): loaded /system/lib/egl/libEGL_tegra.so
11-10 13:16:12.307 D/libEGL  (2247): loaded /system/lib/egl/libGLESv1_CM_tegra.so
11-10 13:16:12.317 D/libEGL  (2247): loaded /system/lib/egl/libGLESv2_tegra.so
11-10 13:16:12.357 D/OpenGLRenderer(2247): Enabling debug mode 0
11-10 13:16:12.367 D/ADBMobile(2247): ADBMobile Debug : Analytics - Network status changed (reachable)
11-10 13:16:12.387 D/ADBMobile(2247): ADBMobile Debug : Analytics - Request Sent(http://newscorpau.sc.omtrdc.net/b/ss/newscorpau-app-adv-android/0/JAVA-4.1.1-AN/s8902688?AQB=1&ndh=1&pe=lnk_o&pev2=ADBINTERNAL%3ASessionInfo&pageName=The%20Advertiser%203.0.12.1%20%2821%29&t=00%2F00%2F0000%2000%3A00%3A00%200%20-630&ts=1415586328&c.&a.&PrevSessionLength=1&internalaction=SessionInfo&AppID=The%20Advertiser%203.0.12.1%20%2821%29&DeviceName=Transformer%20TF101&Resolution=1280x752&OSVersion=Android%204.3.1&.a&.c&aid=2A28F2C3052C3562-400000C24000AA76&ce=UTF-8&AQE=1)
11-10 13:16:12.407 I/ActivityManager(753): Displayed com.newscorp.adelaideadvertiser/com.newscorp.app.SplashScreenActivity: +1s226ms (total +5s194ms)
11-10 13:16:12.477 D/ADBMobile(2247): ADBMobile Debug : Analytics - Attempting to send request parameters(25223351?AQB=1&ndh=1&pe=lnk_o&pev2=ADBINTERNAL%3ALifecycle&pageName=The%20Advertiser%203.0.12.1%20%2821%29&t=00%2F00%2F0000%2000%3A00%3A00%200%20-630&ts=1415587571&c.&a.&DeviceName=Transformer%20TF101&Resolution=1280x752&DaysSinceLastUpgrade=2&DaysSinceFirstUse=10&OSVersion=Android%204.3.1&internalaction=Lifecycle&AppID=The%20Advertiser%203.0.12.1%20%2821%29&Launches=4&DayOfWeek=2&LaunchEvent=LaunchEvent&LaunchesSinceUpgrade=2&HourOfDay=13&DaysSinceLastUse=0&.a&.c&aid=2A28F2C3052C3562-400000C24000AA76&ce=UTF-8&AQE=1)
11-10 13:16:12.477 D/ADBMobile(2247): ADBMobile Debug : Audience Manager - Your config file is not set up to use Audience Manager(missing audience manager server information)
11-10 13:16:12.517 D/ADBMobile(2247): ADBMobile Debug : Analytics - Request Sent(http://newscorpau.sc.omtrdc.net/b/ss/newscorpau-app-adv-android/0/JAVA-4.1.1-AN/s25223351?AQB=1&ndh=1&pe=lnk_o&pev2=ADBINTERNAL%3ALifecycle&pageName=The%20Advertiser%203.0.12.1%20%2821%29&t=00%2F00%2F0000%2000%3A00%3A00%200%20-630&ts=1415587571&c.&a.&DeviceName=Transformer%20TF101&Resolution=1280x752&DaysSinceLastUpgrade=2&DaysSinceFirstUse=10&OSVersion=Android%204.3.1&internalaction=Lifecycle&AppID=The%20Advertiser%203.0.12.1%20%2821%29&Launches=4&DayOfWeek=2&LaunchEvent=LaunchEvent&LaunchesSinceUpgrade=2&HourOfDay=13&DaysSinceLastUse=0&.a&.c&aid=2A28F2C3052C3562-400000C24000AA76&ce=UTF-8&AQE=1)
11-10 13:16:13.457 D/dalvikvm(2247): GC_CONCURRENT freed 7987K, 52% free 7571K/15596K, paused 3ms+3ms, total 29ms
11-10 13:16:13.627 I/ActivityManager(753): START u0 {cmp=com.newscorp.adelaideadvertiser/com.newscorp.app.EditionActivity (has extras)} from pid 2247
11-10 13:16:13.707 D/dalvikvm(753): GC_FOR_ALLOC freed 1080K, 22% free 12011K/15320K, paused 57ms, total 58ms
11-10 13:16:13.707 I/ActivityManager(753): Start proc com.newscorp.couriermail for service com.newscorp.couriermail/com.newscorp.app.NewsService: pid=3352 uid=10096 gids={50096, 3003, 1028, 1015}
11-10 13:16:13.817 D/dalvikvm(3352): GC_CONCURRENT freed 178K, 5% free 4569K/4788K, paused 3ms+3ms, total 36ms
11-10 13:16:13.817 D/dalvikvm(2247): GC_CONCURRENT freed 1209K, 53% free 7464K/15596K, paused 3ms+3ms, total 40ms
11-10 13:16:13.817 D/dalvikvm(2247): WAIT_FOR_CONCURRENT_GC blocked 16ms
11-10 13:16:13.817 I/CrittercismInstance(3352): Initializing Crittercism...
11-10 13:16:13.907 D/dalvikvm(3352): GC_CONCURRENT freed 317K, 7% free 4751K/5108K, paused 3ms+6ms, total 36ms
11-10 13:16:13.907 D/dalvikvm(3352): WAIT_FOR_CONCURRENT_GC blocked 13ms
11-10 13:16:13.907 D/dalvikvm(3352): WAIT_FOR_CONCURRENT_GC blocked 13ms
11-10 13:16:13.927 D/dalvikvm(2247): GC_CONCURRENT freed 1081K, 53% free 7452K/15596K, paused 2ms+4ms, total 33ms
11-10 13:16:13.927 D/Courier Mail(3352): Started version 4.2.14.0425
11-10 13:16:13.927 D/dalvikvm(2247): WAIT_FOR_CONCURRENT_GC blocked 23ms
11-10 13:16:13.977 D/Finsky  (2715): [187] InAppBillingUtils.pickAccount: com.newscorp.couriermail: Account determined from installer data - [0JIII8BK7XKz36u1zU6sMo8J0zA]
11-10 13:16:13.987 D/Finsky  (2715): [188] InAppBillingUtils.pickAccount: com.newscorp.couriermail: Account determined from installer data - [0JIII8BK7XKz36u1zU6sMo8J0zA]
11-10 13:16:13.987 D/Finsky  (2715): [187] InAppBillingUtils.pickAccount: com.newscorp.couriermail: Account determined from installer data - [0JIII8BK7XKz36u1zU6sMo8J0zA]
11-10 13:16:13.997 D/Finsky  (2715): [188] InAppBillingUtils.pickAccount: com.newscorp.couriermail: Account determined from installer data - [0JIII8BK7XKz36u1zU6sMo8J0zA]
11-10 13:16:14.047 D/dalvikvm(3352): GC_CONCURRENT freed 421K, 9% free 4765K/5228K, paused 3ms+10ms, total 41ms
11-10 13:16:14.047 D/dalvikvm(2247): GC_CONCURRENT freed 836K, 51% free 7680K/15596K, paused 2ms+3ms, total 38ms
11-10 13:16:14.047 D/dalvikvm(2247): WAIT_FOR_CONCURRENT_GC blocked 16ms
11-10 13:16:14.097 D/com.newscorp.app.EditionActivity(2247): New edition containing 10
11-10 13:16:14.097 D/dalvikvm(2247): Trying to load lib /data/app-lib/com.newscorp.adelaideadvertiser-1/librdpdf.so 0x4204d928
11-10 13:16:14.167 F/libc    (2247): Fatal signal 4 (SIGILL) at 0x5fc95c72 (code=1), thread 2247 (laideadvertiser)
11-10 13:16:14.267 V/audio_hw_primary(108): do_out_standby+
11-10 13:16:14.267 D/audio_hw_primary(108): do_out_standby++
11-10 13:16:14.267 V/audio_hw_primary(108): do_out_standby-
11-10 13:16:14.277 I/DEBUG   (104): *** *** *** *** *** *** *** *** *** *** *** *** *** *** *** ***
11-10 13:16:14.277 I/DEBUG   (104): Build fingerprint: 'asus/US_epad/TF101:4.0.3/IML74K/US_epad-9.2.1.27-20120615:user/release-keys'
11-10 13:16:14.277 I/DEBUG   (104): Revision: '0'
11-10 13:16:14.277 I/DEBUG   (104): pid: 2247, tid: 2247, name: laideadvertiser  >>> com.newscorp.adelaideadvertiser <<<
11-10 13:16:14.277 I/DEBUG   (104): signal 4 (SIGILL), code 1 (ILL_ILLOPC), fault addr 5fc95c78
11-10 13:16:14.377 I/DEBUG   (104):     r0 00000000  r1 00000000  r2 00000001  r3 9fd47d2c
11-10 13:16:14.377 I/DEBUG   (104):     r4 00000144  r5 5e9761c0  r6 400b21f8  r7 5e968a90
11-10 13:16:14.377 I/DEBUG   (104):     r8 00000000  r9 befff51c  sl 00000004  fp 4001d670
11-10 13:16:14.377 I/DEBUG   (104):     ip 00000001  sp beffe518  lr 40046970  pc 5fc95c78  cpsr 28000030
11-10 13:16:14.377 I/DEBUG   (104):     d0  3ff0000000000000  d1  3fa999999999999a
11-10 13:16:14.377 I/DEBUG   (104):     d2  421000003f800000  d3  4278000042540000
11-10 13:16:14.377 I/DEBUG   (104):     d4  3e54d4d53e109091  d5  000000353e78f8f9
11-10 13:16:14.377 I/DEBUG   (104):     d6  000000240000003e  d7  3f800000000000ff
11-10 13:16:14.377 I/DEBUG   (104):     d8  0000000000000000  d9  0000000000000000
11-10 13:16:14.377 I/DEBUG   (104):     d10 0000000000000000  d11 0000000000000000
11-10 13:16:14.377 I/DEBUG   (104):     d12 0000000000000000  d13 0000000000000000
11-10 13:16:14.377 I/DEBUG   (104):     d14 0000000000000000  d15 0000000000000000
11-10 13:16:14.377 I/DEBUG   (104):     scr 20000010
11-10 13:16:14.387 I/DEBUG   (104): 
11-10 13:16:14.387 I/DEBUG   (104): backtrace:
11-10 13:16:14.387 I/DEBUG   (104):     #00  pc 000c8c78  /data/app-lib/com.newscorp.adelaideadvertiser-1/librdpdf.so
11-10 13:16:14.387 I/DEBUG   (104):     #01  pc 0000ec24  /system/lib/libc.so (pthread_once+108)
11-10 13:16:14.387 I/DEBUG   (104):     #02  pc 000c8db7  /data/app-lib/com.newscorp.adelaideadvertiser-1/librdpdf.so
11-10 13:16:14.387 I/DEBUG   (104):     #03  pc 000288a3  /data/app-lib/com.newscorp.adelaideadvertiser-1/librdpdf.so
11-10 13:16:14.387 I/DEBUG   (104):     #04  pc 00003e78  /system/bin/linker
11-10 13:16:14.387 I/DEBUG   (104):     #05  pc 00004220  /system/bin/linker
11-10 13:16:14.387 I/DEBUG   (104):     #06  pc 0000439c  /system/bin/linker
11-10 13:16:14.387 I/DEBUG   (104):     #07  pc 000010ec  /system/bin/linker
11-10 13:16:14.387 I/DEBUG   (104):     #08  pc 0007194c  /system/lib/libdvm.so (dvmLoadNativeCode(char const*, Object*, char**)+532)
11-10 13:16:14.387 I/DEBUG   (104):     #09  pc 000a3ddc  /system/lib/libdvm.so
11-10 13:16:14.387 I/DEBUG   (104):     #10  pc 00027220  /system/lib/libdvm.so
11-10 13:16:14.387 I/DEBUG   (104):     #11  pc 0002c164  /system/lib/libdvm.so (dvmInterpret(Thread*, Method const*, JValue*)+184)
11-10 13:16:14.387 I/DEBUG   (104):     #12  pc 00094414  /system/lib/libdvm.so (dvmInvokeMethod(Object*, Method const*, ArrayObject*, ArrayObject*, ClassObject*, bool)+1344)
11-10 13:16:14.387 I/DEBUG   (104):     #13  pc 000a60b0  /system/lib/libdvm.so
11-10 13:16:14.387 I/DEBUG   (104):     #14  pc 00027220  /system/lib/libdvm.so
11-10 13:16:14.387 I/DEBUG   (104):     #15  pc 0002c164  /system/lib/libdvm.so (dvmInterpret(Thread*, Method const*, JValue*)+184)
11-10 13:16:14.387 I/DEBUG   (104):     #16  pc 00093918  /system/lib/libdvm.so (dvmCallMethodV(Thread*, Method const*, Object*, bool, JValue*, std::__va_list)+768)
11-10 13:16:14.387 I/DEBUG   (104):     #17  pc 00060194  /system/lib/libdvm.so
11-10 13:16:14.387 I/DEBUG   (104):     #18  pc 0004b33c  /system/lib/libandroid_runtime.so
11-10 13:16:14.387 I/DEBUG   (104):     #19  pc 0004c99c  /system/lib/libandroid_runtime.so (android::AndroidRuntime::start(char const*, char const*)+772)
11-10 13:16:14.387 I/DEBUG   (104):     #20  pc 00001330  /system/bin/app_process
11-10 13:16:14.387 I/DEBUG   (104):     #21  pc 0000dbdc  /system/lib/libc.so (__libc_init+100)
11-10 13:16:14.387 I/DEBUG   (104):     #22  pc 00000d24  /system/bin/app_process
11-10 13:16:14.387 I/DEBUG   (104): 
11-10 13:16:14.387 I/DEBUG   (104): stack:
11-10 13:16:14.387 I/DEBUG   (104):          beffe4d8  beffe528  [stack]
11-10 13:16:14.387 I/DEBUG   (104):          beffe4dc  0000001b  
11-10 13:16:14.387 I/DEBUG   (104):          beffe4e0  5e968a88  
11-10 13:16:14.387 I/DEBUG   (104):          beffe4e4  5e968a90  
11-10 13:16:14.387 I/DEBUG   (104):          beffe4e8  400b21f8  
11-10 13:16:14.387 I/DEBUG   (104):          beffe4ec  5e968a90  
11-10 13:16:14.387 I/DEBUG   (104):          beffe4f0  00000000  
11-10 13:16:14.387 I/DEBUG   (104):          beffe4f4  4004b8d8  /system/lib/libc.so (dlfree+996)
11-10 13:16:14.387 I/DEBUG   (104):          beffe4f8  00068698  
11-10 13:16:14.387 I/DEBUG   (104):          beffe4fc  00000144  
11-10 13:16:14.387 I/DEBUG   (104):          beffe500  00000144  
11-10 13:16:14.387 I/DEBUG   (104):          beffe504  5e9761c0  
11-10 13:16:14.387 I/DEBUG   (104):          beffe508  400b21f8  
