11-10 13:16:49.197 D/Finsky  (2715): [1] InstallerImpl.requestInstall: Request install of com.nolanlawson.logcat v=42 for single_install
11-10 13:16:49.207 D/Finsky  (2715): [1] InstallerImpl.kick: Installer kick - starting com.nolanlawson.logcat
11-10 13:16:49.327 D/dalvikvm(1052): GC_CONCURRENT freed 380K, 10% free 5231K/5772K, paused 6ms+2ms, total 39ms
11-10 13:16:49.677 D/Volley  (2715): [1] Request.finish: 3069 ms: [X] https://lh6.ggpht.com/Fkt1LezEvmuHCkG9kdYptoECrCMQ1SOELunKRqtTzBlq287j4QqJf6pI9KwoOlCuRxwu=rw-w175-h175 0x5caeaa7b LOW 55
11-10 13:16:49.717 D/dalvikvm(2715): GC_CONCURRENT freed 1897K, 9% free 21501K/23492K, paused 3ms+11ms, total 71ms
11-10 13:16:49.717 D/dalvikvm(2715): WAIT_FOR_CONCURRENT_GC blocked 23ms
11-10 13:16:49.897 D/dalvikvm(2715): GC_FOR_ALLOC freed 752K, 9% free 21433K/23492K, paused 53ms, total 53ms
11-10 13:16:49.907 I/dalvikvm-heap(2715): Grow heap (frag case) to 21.261MB for 245776-byte allocation
11-10 13:16:49.967 D/dalvikvm(2715): GC_FOR_ALLOC freed 51K, 9% free 21622K/23736K, paused 67ms, total 67ms
11-10 13:16:50.037 D/dalvikvm(2715): GC_FOR_ALLOC freed 37K, 9% free 21630K/23736K, paused 53ms, total 53ms
11-10 13:16:50.037 I/dalvikvm-heap(2715): Grow heap (frag case) to 21.453MB for 245776-byte allocation
11-10 13:16:50.087 D/dalvikvm(2715): GC_FOR_ALLOC freed 1K, 9% free 21868K/23980K, paused 53ms, total 53ms
11-10 13:16:50.167 D/dalvikvm(2715): GC_FOR_ALLOC freed 87K, 9% free 21896K/23980K, paused 52ms, total 52ms
11-10 13:16:50.167 I/dalvikvm-heap(2715): Grow heap (frag case) to 21.713MB for 245776-byte allocation
11-10 13:16:50.217 D/dalvikvm(2715): GC_FOR_ALLOC freed 2K, 9% free 22133K/24224K, paused 51ms, total 51ms
11-10 13:16:50.257 D/Volley  (2715): [1] Request.finish: 3289 ms: [ ] http://lh6.ggpht.com/WNRUHXiVKX0gu4jOuMEDLz4JVwtaElHQpacSApIrs2nNPROS8FGGuaF0mflbHUmQPEM=rw-h320 0x5caeaa7b LOW 59
11-10 13:16:50.277 D/Finsky  (2715): [1] DownloadImpl.setState: com.nolanlawson.logcat from null to UNQUEUED.
11-10 13:16:50.277 D/Finsky  (2715): [1] DownloadQueueImpl.add: Download com.nolanlawson.logcat added to DownloadQueue
11-10 13:16:50.277 D/Finsky  (2715): [1] DownloadImpl.setState: com.nolanlawson.logcat from UNQUEUED to QUEUED.
11-10 13:16:50.327 I/installd(109): free_cache(208537) avail 5341290496
11-10 13:16:50.327 D/Finsky  (2715): [1] DownloadQueueImpl.startDownload: Download com.nolanlawson.logcat starting
11-10 13:16:50.357 D/Finsky  (2715): [206] 7.run: Enqueued com.nolanlawson.logcat as content://downloads/my_downloads/226
11-10 13:16:50.367 D/Finsky  (2715): [1] DownloadImpl.setState: com.nolanlawson.logcat from QUEUED to DOWNLOADING.
11-10 13:16:50.367 D/Finsky  (2715): [1] DownloadQueueImpl.onStart: com.nolanlawson.logcat: onStart
11-10 13:16:50.427 D/dalvikvm(879): GC_CONCURRENT freed 394K, 10% free 4612K/5112K, paused 4ms+6ms, total 25ms
11-10 13:16:50.437 D/Finsky  (2715): [1] DownloadQueueImpl.notifyProgress: com.nolanlawson.logcat: onProgress 0/-1 Status: 192.
11-10 13:16:50.447 I/DownloadManager(879): Download 226 starting
11-10 13:16:50.477 W/ActivityThread(879): ClassLoader.loadClass: The class loader returned by Thread.getContextClassLoader() may fail for processes that host multiple applications. You should explicitly specify a context class loader. For example: Thread.setContextClassLoader(getClass().getClassLoader());
11-10 13:16:50.777 D/dalvikvm(879): GC_CONCURRENT freed 375K, 10% free 4630K/5112K, paused 3ms+4ms, total 25ms
11-10 13:16:50.797 D/dalvikvm(2715): GC_FOR_ALLOC freed 1168K, 12% free 21348K/24224K, paused 59ms, total 59ms
11-10 13:16:51.667 W/Sidekick_GmmLocationProviderImpl(2500): Unable to bind to GMM NLP
11-10 13:16:51.667 W/ActivityManager(753): Unable to start service Intent { act=com.google.android.location.internal.GMM_NLP (has extras) } U=0: not found
11-10 13:16:52.107 V/audio_hw_primary(108): do_out_standby+
11-10 13:16:52.107 D/audio_hw_primary(108): do_out_standby++
11-10 13:16:52.107 V/audio_hw_primary(108): do_out_standby-
11-10 13:16:52.577 I/DownloadManager(879): Download 226 finished with status SUCCESS
11-10 13:16:52.577 D/Finsky  (2715): [1] DownloadBroadcastReceiver.onReceive: Intent received at DownloadBroadcastReceiver
11-10 13:16:52.587 D/Finsky  (2715): [1] DownloadQueueImpl.notifyProgress: com.nolanlawson.logcat: onProgress 208537/208537 Status: 200.
11-10 13:16:52.647 D/Finsky  (2715): [1] DownloadImpl.setState: com.nolanlawson.logcat from DOWNLOADING to SUCCESS.
11-10 13:16:52.647 D/Finsky  (2715): [1] DownloadQueueImpl.onComplete: com.nolanlawson.logcat: onComplete
11-10 13:16:52.647 D/Finsky  (2715): [1] DownloadQueueImpl.remove: Download com.nolanlawson.logcat removed from DownloadQueue
11-10 13:16:52.647 I/installd(109): free_cache(0) avail 5341044736
11-10 13:16:52.647 D/Finsky  (2715): [1] InstallerTask.startInstallingGzippedApk: Prepare to unzip com.nolanlawson.logcat from content://downloads/my_downloads/226
11-10 13:16:52.717 D/Finsky  (2715): [1] 9.onPostExecute: Successfully unpacked gzipped APK to update com.nolanlawson.logcat
11-10 13:16:52.837 D/Finsky  (2715): [1] 4.installBeginning: Begin install of com.nolanlawson.logcat
11-10 13:16:52.867 I/ActivityManager(753): Start proc com.android.defcontainer for service com.android.defcontainer/.DefaultContainerService: pid=3504 uid=10007 gids={50007, 1015, 1023, 2001, 1028}
11-10 13:16:52.887 D/dalvikvm(106): GC_EXPLICIT freed 39K, 2% free 4266K/4344K, paused 1ms+2ms, total 25ms
11-10 13:16:52.907 D/dalvikvm(106): GC_EXPLICIT freed <1K, 2% free 4266K/4344K, paused 2ms+2ms, total 20ms
11-10 13:16:52.927 D/dalvikvm(106): GC_EXPLICIT freed <1K, 2% free 4266K/4344K, paused 1ms+2ms, total 19ms
11-10 13:16:52.997 W/ActivityManager(753): No content provider found for permission revoke: file:///data/data/com.android.vending/cache/gzipped/com.nolanlawson.logcat-1574361354.apk
11-10 13:16:53.127 D/dalvikvm(2715): GC_CONCURRENT freed 2028K, 13% free 21316K/24224K, paused 3ms+7ms, total 77ms
11-10 13:16:53.227 D/Finsky  (2715): [1] PackageVerificationReceiver.checkPrerequisites: Skipping verification because own installation
11-10 13:16:53.247 D/Finsky  (2715): [1] PackageVerificationReceiver.onReceive: Verification requested, id = 0
11-10 13:16:53.257 W/ActivityManager(753): No content provider found for permission revoke: file:///data/data/com.android.vending/cache/gzipped/com.nolanlawson.logcat-1574361354.apk
11-10 13:16:53.257 I/PackageManager(753): Copying native libraries to /data/app-lib/vmdl-1679677459
11-10 13:16:53.437 D/dalvikvm(753): GC_CONCURRENT freed 1956K, 19% free 12521K/15320K, paused 4ms+4ms, total 66ms
11-10 13:16:53.437 D/dalvikvm(753): WAIT_FOR_CONCURRENT_GC blocked 55ms
11-10 13:16:53.457 I/PackageManager(753): Running dexopt on: com.nolanlawson.logcat
11-10 13:16:53.697 D/dalvikvm(3518): DexOpt: load 43ms, verify+opt 83ms, 722276 bytes
11-10 13:16:53.707 I/ActivityManager(753): Force stopping package com.nolanlawson.logcat appid=10097 user=-1
11-10 13:16:53.767 W/PackageManager(753): Not granting permission android.permission.READ_LOGS to package com.nolanlawson.logcat (protectionLevel=50 flags=0x8be44)
11-10 13:16:53.817 I/ActivityManager(753): No longer want com.google.android.gm (pid 2584): empty #14
11-10 13:16:53.847 I/ActivityManager(753): Start proc com.android.musicfx for broadcast com.android.musicfx/.Compatibility$Receiver: pid=3519 uid=10021 gids={50021, 3003, 3002, 1028}
11-10 13:16:53.857 I/InputReader(753): Reconfiguring input devices.  changes=0x00000010
11-10 13:16:53.877 I/Trebuchet.Launcher(1066): setLoadOnResume
11-10 13:16:53.917 I/ActivityManager(753): Start proc com.google.android.gallery3d for broadcast com.google.android.gallery3d/com.android.gallery3d.app.PackagesMonitor: pid=3534 uid=10040 gids={50040, 1006, 3003, 1015, 1028}
11-10 13:16:53.927 I/ActivityManager(753): No longer want com.google.android.gms:snet (pid 2677): empty #14
11-10 13:16:54.017 D/BackupManagerService(753): Received broadcast Intent { act=android.intent.action.PACKAGE_ADDED dat=package:com.nolanlawson.logcat flg=0x8000010 (has extras) }
11-10 13:16:54.017 V/BackupManagerService(753): addPackageParticipantsLocked: #1
11-10 13:16:54.077 D/dalvikvm(753): GC_EXPLICIT freed 1053K, 18% free 12618K/15320K, paused 8ms+9ms, total 243ms
11-10 13:16:54.077 D/Finsky  (2715): [188] 1.packageInstalled: Package install status for com.nolanlawson.logcat is 1
11-10 13:16:54.077 D/Finsky  (2715): [1] 4.installSucceeded: Successful install of com.nolanlawson.logcat
11-10 13:16:54.097 D/Finsky  (2715): [1] InstallerTask.addAppShortcut: Requested shortcut for com.nolanlawson.logcat
11-10 13:16:54.367 D/dalvikvm(3534): GC_CONCURRENT freed 315K, 8% free 4412K/4768K, paused 1ms+1ms, total 36ms
11-10 13:16:54.437 I/ActivityManager(753): Start proc com.google.android.partnersetup for broadcast com.google.android.partnersetup/.RlzPingBroadcastReceiver: pid=3554 uid=10043 gids={50043, 3003, 1028}
11-10 13:16:54.477 I/ActivityManager(753): No longer want com.android.providers.calendar (pid 2486): empty #14
11-10 13:16:54.527 I/Choreographer(1066): Skipped 39 frames!  The application may be doing too much work on its main thread.
11-10 13:16:54.607 I/ActivityManager(753): No longer want org.mozilla.firefox (pid 2634): empty #14
11-10 13:16:54.667 E/Trebuchet.AppsCustomizePagedView(1066): Widget ComponentInfo{com.kobobooks.android/com.kobobooks.android.widget.StoreWidgetProvider} can not fit on this device (531, 600)
11-10 13:16:54.687 D/Finsky  (2715): [1] DetailsDataBasedFragment.rebindViews: Page [class=DetailsFragment] loaded in [9157 ms] (hasDetailsDataLoaded? true)
11-10 13:16:54.767 I/ConfigFetchService(1052): PackageReceiver: Intent { act=android.intent.action.PACKAGE_ADDED dat=package:com.nolanlawson.logcat flg=0x8000010 cmp=com.google.android.gms/.config.ConfigFetchService$PackageReceiver (has extras) }
11-10 13:16:54.787 I/ConfigService(1084): onCreate
11-10 13:16:54.787 I/ConfigService(1084): onBind for Intent { act=com.google.android.gms.config.UPDATE pkg=com.google.android.gms } action com.google.android.gms.config.UPDATE
11-10 13:16:54.787 I/ConfigFetchService(1052): onStartCommand Intent { act=android.intent.action.PACKAGE_ADDED dat=package:com.nolanlawson.logcat cmp=com.google.android.gms/.config.ConfigFetchService (has extras) }
11-10 13:16:54.797 I/ConfigFetchService(1052): launchTask
11-10 13:16:54.797 I/ConfigService(1084): onBind returning update interface
11-10 13:16:54.807 I/ConfigService(1084): onBind for Intent { act=com.google.android.gms.config.START pkg=com.google.android.gms } action com.google.android.gms.config.START
11-10 13:16:54.807 I/ConfigService(1084): onBind returning config service
11-10 13:16:54.927 D/dalvikvm(2715): GC_CONCURRENT freed 2091K, 13% free 21272K/24224K, paused 4ms+10ms, total 83ms
11-10 13:16:54.927 D/dalvikvm(2715): WAIT_FOR_CONCURRENT_GC blocked 23ms
11-10 13:16:54.957 I/GoogleHttpClient(1052): Falling back to old SSLCertificateSocketFactory
11-10 13:16:54.987 I/ConfigFetchService(1052): service connected
11-10 13:16:54.987 I/ConfigClient(1052): service connected
11-10 13:16:55.137 D/dalvikvm(3449): GC_CONCURRENT freed 332K, 8% free 4816K/5188K, paused 3ms+10ms, total 53ms
11-10 13:16:55.317 D/PackageBroadcastService(1052): Received broadcast action=android.intent.action.PACKAGE_ADDED and uri=com.nolanlawson.logcat
11-10 13:16:55.397 I/ActivityManager(753): Start proc com.google.android.apps.plus for broadcast com.google.android.apps.plus/.service.PackagesMediaMonitor: pid=3572 uid=10086 gids={50086, 3003, 3002, 1015, 1006, 1028}
11-10 13:16:55.437 E/Trebuchet.AppsCustomizePagedView(1066): Widget ComponentInfo{com.kobobooks.android/com.kobobooks.android.widget.StoreWidgetProvider} can not fit on this device (531, 600)
11-10 13:16:55.577 D/dalvikvm(1066): GC_CONCURRENT freed 7391K, 22% free 17174K/21916K, paused 3ms+16ms, total 122ms
11-10 13:16:55.617 I/ActivityManager(753): Start proc com.google.android.gms.wearable for service com.google.android.gms/.wearable.service.WearableControlService: pid=3588 uid=10028 gids={50028, 3003, 1007, 1028, 1015, 1006, 3002, 3001, 2001, 3006}
11-10 13:16:55.677 I/MultiDex(3588): VM with version 1.6.0 does not have multidex support
11-10 13:16:55.677 I/MultiDex(3588): install
11-10 13:16:55.677 I/MultiDex(3588): MultiDexExtractor.load(/data/app/com.google.android.gms-1.apk, false)
11-10 13:16:55.727 I/MultiDex(3588): loading existing secondary dex files
11-10 13:16:55.727 I/MultiDex(3588): load found 2 secondary dex files
11-10 13:16:55.737 I/MultiDex(3588): install done
11-10 13:16:55.747 I/ProviderInstaller(3588): Insert disabled by gate 'gms:security:enable_conscrypt_in_gms_application'
11-10 13:16:56.037 D/dalvikvm(3588): GC_CONCURRENT freed 305K, 8% free 4404K/4748K, paused 3ms+3ms, total 30ms
11-10 13:16:56.117 D/dalvikvm(3572): GC_CONCURRENT freed 330K, 8% free 4427K/4796K, paused 3ms+4ms, total 35ms
11-10 13:16:56.187 W/GmsApplication(1052): Using Auth Proxy for data requests.
11-10 13:16:56.207 D/dalvikvm(3572): Trying to load lib /data/app-lib/com.google.android.apps.plus-2/libcrashreporter.so 0x4204b550
11-10 13:16:56.207 D/dalvikvm(3572): Added shared lib /data/app-lib/com.google.android.apps.plus-2/libcrashreporter.so 0x4204b550
11-10 13:16:56.227 D/dalvikvm(1052): GC_CONCURRENT freed 276K, 8% free 5356K/5772K, paused 6ms+2ms, total 32ms
11-10 13:16:56.247 I/GoogleHttpClient(1052): Falling back to old SSLCertificateSocketFactory
11-10 13:16:56.257 I/dalvikvm(1052): Could not find method android.security.KeyPairGeneratorSpec$Builder.setKeyType, referenced from method com.google.android.gms.auth.c.a.a
11-10 13:16:56.257 W/dalvikvm(1052): VFY: unable to resolve virtual method 1543: Landroid/security/KeyPairGeneratorSpec$Builder;.setKeyType (Ljava/lang/String;)Landroid/security/KeyPairGeneratorSpec$Builder;
11-10 13:16:56.257 D/dalvikvm(1052): VFY: replacing opcode 0x6e at 0x00a2
11-10 13:16:56.257 I/GLSUser (1052): [ ChannelManager ] Attempting to channel bind connection HttpClient.
11-10 13:16:56.277 D/dalvikvm(3572): GC_CONCURRENT freed 361K, 9% free 4536K/4936K, paused 3ms+3ms, total 23ms
11-10 13:16:56.287 I/GLSUser (1052): [ ChannelManager ] Skip channel binding on pre-KLP devices.
11-10 13:16:56.297 W/GmsApplication(1052): Using Auth Proxy for data requests.
11-10 13:16:56.337 W/dalvikvm(1052): VFY: unable to find class referenced in signature (Landroid/app/SharedElementCallback;)
11-10 13:16:56.337 I/dalvikvm(1052): Could not find method android.app.Activity.setEnterSharedElementCallback, referenced from method android.support.v4.app.q.setEnterSharedElementCallback
11-10 13:16:56.337 W/dalvikvm(1052): VFY: unable to resolve virtual method 75: Landroid/app/Activity;.setEnterSharedElementCallback (Landroid/app/SharedElementCallback;)V
11-10 13:16:56.337 D/dalvikvm(1052): VFY: replacing opcode 0x6e at 0x000e
11-10 13:16:56.337 W/dalvikvm(1052): VFY: unable to find class referenced in signature (Landroid/app/SharedElementCallback;)
11-10 13:16:56.337 I/dalvikvm(1052): Could not find method android.app.Activity.setExitSharedElementCallback, referenced from method android.support.v4.app.q.setExitSharedElementCallback
11-10 13:16:56.337 W/dalvikvm(1052): VFY: unable to resolve virtual method 76: Landroid/app/Activity;.setExitSharedElementCallback (Landroid/app/SharedElementCallback;)V
11-10 13:16:56.337 D/dalvikvm(1052): VFY: replacing opcode 0x6e at 0x000e
11-10 13:16:56.337 I/dalvikvm(1052): Could not find method android.app.Activity.finishAfterTransition, referenced from method android.support.v4.app.q.supportFinishAfterTransition
11-10 13:16:56.337 W/dalvikvm(1052): VFY: unable to resolve virtual method 39: Landroid/app/Activity;.finishAfterTransition ()V
11-10 13:16:56.337 D/dalvikvm(1052): VFY: replacing opcode 0x6e at 0x0006
11-10 13:16:56.337 I/dalvikvm(1052): Could not find method android.app.Activity.postponeEnterTransition, referenced from method android.support.v4.app.q.supportPostponeEnterTransition
11-10 13:16:56.337 W/dalvikvm(1052): VFY: unable to resolve virtual method 71: Landroid/app/Activity;.postponeEnterTransition ()V
11-10 13:16:56.337 D/dalvikvm(1052): VFY: replacing opcode 0x6e at 0x0006
11-10 13:16:56.337 I/dalvikvm(1052): Could not find method android.app.Activity.startPostponedEnterTransition, referenced from method android.support.v4.app.q.supportStartPostponedEnterTransition
11-10 13:16:56.337 W/dalvikvm(1052): VFY: unable to resolve virtual method 84: Landroid/app/Activity;.startPostponedEnterTransition ()V
11-10 13:16:56.337 D/dalvikvm(1052): VFY: replacing opcode 0x6e at 0x0006
11-10 13:16:56.367 W/GmsApplication(1052): Using Auth Proxy for data requests.
11-10 13:16:56.417 D/dalvikvm(3572): GC_CONCURRENT freed 274K, 6% free 4749K/5052K, paused 2ms+6ms, total 35ms
11-10 13:16:56.417 W/GmsApplication(1052): Using Auth Proxy for data requests.
11-10 13:16:56.447 I/ActivityManager(753): Start proc com.android.launcher for broadcast com.android.launcher/com.android.launcher2.InstallShortcutReceiver: pid=3634 uid=10017 gids={50017, 1028}
11-10 13:16:56.457 I/PeopleDatabaseHelper(1052): cleanUpNonGplusAccounts done.
11-10 13:16:56.467 W/GmsApplication(1052): Using Auth Proxy for data requests.
11-10 13:16:56.487 W/GmsApplication(1052): Using Auth Proxy for data requests.
11-10 13:16:56.557 D/dalvikvm(3572): GC_CONCURRENT freed 256K, 6% free 4880K/5180K, paused 2ms+2ms, total 22ms
11-10 13:16:56.617 I/GLSActivity(1084): [ae] getting account id
11-10 13:16:56.657 D/dalvikvm(3634): GC_CONCURRENT freed 295K, 8% free 4425K/4760K, paused 2ms+1ms, total 29ms
11-10 13:16:56.677 I/GLSUser (1084): [p] Fetched account id for brenton.wiley@gmail.com : 109113923262588887019
11-10 13:16:56.677 D/dalvikvm(1052): GC_CONCURRENT freed 267K, 7% free 5496K/5864K, paused 3ms+58ms, total 92ms
11-10 13:16:56.687 D/audio_hw_primary(108): outpcm open: card=0, device=0, rate=44100
11-10 13:16:56.697 I/ActivityManager(753): START u0 {act=android.intent.action.MAIN cat=[android.intent.category.LAUNCHER] flg=0x10000000 pkg=com.nolanlawson.logcat cmp=com.nolanlawson.logcat/.LogcatActivity} from pid 2715
11-10 13:16:56.757 I/ActivityManager(753): Start proc com.nolanlawson.logcat for activity com.nolanlawson.logcat/.LogcatActivity: pid=3652 uid=10097 gids={50097, 1015, 1028}
11-10 13:16:56.767 I/dalvikvm(3652): Turning on JNI app bug workarounds for target SDK version 10...
11-10 13:16:56.887 D/Trebuchet.LauncherModel(1066): DbDebug    Add item (CatLog) to db, id: 24 (-100, 2, 4, 1)
11-10 13:16:56.907 I/Trebuchet.Launcher(1066): setLoadOnResume
11-10 13:16:56.927 D/dalvikvm(3652): GC_CONCURRENT freed 128K, 4% free 4599K/4764K, paused 10ms+2ms, total 34ms
11-10 13:16:56.937 I/GLSActivity(1084): [ae] getting account id
11-10 13:16:56.947 I/GLSUser (1084): [p] Fetched account id for bludclotau@gmail.com : 104064513399768342152
11-10 13:16:56.957 D/dalvikvm(1084): GC_CONCURRENT freed 388K, 9% free 5179K/5668K, paused 3ms+3ms, total 31ms
11-10 13:16:57.017 V/TabletStatusBar(870): setLightsOn(true)
11-10 13:16:57.047 D/GCM     (1084): GcmService start Intent { act=com.google.android.gms.INITIALIZE flg=0x10 pkg=com.google.android.gms cmp=com.google.android.gms/.gcm.GcmService } com.google.android.gms.INITIALIZE
11-10 13:16:57.067 D/AuthorizationBluetoothService(1084): Received GmsCore event: Intent { act=com.google.android.gms.INITIALIZE flg=0x10 pkg=com.google.android.gms cmp=com.google.android.gms/.auth.be.proximity.authorization.bt.AuthorizationBluetoothService$AutoStarter }.
11-10 13:16:57.067 E/AuthorizationBluetoothService(1084): Proximity feature is not enabled.
11-10 13:16:57.157 I/ActivityManager(753): Displayed com.nolanlawson.logcat/.LogcatActivity: +410ms
11-10 13:16:57.237 D/dalvikvm(1052): GC_CONCURRENT freed 367K, 8% free 5597K/6056K, paused 21ms+5ms, total 72ms
11-10 13:16:57.687 D/dalvikvm(753): GC_EXPLICIT freed 1590K, 18% free 12585K/15320K, paused 2ms+7ms, total 88ms
11-10 13:16:57.837 D/dalvikvm(3572): GC_CONCURRENT freed 314K, 7% free 4983K/5336K, paused 8ms+12ms, total 60ms
11-10 13:16:57.937 D/AndroidRuntime(3688): 
11-10 13:16:57.937 D/AndroidRuntime(3688): >>>>>> AndroidRuntime START com.android.internal.os.RuntimeInit <<<<<<
11-10 13:16:57.937 D/AndroidRuntime(3688): CheckJNI is OFF
11-10 13:16:57.947 D/dalvikvm(3688): Trying to load lib libjavacore.so 0x0
11-10 13:16:57.957 D/dalvikvm(3688): Added shared lib libjavacore.so 0x0
11-10 13:16:57.977 D/dalvikvm(3688): Trying to load lib libnativehelper.so 0x0
11-10 13:16:57.977 D/dalvikvm(3688): Added shared lib libnativehelper.so 0x0
11-10 13:16:58.427 E/cutils-trace(3688): Error opening trace file: No such file or directory (2)
11-10 13:16:58.577 D/AndroidRuntime(3688): Calling main entry com.android.commands.am.Am
11-10 13:16:58.577 D/dalvikvm(3688): Note: class Landroid/app/ActivityManagerNative; has 164 unimplemented (abstract) methods
11-10 13:16:58.677 D/dalvikvm(2615): GC_CONCURRENT freed 358K, 8% free 4432K/4784K, paused 4ms+7ms, total 40ms
11-10 13:16:58.757 I/ActivityManager(753): START u0 {act=android.intent.action.MAIN flg=0x50840000 cmp=eu.chainfire.supersu/.PromptActivity (has extras)} from pid 2615
11-10 13:16:58.827 D/AndroidRuntime(3688): Shutting down VM
11-10 13:16:58.837 D/dalvikvm(3688): GC_CONCURRENT freed 93K, 16% free 520K/616K, paused 0ms+0ms, total 11ms
11-10 13:16:58.927 D/dalvikvm(2615): GC_CONCURRENT freed 421K, 10% free 4406K/4868K, paused 2ms+2ms, total 18ms
11-10 13:16:59.447 D/libEGL  (2615): loaded /system/lib/egl/libEGL_tegra.so
11-10 13:16:59.747 V/audio_hw_primary(108): do_out_standby+
11-10 13:16:59.747 D/audio_hw_primary(108): do_out_standby++
11-10 13:16:59.747 V/audio_hw_primary(108): do_out_standby-
11-10 13:16:59.767 D/libEGL  (2615): loaded /system/lib/egl/libGLESv1_CM_tegra.so
11-10 13:17:00.167 D/libEGL  (2615): loaded /system/lib/egl/libGLESv2_tegra.so
11-10 13:17:00.237 D/OpenGLRenderer(2615): Enabling debug mode 0
11-10 13:17:00.347 I/ActivityManager(753): Displayed eu.chainfire.supersu/.PromptActivity: +1s529ms
11-10 13:17:01.327 I/GAV2    (3572): Thread[GAThread,5,main]: No campaign data found.
11-10 13:17:04.377 D/audio_hw_primary(108): outpcm open: card=0, device=0, rate=44100
11-10 13:17:04.397 W/InputMethodManagerService(753): Window already focused, ignoring focus gain of: com.android.internal.view.IInputMethodClient$Stub$Proxy@42772af0 attribute=null, token = android.os.BinderProxy@427b9060
11-10 13:17:04.927 I/GoogleHttpClient(1052): Falling back to old SSLCertificateSocketFactory
11-10 13:17:05.357 I/ConfigFetchService(1052): fetch service done; releasing wakelock
11-10 13:17:05.357 I/ConfigFetchService(1052): stopping self
11-10 13:17:05.367 I/ConfigService(1084): onDestroy
11-10 13:17:05.447 D/dalvikvm(2615): GC_CONCURRENT freed 272K, 7% free 4590K/4896K, paused 3ms+3ms, total 32ms
11-10 13:17:05.757 V/TabletStatusBar(870): setLightsOn(true)
11-10 13:17:05.777 I/ActivityManager(753): No longer want com.sonelli.juicessh (pid 3093): empty #14
11-10 13:17:05.837 D/dalvikvm(2615): GC_CONCURRENT freed 527K, 12% free 4458K/5024K, paused 3ms+15ms, total 112ms
11-10 13:17:06.007 D/AndroidRuntime(3771): 
11-10 13:17:06.007 D/AndroidRuntime(3771): >>>>>> AndroidRuntime START com.android.internal.os.RuntimeInit <<<<<<
11-10 13:17:06.007 D/AndroidRuntime(3771): CheckJNI is OFF
11-10 13:17:06.017 D/dalvikvm(3771): Trying to load lib libjavacore.so 0x0
11-10 13:17:06.027 D/dalvikvm(3771): Added shared lib libjavacore.so 0x0
11-10 13:17:06.037 D/dalvikvm(3771): Trying to load lib libnativehelper.so 0x0
11-10 13:17:06.037 D/dalvikvm(3771): Added shared lib libnativehelper.so 0x0
11-10 13:17:06.057 E/cutils-trace(3771): Error opening trace file: No such file or directory (2)
11-10 13:17:06.267 D/AndroidRuntime(3771): Calling main entry com.android.commands.am.Am
11-10 13:17:06.267 D/dalvikvm(3771): Note: class Landroid/app/ActivityManagerNative; has 164 unimplemented (abstract) methods
11-10 13:17:06.287 D/AndroidRuntime(3771): Shutting down VM
11-10 13:17:06.287 D/dalvikvm(3771): GC_CONCURRENT freed 94K, 17% free 520K/620K, paused 0ms+0ms, total 4ms
11-10 13:17:06.407 D/dalvikvm(3652): GC_CONCURRENT freed 140K, 4% free 4852K/5032K, paused 4ms+14ms, total 64ms
11-10 13:17:06.507 D/dalvikvm(3652): GC_CONCURRENT freed 497K, 11% free 4763K/5300K, paused 4ms+3ms, total 51ms
11-10 13:17:06.537 D/AndroidRuntime(3789): 
11-10 13:17:06.537 D/AndroidRuntime(3789): >>>>>> AndroidRuntime START com.android.internal.os.RuntimeInit <<<<<<
11-10 13:17:06.537 D/AndroidRuntime(3789): CheckJNI is OFF
11-10 13:17:06.547 D/dalvikvm(3789): Trying to load lib libjavacore.so 0x0
11-10 13:17:06.557 D/dalvikvm(3789): Added shared lib libjavacore.so 0x0
11-10 13:17:06.567 D/dalvikvm(3789): Trying to load lib libnativehelper.so 0x0
11-10 13:17:06.567 D/dalvikvm(3789): Added shared lib libnativehelper.so 0x0
11-10 13:17:06.597 E/cutils-trace(3789): Error opening trace file: No such file or directory (2)
11-10 13:17:06.597 D/dalvikvm(3652): GC_CONCURRENT freed 433K, 11% free 4763K/5300K, paused 2ms+4ms, total 26ms
11-10 13:17:06.737 D/AndroidRuntime(3789): Calling main entry com.android.commands.am.Am
11-10 13:17:06.737 D/dalvikvm(3789): Note: class Landroid/app/ActivityManagerNative; has 164 unimplemented (abstract) methods
11-10 13:17:06.757 D/AndroidRuntime(3789): Shutting down VM
11-10 13:17:06.757 D/dalvikvm(3789): GC_CONCURRENT freed 94K, 17% free 520K/620K, paused 0ms+0ms, total 4ms
11-10 13:17:07.097 D/AndroidRuntime(3808): 
11-10 13:17:07.097 D/AndroidRuntime(3808): >>>>>> AndroidRuntime START com.android.internal.os.RuntimeInit <<<<<<
11-10 13:17:07.097 D/AndroidRuntime(3808): CheckJNI is OFF
11-10 13:17:07.107 D/dalvikvm(3808): Trying to load lib libjavacore.so 0x0
11-10 13:17:07.107 D/dalvikvm(3808): Added shared lib libjavacore.so 0x0
11-10 13:17:07.117 D/dalvikvm(3808): Trying to load lib libnativehelper.so 0x0
11-10 13:17:07.117 D/dalvikvm(3808): Added shared lib libnativehelper.so 0x0
11-10 13:17:07.307 D/AndroidRuntime(3808): Calling main entry com.android.commands.am.Am
11-10 13:17:07.307 D/dalvikvm(3808): Note: class Landroid/app/ActivityManagerNative; has 164 unimplemented (abstract) methods
11-10 13:17:07.327 D/AndroidRuntime(3808): Shutting down VM
11-10 13:17:07.327 E/cutils-trace(3808): Error opening trace file: No such file or directory (2)
11-10 13:17:07.327 D/dalvikvm(3808): GC_CONCURRENT freed 93K, 16% free 520K/616K, paused 0ms+1ms, total 5ms
11-10 13:17:07.527 D/AndroidRuntime(3823): 
11-10 13:17:07.527 D/AndroidRuntime(3823): >>>>>> AndroidRuntime START com.android.internal.os.RuntimeInit <<<<<<
11-10 13:17:07.527 D/AndroidRuntime(3823): CheckJNI is OFF
11-10 13:17:07.567 D/dalvikvm(3823): Trying to load lib libjavacore.so 0x0
11-10 13:17:07.587 D/dalvikvm(3823): Added shared lib libjavacore.so 0x0
11-10 13:17:07.597 D/dalvikvm(3823): Trying to load lib libnativehelper.so 0x0
11-10 13:17:07.597 D/dalvikvm(3823): Added shared lib libnativehelper.so 0x0
11-10 13:17:07.627 E/cutils-trace(3823): Error opening trace file: No such file or directory (2)
11-10 13:17:07.837 D/AndroidRuntime(3823): Calling main entry com.android.commands.am.Am
11-10 13:17:07.837 D/dalvikvm(3823): Note: class Landroid/app/ActivityManagerNative; has 164 unimplemented (abstract) methods
11-10 13:17:07.847 D/AndroidRuntime(3833): 
11-10 13:17:07.847 D/AndroidRuntime(3833): >>>>>> AndroidRuntime START com.android.internal.os.RuntimeInit <<<<<<
11-10 13:17:07.847 D/AndroidRuntime(3833): CheckJNI is OFF
11-10 13:17:07.857 D/AndroidRuntime(3823): Shutting down VM
11-10 13:17:07.857 D/dalvikvm(3833): Trying to load lib libjavacore.so 0x0
11-10 13:17:07.867 D/dalvikvm(3833): Added shared lib libjavacore.so 0x0
11-10 13:17:07.867 D/dalvikvm(3823): GC_CONCURRENT freed 93K, 16% free 520K/616K, paused 0ms+1ms, total 3ms
11-10 13:17:07.877 D/dalvikvm(3833): Trying to load lib libnativehelper.so 0x0
11-10 13:17:07.877 D/dalvikvm(3833): Added shared lib libnativehelper.so 0x0
11-10 13:17:07.947 D/dalvikvm(3652): GC_CONCURRENT freed 255K, 7% free 4942K/5300K, paused 9ms+10ms, total 63ms
11-10 13:17:08.057 D/dalvikvm(3652): GC_CONCURRENT freed 132K, 4% free 5214K/5384K, paused 2ms+2ms, total 30ms
11-10 13:17:08.077 D/AndroidRuntime(3833): Calling main entry com.android.commands.am.Am
11-10 13:17:08.077 D/dalvikvm(3833): Note: class Landroid/app/ActivityManagerNative; has 164 unimplemented (abstract) methods
11-10 13:17:08.107 D/AndroidRuntime(3833): Shutting down VM
11-10 13:17:08.107 E/cutils-trace(3833): Error opening trace file: No such file or directory (2)
11-10 13:17:08.117 D/dalvikvm(3833): GC_CONCURRENT freed 94K, 17% free 520K/620K, paused 0ms+0ms, total 4ms
11-10 13:17:08.207 D/dalvikvm(3652): GC_CONCURRENT freed 162K, 4% free 5562K/5764K, paused 2ms+5ms, total 38ms
11-10 13:17:08.207 D/dalvikvm(3652): WAIT_FOR_CONCURRENT_GC blocked 29ms
11-10 13:17:08.287 D/dalvikvm(3652): GC_CONCURRENT freed 189K, 4% free 5816K/6048K, paused 2ms+6ms, total 27ms
11-10 13:17:08.407 D/dalvikvm(3652): GC_CONCURRENT freed 181K, 4% free 6108K/6336K, paused 3ms+5ms, total 36ms
11-10 13:17:08.477 V/audio_hw_primary(108): do_out_standby+
11-10 13:17:08.477 D/audio_hw_primary(108): do_out_standby++
11-10 13:17:08.477 V/audio_hw_primary(108): do_out_standby-
11-10 13:17:08.597 D/dalvikvm(3652): GC_CONCURRENT freed 467K, 8% free 6245K/6760K, paused 2ms+3ms, total 28ms
11-10 13:17:08.717 D/dalvikvm(3652): GC_CONCURRENT freed 597K, 10% free 6255K/6908K, paused 2ms+4ms, total 28ms
11-10 13:17:08.827 D/dalvikvm(3652): GC_CONCURRENT freed 600K, 10% free 6266K/6928K, paused 3ms+5ms, total 29ms
11-10 13:17:08.947 D/dalvikvm(3652): GC_CONCURRENT freed 630K, 10% free 6281K/6972K, paused 2ms+3ms, total 26ms
11-10 13:17:08.957 D/dalvikvm(3652): WAIT_FOR_CONCURRENT_GC blocked 15ms
11-10 13:17:09.017 D/dalvikvm(3652): GC_FOR_ALLOC freed 376K, 12% free 6195K/6988K, paused 20ms, total 20ms
11-10 13:17:09.107 D/dalvikvm(3652): GC_CONCURRENT freed 549K, 10% free 6291K/6988K, paused 1ms+3ms, total 25ms
11-10 13:17:09.107 D/dalvikvm(3652): WAIT_FOR_CONCURRENT_GC blocked 11ms
11-10 13:17:09.217 D/dalvikvm(3652): GC_CONCURRENT freed 643K, 11% free 6306K/7008K, paused 1ms+4ms, total 25ms
11-10 13:17:09.217 D/dalvikvm(3652): WAIT_FOR_CONCURRENT_GC blocked 16ms
11-10 13:17:09.227 I/Choreographer(3652): Skipped 42 frames!  The application may be doing too much work on its main thread.
11-10 13:17:09.507 D/audio_hw_primary(108): outpcm open: card=0, device=0, rate=44100
11-10 13:17:09.667 D/dalvikvm(3652): GC_FOR_ALLOC freed 324K, 7% free 6533K/7008K, paused 26ms, total 26ms
11-10 13:17:10.537 D/Finsky  (2715): [1] 5.onFinished: Installation state replication succeeded.
11-10 13:17:12.547 V/audio_hw_primary(108): do_out_standby+
11-10 13:17:12.547 D/audio_hw_primary(108): do_out_standby++
11-10 13:17:12.547 V/audio_hw_primary(108): do_out_standby-
11-10 13:17:18.667 D/dalvikvm(3652): GC_FOR_ALLOC freed 241K, 8% free 6725K/7236K, paused 20ms, total 20ms
11-10 13:17:18.687 D/dalvikvm(3652): GC_FOR_ALLOC freed 252K, 11% free 6773K/7548K, paused 19ms, total 19ms
11-10 13:17:18.687 I/dalvikvm-heap(3652): Grow heap (frag case) to 6.746MB for 102416-byte allocation
11-10 13:17:18.707 D/dalvikvm(3652): GC_FOR_ALLOC freed 0K, 11% free 6873K/7652K, paused 20ms, total 20ms
11-10 13:17:18.727 D/dalvikvm(3652): GC_FOR_ALLOC freed <1K, 11% free 6975K/7756K, paused 19ms, total 19ms
11-10 13:17:18.747 D/dalvikvm(3652): GC_FOR_ALLOC freed <1K, 10% free 7075K/7860K, paused 19ms, total 19ms
11-10 13:17:18.767 D/dalvikvm(3652): GC_FOR_ALLOC freed <1K, 10% free 7176K/7964K, paused 20ms, total 20ms
11-10 13:17:18.797 D/dalvikvm(3652): GC_FOR_ALLOC freed <1K, 10% free 7376K/8172K, paused 19ms, total 19ms
11-10 13:17:18.817 D/dalvikvm(3652): GC_FOR_ALLOC freed <1K, 10% free 7577K/8380K, paused 19ms, total 19ms
11-10 13:17:18.837 D/dalvikvm(3652): GC_FOR_ALLOC freed <1K, 10% free 7878K/8692K, paused 19ms, total 19ms
11-10 13:17:18.857 D/dalvikvm(3652): GC_FOR_ALLOC freed <1K, 10% free 8279K/9108K, paused 19ms, total 19ms
11-10 13:17:18.887 D/dalvikvm(3652): GC_FOR_ALLOC freed <1K, 8% free 8881K/9628K, paused 19ms, total 19ms
11-10 13:17:18.917 D/dalvikvm(3652): GC_FOR_ALLOC freed <1K, 8% free 9682K/10460K, paused 20ms, total 20ms
11-10 13:17:27.937 D/dalvikvm(3652): GC_CONCURRENT freed 1250K, 12% free 10154K/11444K, paused 2ms+3ms, total 32ms
11-10 13:17:30.917 D/dalvikvm(3652): GC_FOR_ALLOC freed 548K, 9% free 10999K/12068K, paused 24ms, total 24ms
11-10 13:17:30.947 D/dalvikvm(3652): GC_FOR_ALLOC freed 17K, 8% free 11983K/13004K, paused 22ms, total 22ms
11-10 13:17:30.987 D/dalvikvm(3652): GC_FOR_ALLOC freed <1K, 7% free 13085K/14044K, paused 21ms, total 22ms
11-10 13:17:44.507 I/dalvikvm(3652): Jit: resizing JitTable from 4096 to 8192
11-10 13:17:51.697 W/Sidekick_GmmLocationProviderImpl(2500): Unable to bind to GMM NLP
11-10 13:17:51.697 W/ActivityManager(753): Unable to start service Intent { act=com.google.android.location.internal.GMM_NLP (has extras) } U=0: not found
11-10 13:18:51.747 W/Sidekick_GmmLocationProviderImpl(2500): Unable to bind to GMM NLP
11-10 13:18:51.747 W/ActivityManager(753): Unable to start service Intent { act=com.google.android.location.internal.GMM_NLP (has extras) } U=0: not found
11-10 13:19:42.507 V/        (753): virtual int MPLSensor::enable(int32_t, int)
11-10 13:19:42.507 V/        (753): handle : 4 en: 1
11-10 13:19:42.507 E/        (753): handle : 4 en: 1
11-10 13:19:42.507 V/        (753): sensor state change what=4
11-10 13:19:42.507 V/        (753): void set_power_states(int, bool)
11-10 13:19:42.507 V/        (753):  enabled_sensors: 16 dmp_started: 0
11-10 13:19:42.507 V/        (753): Starting DMP
11-10 13:19:42.507 I/MPL-mldl_cfg_mpu:(753): inv_mpu_resume: Resuming to 0070
11-10 13:19:42.507 V/        (753): virtual int MPLSensor::setDelay(int32_t, int64_t)
11-10 13:19:42.507 E/        (753):  setDelay handle: 4 rate 200
11-10 13:19:42.507 V/        (753): virtual int MPLSensor::update_delay()
11-10 13:19:42.507 V/        (753): set fifo rate: 39 200000000
11-10 13:19:42.507 I/MPL-fifo(753): Actual ODR: 25000 mHz
11-10 13:19:42.507 V/        (753): virtual int MPLSensor::setDelay(int32_t, int64_t)
11-10 13:19:42.507 E/        (753):  setDelay handle: 4 rate 20
11-10 13:19:42.507 V/        (753): virtual int MPLSensor::update_delay()
11-10 13:19:42.507 V/        (753): set fifo rate: 3 20000000
11-10 13:19:42.507 I/MPL-fifo(753): Actual ODR: 50000 mHz
11-10 13:19:43.017 V/        (753): virtual int MPLSensor::enable(int32_t, int)
11-10 13:19:43.017 V/        (753): handle : 4 en: 0
11-10 13:19:43.017 E/        (753): handle : 4 en: 0
11-10 13:19:43.017 V/        (753): sensor state change what=4
11-10 13:19:43.017 V/        (753): void set_power_states(int, bool)
11-10 13:19:43.017 V/        (753):  enabled_sensors: 0 dmp_started: 1
11-10 13:19:43.017 V/        (753): Stopping DMP
11-10 13:19:43.017 I/MPL-mldl_cfg_mpu:(753): inv_mpu_suspend: suspending sensors to 0000
11-10 13:19:43.017 I/MPL-mldl_cfg_mpu:(753): inv_mpu_suspend: Will resume next to 0070
11-10 13:19:43.017 V/        (753): virtual int MPLSensor::update_delay()
11-10 13:19:43.017 V/        (753): virtual int MPLSensor::setDelay(int32_t, int64_t)
11-10 13:19:43.017 E/        (753):  setDelay handle: 4 rate 20
11-10 13:19:43.017 V/        (753): virtual int MPLSensor::update_delay()
11-10 13:19:43.017 I/GCoreUlr(1035): Received powerMode change from NLP: com.google.android.location.activity.LOW_POWER_MODE_ENABLED
11-10 13:19:43.017 I/GCoreUlr(1035): Starting service, intent=Intent { act=com.google.android.location.reporting.ACTION_UPDATE_ACTIVE_STATE cmp=com.google.android.gms/com.google.android.location.reporting.service.DispatchingService }, extras=null
11-10 13:19:43.077 D/dalvikvm(3652): GC_CONCURRENT freed 1171K, 9% free 13857K/15064K, paused 3ms+7ms, total 42ms
11-10 13:19:43.117 I/GCoreUlr(1035): Ensuring that reporting is active for [account#-13#]
11-10 13:19:43.117 I/GCoreUlr(1035): Starting service, intent=Intent { act=com.google.android.location.reporting.ACTION_LOCATION_STATUS cmp=com.google.android.gms/com.google.android.location.reporting.service.DispatchingService (has extras) }, extras=Bundle[{status=LocationStatus[cell status: STATUS_UNKNOWN, wifi status: STATUS_UNKNOWN, elapsed realtime ns: 0]}]
11-10 13:19:51.777 W/Sidekick_GmmLocationProviderImpl(2500): Unable to bind to GMM NLP
11-10 13:19:51.777 W/ActivityManager(753): Unable to start service Intent { act=com.google.android.location.internal.GMM_NLP (has extras) } U=0: not found
11-10 13:20:34.497 D/EthernetService(753): interfaceLinkStateChanged for wlan0, up = true
11-10 13:20:58.937 D/dalvikvm(1035): GC_CONCURRENT freed 731K, 12% free 6397K/7232K, paused 3ms+3ms, total 48ms
11-10 13:20:58.937 D/dalvikvm(1035): WAIT_FOR_CONCURRENT_GC blocked 10ms
11-10 13:20:59.037 I/GCoreUlr(1035): Successfully inserted location
11-10 13:20:59.037 I/GCoreUlr(1035): Not calling LocationReportingService, hasMoved: false, elapsed millis: 1407656, request: Tablet
11-10 13:20:59.107 D/dalvikvm(753): GC_CONCURRENT freed 1753K, 17% free 12753K/15308K, paused 3ms+6ms, total 77ms
11-10 13:21:34.687 W/Sidekick_GmmLocationProviderImpl(2500): Unable to bind to GMM NLP
11-10 13:21:34.687 W/ActivityManager(753): Unable to start service Intent { act=com.google.android.location.internal.GMM_NLP (has extras) } U=0: not found
11-10 13:22:34.787 W/Sidekick_GmmLocationProviderImpl(2500): Unable to bind to GMM NLP
11-10 13:22:34.787 W/ActivityManager(753): Unable to start service Intent { act=com.google.android.location.internal.GMM_NLP (has extras) } U=0: not found
11-10 13:22:41.137 V/        (753): virtual int MPLSensor::enable(int32_t, int)
11-10 13:22:41.137 V/        (753): handle : 4 en: 1
11-10 13:22:41.137 E/        (753): handle : 4 en: 1
11-10 13:22:41.137 V/        (753): sensor state change what=4
11-10 13:22:41.137 V/        (753): void set_power_states(int, bool)
11-10 13:22:41.137 V/        (753):  enabled_sensors: 16 dmp_started: 0
11-10 13:22:41.137 V/        (753): Starting DMP
11-10 13:22:41.137 I/MPL-mldl_cfg_mpu:(753): inv_mpu_resume: Resuming to 0070
11-10 13:22:41.137 V/        (753): virtual int MPLSensor::setDelay(int32_t, int64_t)
11-10 13:22:41.137 E/        (753):  setDelay handle: 4 rate 200
11-10 13:22:41.137 V/        (753): virtual int MPLSensor::update_delay()
11-10 13:22:41.137 V/        (753): set fifo rate: 39 200000000
11-10 13:22:41.137 I/MPL-fifo(753): Actual ODR: 25000 mHz
11-10 13:22:41.137 V/        (753): virtual int MPLSensor::setDelay(int32_t, int64_t)
11-10 13:22:41.137 E/        (753):  setDelay handle: 4 rate 20
11-10 13:22:41.137 V/        (753): virtual int MPLSensor::update_delay()
11-10 13:22:41.137 V/        (753): set fifo rate: 3 20000000
11-10 13:22:41.137 I/MPL-fifo(753): Actual ODR: 50000 mHz
11-10 13:22:41.637 V/        (753): virtual int MPLSensor::enable(int32_t, int)
11-10 13:22:41.637 V/        (753): handle : 4 en: 0
11-10 13:22:41.637 E/        (753): handle : 4 en: 0
11-10 13:22:41.637 V/        (753): sensor state change what=4
11-10 13:22:41.637 V/        (753): void set_power_states(int, bool)
11-10 13:22:41.637 V/        (753):  enabled_sensors: 0 dmp_started: 1
11-10 13:22:41.637 V/        (753): Stopping DMP
11-10 13:22:41.637 I/MPL-mldl_cfg_mpu:(753): inv_mpu_suspend: suspending sensors to 0000
11-10 13:22:41.637 I/MPL-mldl_cfg_mpu:(753): inv_mpu_suspend: Will resume next to 0070
11-10 13:22:41.637 V/        (753): virtual int MPLSensor::update_delay()
11-10 13:22:41.637 V/        (753): virtual int MPLSensor::setDelay(int32_t, int64_t)
11-10 13:22:41.637 E/        (753):  setDelay handle: 4 rate 20
11-10 13:22:41.637 V/        (753): virtual int MPLSensor::update_delay()
11-10 13:22:41.657 I/GCoreUlr(1035): Received powerMode change from NLP: com.google.android.location.activity.LOW_POWER_MODE_DISABLED
11-10 13:22:41.657 I/GCoreUlr(1035): Starting service, intent=Intent { act=com.google.android.location.reporting.ACTION_UPDATE_ACTIVE_STATE cmp=com.google.android.gms/com.google.android.location.reporting.service.DispatchingService }, extras=null
11-10 13:22:41.657 V/        (753): virtual int MPLSensor::enable(int32_t, int)
11-10 13:22:41.657 V/        (753): handle : 4 en: 1
11-10 13:22:41.657 E/        (753): handle : 4 en: 1
11-10 13:22:41.657 V/        (753): sensor state change what=4
11-10 13:22:41.657 V/        (753): void set_power_states(int, bool)
11-10 13:22:41.657 V/        (753):  enabled_sensors: 16 dmp_started: 0
11-10 13:22:41.657 V/        (753): Starting DMP
11-10 13:22:41.657 I/MPL-mldl_cfg_mpu:(753): inv_mpu_resume: Resuming to 0070
11-10 13:22:41.657 V/        (753): virtual int MPLSensor::setDelay(int32_t, int64_t)
11-10 13:22:41.657 E/        (753):  setDelay handle: 4 rate 200
11-10 13:22:41.657 V/        (753): virtual int MPLSensor::update_delay()
11-10 13:22:41.657 V/        (753): set fifo rate: 39 200000000
11-10 13:22:41.657 I/MPL-fifo(753): Actual ODR: 25000 mHz
11-10 13:22:41.667 V/        (753): virtual int MPLSensor::setDelay(int32_t, int64_t)
11-10 13:22:41.667 E/        (753):  setDelay handle: 4 rate 20
11-10 13:22:41.667 V/        (753): virtual int MPLSensor::update_delay()
11-10 13:22:41.667 V/        (753): set fifo rate: 3 20000000
11-10 13:22:41.667 I/MPL-fifo(753): Actual ODR: 50000 mHz
11-10 13:22:41.727 D/dalvikvm(3652): GC_CONCURRENT freed 1865K, 13% free 13934K/15836K, paused 4ms+6ms, total 46ms
11-10 13:22:41.797 I/GCoreUlr(1035): Ensuring that reporting is active for [account#-13#]
11-10 13:22:41.807 I/GCoreUlr(1035): Starting service, intent=Intent { act=com.google.android.location.reporting.ACTION_LOCATION_STATUS cmp=com.google.android.gms/com.google.android.location.reporting.service.DispatchingService (has extras) }, extras=Bundle[{status=LocationStatus[cell status: STATUS_UNKNOWN, wifi status: STATUS_UNKNOWN, elapsed realtime ns: 0]}]
11-10 13:22:41.837 I/GCoreUlr(1035): GMS FLP location and AR updates requested: {"timestampMs":1415587961785,"description":"default","samplePeriodMs":60000,"sampleSource":"internal","sampleReason":"default"}
11-10 13:22:43.957 D/dalvikvm(1035): GC_CONCURRENT freed 605K, 12% free 6398K/7232K, paused 4ms+4ms, total 42ms
11-10 13:22:45.087 V/        (753): virtual int MPLSensor::enable(int32_t, int)
11-10 13:22:45.087 V/        (753): handle : 4 en: 0
11-10 13:22:45.087 E/        (753): handle : 4 en: 0
11-10 13:22:45.087 V/        (753): sensor state change what=4
11-10 13:22:45.087 V/        (753): void set_power_states(int, bool)
11-10 13:22:45.087 V/        (753):  enabled_sensors: 0 dmp_started: 1
11-10 13:22:45.087 V/        (753): Stopping DMP
11-10 13:22:45.087 I/MPL-mldl_cfg_mpu:(753): inv_mpu_suspend: suspending sensors to 0000
11-10 13:22:45.087 I/MPL-mldl_cfg_mpu:(753): inv_mpu_suspend: Will resume next to 0070
11-10 13:22:45.087 V/        (753): virtual int MPLSensor::update_delay()
11-10 13:22:45.087 V/        (753): virtual int MPLSensor::setDelay(int32_t, int64_t)
11-10 13:22:45.087 E/        (753):  setDelay handle: 4 rate 20
11-10 13:22:45.087 V/        (753): virtual int MPLSensor::update_delay()
11-10 13:22:45.117 D/dalvikvm(1035): GC_FOR_ALLOC freed 141K, 12% free 6373K/7232K, paused 25ms, total 25ms
11-10 13:22:45.147 D/dalvikvm(1035): GC_FOR_ALLOC freed 99K, 13% free 6361K/7232K, paused 24ms, total 25ms
11-10 13:22:50.157 V/        (753): virtual int MPLSensor::enable(int32_t, int)
11-10 13:22:50.157 V/        (753): handle : 4 en: 1
11-10 13:22:50.157 E/        (753): handle : 4 en: 1
11-10 13:22:50.157 V/        (753): sensor state change what=4
11-10 13:22:50.157 V/        (753): void set_power_states(int, bool)
11-10 13:22:50.157 V/        (753):  enabled_sensors: 16 dmp_started: 0
11-10 13:22:50.157 V/        (753): Starting DMP
11-10 13:22:50.157 I/MPL-mldl_cfg_mpu:(753): inv_mpu_resume: Resuming to 0070
11-10 13:22:50.157 V/        (753): virtual int MPLSensor::setDelay(int32_t, int64_t)
11-10 13:22:50.167 E/        (753):  setDelay handle: 4 rate 200
11-10 13:22:50.167 V/        (753): virtual int MPLSensor::update_delay()
11-10 13:22:50.167 V/        (753): set fifo rate: 39 200000000
11-10 13:22:50.167 I/MPL-fifo(753): Actual ODR: 25000 mHz
11-10 13:22:50.167 V/        (753): virtual int MPLSensor::setDelay(int32_t, int64_t)
11-10 13:22:50.167 E/        (753):  setDelay handle: 4 rate 20
11-10 13:22:50.167 V/        (753): virtual int MPLSensor::update_delay()
11-10 13:22:50.167 V/        (753): set fifo rate: 3 20000000
11-10 13:22:50.167 I/MPL-fifo(753): Actual ODR: 50000 mHz
11-10 13:22:53.567 V/        (753): virtual int MPLSensor::enable(int32_t, int)
11-10 13:22:53.567 V/        (753): handle : 4 en: 0
11-10 13:22:53.567 E/        (753): handle : 4 en: 0
11-10 13:22:53.567 V/        (753): sensor state change what=4
11-10 13:22:53.567 V/        (753): void set_power_states(int, bool)
11-10 13:22:53.567 V/        (753):  enabled_sensors: 0 dmp_started: 1
11-10 13:22:53.567 V/        (753): Stopping DMP
11-10 13:22:53.567 I/MPL-mldl_cfg_mpu:(753): inv_mpu_suspend: suspending sensors to 0000
11-10 13:22:53.567 I/MPL-mldl_cfg_mpu:(753): inv_mpu_suspend: Will resume next to 0070
11-10 13:22:53.567 V/        (753): virtual int MPLSensor::update_delay()
11-10 13:22:53.567 V/        (753): virtual int MPLSensor::setDelay(int32_t, int64_t)
11-10 13:22:53.567 E/        (753):  setDelay handle: 4 rate 20
11-10 13:22:53.567 V/        (753): virtual int MPLSensor::update_delay()
11-10 13:22:53.597 D/dalvikvm(1035): GC_FOR_ALLOC freed 120K, 12% free 6366K/7232K, paused 23ms, total 23ms
11-10 13:22:53.617 D/dalvikvm(1035): GC_FOR_ALLOC freed 106K, 12% free 6367K/7232K, paused 23ms, total 23ms
11-10 13:22:53.647 D/dalvikvm(1035): GC_FOR_ALLOC freed 100K, 12% free 6370K/7232K, paused 24ms, total 24ms
11-10 13:22:58.657 V/        (753): virtual int MPLSensor::enable(int32_t, int)
11-10 13:22:58.657 V/        (753): handle : 4 en: 1
11-10 13:22:58.657 E/        (753): handle : 4 en: 1
11-10 13:22:58.657 V/        (753): sensor state change what=4
11-10 13:22:58.657 V/        (753): void set_power_states(int, bool)
11-10 13:22:58.657 V/        (753):  enabled_sensors: 16 dmp_started: 0
11-10 13:22:58.657 V/        (753): Starting DMP
11-10 13:22:58.657 I/MPL-mldl_cfg_mpu:(753): inv_mpu_resume: Resuming to 0070
11-10 13:22:58.657 V/        (753): virtual int MPLSensor::setDelay(int32_t, int64_t)
11-10 13:22:58.657 E/        (753):  setDelay handle: 4 rate 200
11-10 13:22:58.657 V/        (753): virtual int MPLSensor::update_delay()
11-10 13:22:58.657 V/        (753): set fifo rate: 39 200000000
11-10 13:22:58.657 I/MPL-fifo(753): Actual ODR: 25000 mHz
11-10 13:22:58.657 V/        (753): virtual int MPLSensor::setDelay(int32_t, int64_t)
11-10 13:22:58.657 E/        (753):  setDelay handle: 4 rate 20
11-10 13:22:58.657 V/        (753): virtual int MPLSensor::update_delay()
11-10 13:22:58.657 V/        (753): set fifo rate: 3 20000000
11-10 13:22:58.667 I/MPL-fifo(753): Actual ODR: 50000 mHz
11-10 13:23:02.057 V/        (753): virtual int MPLSensor::enable(int32_t, int)
11-10 13:23:02.057 V/        (753): handle : 4 en: 0
11-10 13:23:02.057 E/        (753): handle : 4 en: 0
11-10 13:23:02.057 V/        (753): sensor state change what=4
11-10 13:23:02.057 V/        (753): void set_power_states(int, bool)
11-10 13:23:02.057 V/        (753):  enabled_sensors: 0 dmp_started: 1
11-10 13:23:02.057 V/        (753): Stopping DMP
11-10 13:23:02.057 I/MPL-mldl_cfg_mpu:(753): inv_mpu_suspend: suspending sensors to 0000
11-10 13:23:02.057 I/MPL-mldl_cfg_mpu:(753): inv_mpu_suspend: Will resume next to 0070
11-10 13:23:02.057 V/        (753): virtual int MPLSensor::update_delay()
11-10 13:23:02.057 V/        (753): virtual int MPLSensor::setDelay(int32_t, int64_t)
11-10 13:23:02.057 E/        (753):  setDelay handle: 4 rate 20
11-10 13:23:02.057 V/        (753): virtual int MPLSensor::update_delay()
11-10 13:23:02.097 D/dalvikvm(1035): GC_FOR_ALLOC freed 135K, 12% free 6366K/7232K, paused 26ms, total 26ms
11-10 13:23:02.127 D/dalvikvm(1035): GC_FOR_ALLOC freed 113K, 12% free 6364K/7232K, paused 24ms, total 24ms
11-10 13:23:07.137 V/        (753): virtual int MPLSensor::enable(int32_t, int)
11-10 13:23:07.137 V/        (753): handle : 4 en: 1
11-10 13:23:07.137 E/        (753): handle : 4 en: 1
11-10 13:23:07.137 V/        (753): sensor state change what=4
11-10 13:23:07.137 V/        (753): void set_power_states(int, bool)
11-10 13:23:07.137 V/        (753):  enabled_sensors: 16 dmp_started: 0
11-10 13:23:07.137 V/        (753): Starting DMP
11-10 13:23:07.137 I/MPL-mldl_cfg_mpu:(753): inv_mpu_resume: Resuming to 0070
11-10 13:23:07.137 V/        (753): virtual int MPLSensor::setDelay(int32_t, int64_t)
11-10 13:23:07.137 E/        (753):  setDelay handle: 4 rate 200
11-10 13:23:07.137 V/        (753): virtual int MPLSensor::update_delay()
11-10 13:23:07.137 V/        (753): set fifo rate: 39 200000000
11-10 13:23:07.137 I/MPL-fifo(753): Actual ODR: 25000 mHz
11-10 13:23:07.137 V/        (753): virtual int MPLSensor::setDelay(int32_t, int64_t)
11-10 13:23:07.137 E/        (753):  setDelay handle: 4 rate 20
11-10 13:23:07.137 V/        (753): virtual int MPLSensor::update_delay()
11-10 13:23:07.137 V/        (753): set fifo rate: 3 20000000
11-10 13:23:07.147 I/MPL-fifo(753): Actual ODR: 50000 mHz
11-10 13:23:10.537 V/        (753): virtual int MPLSensor::enable(int32_t, int)
11-10 13:23:10.537 V/        (753): handle : 4 en: 0
11-10 13:23:10.537 E/        (753): handle : 4 en: 0
11-10 13:23:10.537 V/        (753): sensor state change what=4
11-10 13:23:10.537 V/        (753): void set_power_states(int, bool)
11-10 13:23:10.537 V/        (753):  enabled_sensors: 0 dmp_started: 1
11-10 13:23:10.537 V/        (753): Stopping DMP
11-10 13:23:10.537 I/MPL-mldl_cfg_mpu:(753): inv_mpu_suspend: suspending sensors to 0000
11-10 13:23:10.547 I/MPL-mldl_cfg_mpu:(753): inv_mpu_suspend: Will resume next to 0070
11-10 13:23:10.547 V/        (753): virtual int MPLSensor::update_delay()
