11-10 12:56:50.450 I/Gmail   (2584): calculateUnknownSyncRationalesAndPurgeInBackground: queueing
11-10 12:56:50.540 D/dalvikvm(2297): GC_CONCURRENT freed 247K, 6% free 4733K/5020K, paused 1ms+12ms, total 38ms
11-10 12:56:50.560 D/WearableClient(2297): WearableClientImpl.onPostInitHandler: done
11-10 12:56:50.580 D/dalvikvm(1052): GC_CONCURRENT freed 377K, 11% free 5224K/5816K, paused 3ms+2ms, total 22ms
11-10 12:56:50.590 D/WearableClient(2297): WearableClientImpl.onPostInitHandler: done
11-10 12:56:50.670 D/WearableClient(2297): WearableClientImpl.onPostInitHandler: done
11-10 12:56:50.680 I/Gmail   (2584): calculateUnknownSyncRationalesAndPurgeInBackground: running
11-10 12:56:50.680 E/GmsUtils(2297): Failed to connect to Google API client: ConnectionResult{statusCode=unknown status code 16, resolution=null}
11-10 12:56:50.680 E/GmsUtils(2297): Failed to connect to Google API client: ConnectionResult{statusCode=unknown status code 16, resolution=null}
11-10 12:56:50.700 D/dalvikvm(2549): GC_CONCURRENT freed 755K, 9% free 8336K/9128K, paused 2ms+2ms, total 79ms
11-10 12:56:50.700 D/dalvikvm(2549): WAIT_FOR_CONCURRENT_GC blocked 51ms
11-10 12:56:50.740 I/Gmail   (2584): calculateUnknownSyncRationalesAndPurgeInBackground: running
11-10 12:56:50.800 D/dalvikvm(2584): GC_CONCURRENT freed 368K, 8% free 5079K/5484K, paused 2ms+2ms, total 57ms
11-10 12:56:50.850 I/NotifUtils(2584): Validating Notification, mapSize: 0 getAttention: true ignoreUnobtrusive: false
11-10 12:56:50.850 I/NotifUtils(2584): validateNotifications - cancelling account -1620351348 / folder -317575340
11-10 12:56:50.850 D/dalvikvm(1554): GC_CONCURRENT freed 306K, 8% free 4346K/4692K, paused 2ms+1ms, total 48ms
11-10 12:56:50.940 D/MusicStore(2297): Disabled WAL
11-10 12:56:51.030 D/MusicStore(2297): Database opened
11-10 12:56:51.050 D/dalvikvm(2549): GC_CONCURRENT freed 300K, 4% free 9395K/9732K, paused 2ms+2ms, total 75ms
11-10 12:56:51.050 D/dalvikvm(2549): WAIT_FOR_CONCURRENT_GC blocked 35ms
11-10 12:56:51.090 I/ActivityManager(753): Start proc com.google.android.gms:snet for service com.google.android.gms/.security.snet.SnetLaunchService: pid=2677 uid=10028 gids={50028, 3003, 1007, 1028, 1015, 1006, 3002, 3001, 2001, 3006}
11-10 12:56:51.120 D/SnetService(1052): snet destroyed
11-10 12:56:51.140 D/dalvikvm(1052): GC_CONCURRENT freed 444K, 11% free 5224K/5816K, paused 3ms+9ms, total 43ms
11-10 12:56:51.150 I/MultiDex(2677): VM with version 1.6.0 does not have multidex support
11-10 12:56:51.150 I/MultiDex(2677): install
11-10 12:56:51.160 I/MultiDex(2677): MultiDexExtractor.load(/data/app/com.google.android.gms-1.apk, false)
11-10 12:56:51.160 I/MultiDex(2677): loading existing secondary dex files
11-10 12:56:51.160 I/MultiDex(2677): load found 2 secondary dex files
11-10 12:56:51.170 I/MultiDex(2677): install done
11-10 12:56:51.170 I/ProviderInstaller(2677): Insert disabled by gate 'gms:security:enable_conscrypt_in_gms_application'
11-10 12:56:51.180 D/GCM     (1084): GcmService start Intent { act=com.google.android.gms.INITIALIZE flg=0x10 pkg=com.google.android.gms cmp=com.google.android.gms/.gcm.GcmService } com.google.android.gms.INITIALIZE
11-10 12:56:51.200 D/AuthorizationBluetoothService(1084): Received GmsCore event: Intent { act=com.google.android.gms.INITIALIZE flg=0x10 pkg=com.google.android.gms cmp=com.google.android.gms/.auth.be.proximity.authorization.bt.AuthorizationBluetoothService$AutoStarter }.
11-10 12:56:51.200 E/AuthorizationBluetoothService(1084): Proximity feature is not enabled.
11-10 12:56:51.210 I/MusicLeanback(2297): Conditions not met for autocaching.
11-10 12:56:51.210 I/MusicLeanback(2297): Stop autocaching.
11-10 12:56:51.370 D/dalvikvm(1084): GC_EXPLICIT freed 327K, 10% free 5155K/5672K, paused 2ms+3ms, total 23ms
11-10 12:56:51.400 D/com.google.android.snet.Snet(2677): Hello Snet!
11-10 12:56:51.450 I/patts   (2429): [android_project_file.cc:35] Loading "voices/en-gb-x-fis-phone-hmm/resolve_homographs_simple_gb.pb" ...
11-10 12:56:51.450 D/dalvikvm(2677): GC_CONCURRENT freed 347K, 9% free 4387K/4772K, paused 3ms+8ms, total 48ms
11-10 12:56:51.460 I/patts   (2429): [android_project_file.cc:35] Loading "voices/en-gb-x-fis-phone-hmm/mapping_grammar_android.far" ...
11-10 12:56:51.460 I/patts   (2429): [grm-manager.h:57] Loading FST archive from "voices/en-gb-x-fis-phone-hmm/mapping_grammar_android.far" ...
11-10 12:56:51.480 I/patts   (2429): [android_project_file.cc:35] Loading "voices/en-gb-x-fis-phone-hmm/roman_numeral_contexts.pb" ...
11-10 12:56:51.480 I/patts   (2429): [android_project_file.cc:35] Loading "voices/en-gb-x-fis-phone-hmm/roman_numeral_android.far" ...
11-10 12:56:51.480 I/patts   (2429): [grm-manager.h:57] Loading FST archive from "voices/en-gb-x-fis-phone-hmm/roman_numeral_android.far" ...
11-10 12:56:51.490 I/patts   (2429): [android_project_file.cc:35] Loading "voices/en-gb-x-fis-phone-hmm/lseq_compact_model_farm32.pb" ...
11-10 12:56:51.500 I/patts   (2429): [android_project_file.cc:35] Loading "voices/en-gb-x-fis-phone-hmm/feats_android.far" ...
11-10 12:56:51.500 I/patts   (2429): [grm-manager.h:57] Loading FST archive from "voices/en-gb-x-fis-phone-hmm/feats_android.far" ...
11-10 12:56:51.500 I/patts   (2429): [ranker.cc:106] LinearLseqRanker: using FarmHash32
11-10 12:56:51.500 I/patts   (2429): [android_project_file.cc:35] Loading "voices/en-gb-x-fis-phone-hmm/verbalize_android.far" ...
11-10 12:56:51.500 I/patts   (2429): [grm-manager.h:57] Loading FST archive from "voices/en-gb-x-fis-phone-hmm/verbalize_android.far" ...
11-10 12:56:51.540 D/dalvikvm(879): GC_CONCURRENT freed 391K, 11% free 4598K/5120K, paused 2ms+3ms, total 19ms
11-10 12:56:51.580 E/gralloc (105): NvGrPost: Failed, TEGRA_OVERLAY_IOCTL_FLIP Broken pipe
11-10 12:56:51.590 E/gralloc (105): NvGrPost: Failed, TEGRA_OVERLAY_IOCTL_FLIP Broken pipe
11-10 12:56:51.600 I/patts   (2429): [android_project_file.cc:35] Loading "voices/en-gb-x-fis-phone-hmm/textnorm_params_embedded.pb" ...
11-10 12:56:51.600 I/patts   (2429): [android_project_file.cc:35] Loading "voices/en-gb-x-fis-phone-hmm/resolve_homographs_simple_gb.pb" ...
11-10 12:56:51.640 I/patts   (2429): [android_project_file.cc:35] Loading "voices/en-gb-x-fis-phone-hmm/g2p_m3_syls0_stress0_en-GB.fst" ...
11-10 12:56:51.650 I/patts   (2429): [compact_fst.cc:31] Loading FST from "voices/en-gb-x-fis-phone-hmm/g2p_m3_syls0_stress0_en-GB.fst" ...
11-10 12:56:51.720 D/dalvikvm(879): GC_CONCURRENT freed 380K, 11% free 4602K/5120K, paused 3ms+2ms, total 17ms
11-10 12:56:51.860 D/dalvikvm(879): GC_CONCURRENT freed 384K, 11% free 4604K/5120K, paused 3ms+2ms, total 18ms
11-10 12:56:52.000 D/dalvikvm(879): GC_CONCURRENT freed 385K, 11% free 4605K/5120K, paused 2ms+2ms, total 17ms
11-10 12:56:52.180 D/dalvikvm(879): GC_CONCURRENT freed 386K, 11% free 4606K/5120K, paused 3ms+2ms, total 19ms
11-10 12:56:52.340 D/dalvikvm(879): GC_CONCURRENT freed 385K, 11% free 4605K/5120K, paused 2ms+2ms, total 17ms
11-10 12:56:52.370 I/patts   (2429): [decoder_impl.cc:78] g2p FST: 57 graphemes, 45 phonemes (with special symbols)
11-10 12:56:52.400 I/patts   (2429): [android_project_file.cc:35] Loading "voices/en-gb-x-fis-phone-hmm/en_gb.embedded.model.pb" ...
11-10 12:56:52.400 I/patts   (2429): [android_project_file.cc:35] Loading "voices/en-gb-x-fis-phone-hmm/engine_hmm_22050_ap-embedded_lsp.cfg" ...
11-10 12:56:52.400 I/patts   (2429): [embedded_hmm_synthesizer.cc:21] Embedded HMM synthesizer initialized.
11-10 12:56:52.410 I/patts   (2429): [android_project_file.cc:35] Loading "voices/en-gb-x-fis-phone-hmm/phonology.cfg" ...
11-10 12:56:52.420 I/patts   (2429): [android_project_file.cc:35] Loading "voices/en-gb-x-fis-phone-hmm/compile_hmm_phoneme.cfg" ...
11-10 12:56:52.430 I/patts   (2429): [android_project_file.cc:35] Loading "voices/en-gb-x-fis-phone-hmm/engine_hmm_22050_ap-embedded_lsp.cfg" ...
11-10 12:56:52.430 I/patts   (2429): [android_project_file.cc:35] Loading "voices/en-gb-x-fis-phone-hmm/patts1_hmm_voice_en_gb_fis_all_22050_phoneme_lsp_swop_ap_msd_bin_8bit.voice" ...
11-10 12:56:52.430 E/patts   (2429): [io_section_tags.cc:114] Opening tag "F0-BOX-COX-LAMBDA" not found
11-10 12:56:52.520 D/dalvikvm(879): GC_CONCURRENT freed 386K, 11% free 4607K/5120K, paused 2ms+2ms, total 18ms
11-10 12:56:52.570 D/AlertService(1554): Beginning updateAlertNotification
11-10 12:56:52.580 D/AlertService(1554): No fired or scheduled alerts
11-10 12:56:52.590 D/AlertService(1554): Scheduling next alarm with AlarmScheduler. sEventReminderReceived: null
11-10 12:56:52.600 D/AlarmScheduler(1554): No events found starting within 1 week.
11-10 12:56:52.610 D/AlertService(1554): 0 Action = android.intent.action.PROVIDER_CHANGED
11-10 12:56:52.660 D/dalvikvm(2247): GC_CONCURRENT freed 329K, 7% free 5081K/5448K, paused 1ms+7ms, total 24ms
11-10 12:56:52.710 D/dalvikvm(879): GC_CONCURRENT freed 401K, 10% free 4617K/5120K, paused 1ms+3ms, total 19ms
11-10 12:56:52.730 I/patts   (2429): [jni_text_analysis_api.cc:339] jni: deleting text normalizer ...
11-10 12:56:52.770 I/patts   (2429): [jni_synthesizer_api.cc:92] jni: deleting synthesizer ...
11-10 12:56:52.770 I/patts   (2429): [jni_project_file_api.cc:110] jni: deleting project file ...
11-10 12:56:52.770 I/patts   (2429): [jni_project_file_api.cc:123] jni: deleting project resource holder ...
11-10 12:56:52.890 D/dalvikvm(879): GC_CONCURRENT freed 392K, 10% free 4611K/5120K, paused 2ms+2ms, total 18ms
11-10 12:56:52.900 I/GAV2    (2500): Thread[GAThread,5,main]: No campaign data found.
11-10 12:56:53.040 D/dalvikvm(879): GC_CONCURRENT freed 386K, 10% free 4612K/5120K, paused 3ms+2ms, total 17ms
11-10 12:56:53.210 D/dalvikvm(879): GC_CONCURRENT freed 405K, 10% free 4621K/5120K, paused 3ms+4ms, total 22ms
11-10 12:56:53.410 D/dalvikvm(2677): GC_CONCURRENT freed 302K, 8% free 4481K/4824K, paused 2ms+3ms, total 17ms
11-10 12:56:53.610 W/ActivityThread(2677): ClassLoader.loadClass: The class loader returned by Thread.getContextClassLoader() may fail for processes that host multiple applications. You should explicitly specify a context class loader. For example: Thread.setContextClassLoader(getClass().getClassLoader());
11-10 12:56:54.060 I/GAV2    (2584): Thread[GAThread,5,main]: No campaign data found.
11-10 12:56:54.170 D/dalvikvm(879): GC_CONCURRENT freed 413K, 10% free 4615K/5120K, paused 2ms+2ms, total 21ms
11-10 12:56:54.340 D/dalvikvm(879): GC_CONCURRENT freed 402K, 10% free 4613K/5120K, paused 2ms+2ms, total 18ms
11-10 12:56:54.510 D/dalvikvm(879): GC_CONCURRENT freed 389K, 10% free 4611K/5120K, paused 2ms+3ms, total 21ms
11-10 12:56:54.660 D/dalvikvm(879): GC_CONCURRENT freed 411K, 10% free 4624K/5120K, paused 1ms+2ms, total 22ms
11-10 12:56:54.810 D/dalvikvm(879): GC_CONCURRENT freed 417K, 10% free 4621K/5120K, paused 2ms+4ms, total 20ms
11-10 12:56:54.960 D/dalvikvm(879): GC_CONCURRENT freed 414K, 10% free 4619K/5120K, paused 2ms+3ms, total 26ms
11-10 12:56:55.100 D/dalvikvm(879): GC_CONCURRENT freed 398K, 10% free 4611K/5120K, paused 1ms+2ms, total 17ms
11-10 12:56:55.250 D/dalvikvm(879): GC_CONCURRENT freed 389K, 10% free 4609K/5120K, paused 2ms+2ms, total 16ms
11-10 12:56:55.410 D/dalvikvm(879): GC_CONCURRENT freed 399K, 10% free 4618K/5120K, paused 3ms+2ms, total 23ms
11-10 12:56:55.560 D/dalvikvm(879): GC_CONCURRENT freed 413K, 10% free 4621K/5120K, paused 3ms+3ms, total 22ms
11-10 12:56:55.690 I/ActivityManager(753): No longer want com.google.android.tts (pid 2429): empty #14
11-10 12:56:55.720 D/dalvikvm(879): GC_CONCURRENT freed 414K, 10% free 4619K/5120K, paused 3ms+4ms, total 24ms
11-10 12:56:55.980 D/dalvikvm(2677): GC_CONCURRENT freed 340K, 8% free 4530K/4908K, paused 1ms+2ms, total 16ms
11-10 12:56:56.170 D/dalvikvm(2677): GC_CONCURRENT freed 344K, 8% free 4580K/4964K, paused 1ms+1ms, total 17ms
11-10 12:56:56.180 D/MediaScannerService(879): done scanning volume external
11-10 12:56:56.190 I/ActivityManager(753): No longer want com.mobisystems.ubreader_west (pid 2025): empty #14
11-10 12:56:56.290 D/dalvikvm(2677): GC_CONCURRENT freed 350K, 8% free 4707K/5104K, paused 2ms+3ms, total 20ms
11-10 12:56:56.610 I/MediaStoreImporter(2297): Update: incremental Added music: 0 Updated music: 0 Deleted music: 0 Created playlists: 0 Updated playlists: 0 Deleted playlists: 0 Inserted playlist items: 0 Deleted playlist items: 0 Removed orphaned playlist items: 0
11-10 12:56:56.610 D/dalvikvm(2297): GC_CONCURRENT freed 209K, 6% free 4930K/5216K, paused 3ms+1ms, total 21ms
11-10 12:56:57.610 D/AlertService(1554): Beginning updateAlertNotification
11-10 12:56:57.620 D/AlertService(1554): No fired or scheduled alerts
11-10 12:56:57.630 D/AlertService(1554): Scheduling next alarm with AlarmScheduler. sEventReminderReceived: null
11-10 12:56:58.020 D/AlarmScheduler(1554): No events found starting within 1 week.
11-10 12:56:58.210 D/dalvikvm(2677): GC_CONCURRENT freed 567K, 12% free 4607K/5212K, paused 2ms+2ms, total 22ms
11-10 12:56:58.670 D/dalvikvm(2677): GC_CONCURRENT freed 498K, 14% free 4529K/5212K, paused 1ms+3ms, total 17ms
11-10 12:56:58.760 D/dalvikvm(2677): GC_CONCURRENT freed 528K, 15% free 4479K/5212K, paused 3ms+1ms, total 27ms
11-10 12:56:58.880 D/dalvikvm(2677): GC_CONCURRENT freed 470K, 14% free 4489K/5212K, paused 2ms+2ms, total 26ms
11-10 12:56:58.960 D/dalvikvm(2677): GC_CONCURRENT freed 421K, 13% free 4580K/5212K, paused 2ms+6ms, total 27ms
11-10 12:56:58.960 D/dalvikvm(2677): WAIT_FOR_CONCURRENT_GC blocked 2ms
11-10 12:56:59.040 D/dalvikvm(2677): GC_CONCURRENT freed 572K, 14% free 4519K/5212K, paused 3ms+1ms, total 26ms
11-10 12:56:59.040 D/dalvikvm(2677): WAIT_FOR_CONCURRENT_GC blocked 4ms
11-10 12:56:59.110 D/dalvikvm(2677): GC_CONCURRENT freed 473K, 14% free 4483K/5212K, paused 2ms+2ms, total 27ms
11-10 12:56:59.190 D/dalvikvm(2677): GC_CONCURRENT freed 362K, 12% free 4603K/5212K, paused 2ms+1ms, total 25ms
11-10 12:56:59.250 D/dalvikvm(2677): GC_CONCURRENT freed 578K, 15% free 4461K/5212K, paused 3ms+1ms, total 18ms
11-10 12:56:59.320 D/dalvikvm(2677): GC_CONCURRENT freed 407K, 15% free 4467K/5212K, paused 1ms+1ms, total 15ms
11-10 12:56:59.410 D/dalvikvm(2677): GC_CONCURRENT freed 434K, 14% free 4532K/5212K, paused 1ms+8ms, total 31ms
11-10 12:56:59.480 D/dalvikvm(2677): GC_CONCURRENT freed 432K, 13% free 4553K/5212K, paused 3ms+11ms, total 25ms
11-10 12:56:59.550 D/dalvikvm(2677): GC_CONCURRENT freed 519K, 14% free 4486K/5212K, paused 3ms+1ms, total 19ms
11-10 12:56:59.620 D/dalvikvm(2677): GC_CONCURRENT freed 476K, 14% free 4484K/5212K, paused 2ms+1ms, total 17ms
11-10 12:56:59.690 D/dalvikvm(2677): GC_CONCURRENT freed 456K, 14% free 4488K/5212K, paused 1ms+2ms, total 17ms
11-10 12:56:59.760 D/dalvikvm(2677): GC_CONCURRENT freed 472K, 14% free 4487K/5212K, paused 2ms+1ms, total 17ms
11-10 12:56:59.830 D/dalvikvm(2677): GC_CONCURRENT freed 472K, 14% free 4482K/5212K, paused 1ms+2ms, total 16ms
11-10 12:56:59.910 D/dalvikvm(2677): GC_CONCURRENT freed 466K, 14% free 4486K/5212K, paused 1ms+1ms, total 25ms
11-10 12:56:59.990 D/dalvikvm(2677): GC_CONCURRENT freed 444K, 14% free 4487K/5212K, paused 1ms+1ms, total 16ms
11-10 12:57:00.060 D/dalvikvm(2677): GC_CONCURRENT freed 456K, 14% free 4487K/5212K, paused 3ms+1ms, total 17ms
11-10 12:57:00.080 D/InitAlarmsService(1554): Clearing and rescheduling alarms.
11-10 12:57:00.090 I/ActivityManager(753): No longer want com.android.chrome (pid 2448): empty #14
11-10 12:57:00.150 D/dalvikvm(2677): GC_CONCURRENT freed 456K, 14% free 4487K/5212K, paused 2ms+2ms, total 27ms
11-10 12:57:00.220 D/dalvikvm(2677): GC_CONCURRENT freed 407K, 14% free 4484K/5212K, paused 2ms+1ms, total 17ms
11-10 12:57:00.280 D/dalvikvm(2677): GC_CONCURRENT freed 465K, 14% free 4494K/5212K, paused 2ms+1ms, total 16ms
11-10 12:57:00.350 D/dalvikvm(2677): GC_CONCURRENT freed 490K, 14% free 4482K/5212K, paused 1ms+1ms, total 16ms
11-10 12:57:00.420 D/dalvikvm(2677): GC_CONCURRENT freed 465K, 14% free 4485K/5212K, paused 1ms+2ms, total 17ms
11-10 12:57:00.480 D/dalvikvm(2677): GC_CONCURRENT freed 439K, 14% free 4488K/5212K, paused 1ms+1ms, total 16ms
11-10 12:57:00.560 D/dalvikvm(2677): GC_CONCURRENT freed 451K, 15% free 4481K/5212K, paused 1ms+2ms, total 16ms
11-10 12:57:00.630 D/dalvikvm(2677): GC_CONCURRENT freed 467K, 15% free 4481K/5212K, paused 1ms+1ms, total 28ms
11-10 12:57:00.710 D/dalvikvm(2677): GC_CONCURRENT freed 469K, 14% free 4485K/5212K, paused 1ms+1ms, total 16ms
11-10 12:57:00.800 D/dalvikvm(2677): GC_CONCURRENT freed 479K, 15% free 4480K/5212K, paused 1ms+2ms, total 16ms
11-10 12:57:00.880 D/dalvikvm(2677): GC_CONCURRENT freed 465K, 14% free 4483K/5212K, paused 1ms+2ms, total 17ms
11-10 12:57:00.960 D/dalvikvm(2677): GC_CONCURRENT freed 388K, 13% free 4557K/5212K, paused 3ms+11ms, total 26ms
11-10 12:57:01.040 D/dalvikvm(2677): GC_CONCURRENT freed 464K, 13% free 4553K/5212K, paused 2ms+11ms, total 25ms
11-10 12:57:01.120 D/dalvikvm(2677): GC_CONCURRENT freed 456K, 13% free 4558K/5212K, paused 3ms+11ms, total 26ms
11-10 12:57:01.190 D/dalvikvm(2677): GC_CONCURRENT freed 541K, 14% free 4482K/5212K, paused 3ms+1ms, total 27ms
11-10 12:57:01.260 D/dalvikvm(2677): GC_CONCURRENT freed 389K, 15% free 4477K/5212K, paused 2ms+1ms, total 16ms
11-10 12:57:01.340 D/dalvikvm(2677): GC_CONCURRENT freed 382K, 13% free 4554K/5212K, paused 3ms+2ms, total 26ms
11-10 12:57:01.420 D/dalvikvm(2677): GC_CONCURRENT freed 461K, 13% free 4554K/5212K, paused 2ms+11ms, total 25ms
11-10 12:57:01.510 D/dalvikvm(2677): GC_CONCURRENT freed 465K, 14% free 4486K/5212K, paused 3ms+1ms, total 20ms
11-10 12:57:01.580 D/dalvikvm(2677): GC_CONCURRENT freed 384K, 13% free 4560K/5212K, paused 2ms+11ms, total 25ms
11-10 12:57:01.650 D/dalvikvm(2677): GC_CONCURRENT freed 461K, 13% free 4557K/5212K, paused 2ms+11ms, total 24ms
11-10 12:57:01.720 D/dalvikvm(2677): GC_CONCURRENT freed 529K, 14% free 4491K/5212K, paused 2ms+2ms, total 27ms
11-10 12:57:01.780 D/dalvikvm(2677): GC_CONCURRENT freed 468K, 14% free 4497K/5212K, paused 2ms+2ms, total 17ms
11-10 12:57:01.850 D/dalvikvm(2677): GC_CONCURRENT freed 520K, 14% free 4488K/5212K, paused 1ms+2ms, total 26ms
11-10 12:57:01.850 D/dalvikvm(2677): WAIT_FOR_CONCURRENT_GC blocked 4ms
11-10 12:57:01.910 D/dalvikvm(2677): GC_CONCURRENT freed 458K, 14% free 4489K/5212K, paused 1ms+2ms, total 16ms
11-10 12:57:01.980 D/dalvikvm(2677): GC_CONCURRENT freed 461K, 15% free 4479K/5212K, paused 1ms+1ms, total 16ms
11-10 12:57:02.060 D/dalvikvm(2677): GC_CONCURRENT freed 433K, 14% free 4495K/5212K, paused 2ms+3ms, total 19ms
11-10 12:57:02.120 D/dalvikvm(2677): GC_CONCURRENT freed 489K, 14% free 4509K/5212K, paused 2ms+3ms, total 18ms
11-10 12:57:02.170 I/ActivityManager(753): Start proc com.android.vending for service com.android.vending/com.google.android.finsky.services.DailyHygiene: pid=2715 uid=10046 gids={50046, 3003, 1015, 1028}
11-10 12:57:02.190 D/dalvikvm(2677): GC_CONCURRENT freed 483K, 14% free 4492K/5212K, paused 1ms+7ms, total 22ms
11-10 12:57:02.280 D/dalvikvm(2715): GC_CONCURRENT freed 122K, 4% free 4548K/4708K, paused 3ms+2ms, total 21ms
11-10 12:57:02.310 D/dalvikvm(2677): GC_CONCURRENT freed 432K, 14% free 4496K/5212K, paused 3ms+1ms, total 18ms
11-10 12:57:02.320 D/Finsky  (2715): [1] FinskyApp.onCreate: Initializing network with DFE https://android.clients.google.com/fdfe/
11-10 12:57:02.370 D/Finsky  (2715): [1] DailyHygiene.goMakeHygieneIfDirty: No need to run daily hygiene.
11-10 12:57:02.390 D/dalvikvm(2715): GC_CONCURRENT freed 305K, 7% free 4663K/5008K, paused 2ms+1ms, total 18ms
11-10 12:57:02.390 W/Settings(2715): Setting download_manager_max_bytes_over_mobile has moved from android.provider.Settings.Secure to android.provider.Settings.Global.
11-10 12:57:02.390 W/Settings(2715): Setting download_manager_recommended_max_bytes_over_mobile has moved from android.provider.Settings.Secure to android.provider.Settings.Global.
11-10 12:57:02.400 I/dalvikvm(2715): Could not find method com.google.android.finsky.layout.DocImageView.setTransitionName, referenced from method com.google.android.finsky.utils.PlayCardUtils.bindCard
11-10 12:57:02.400 W/dalvikvm(2715): VFY: unable to resolve virtual method 19031: Lcom/google/android/finsky/layout/DocImageView;.setTransitionName (Ljava/lang/String;)V
11-10 12:57:02.400 D/dalvikvm(2715): VFY: replacing opcode 0x6e at 0x00a8
11-10 12:57:02.410 D/dalvikvm(2677): GC_CONCURRENT freed 463K, 14% free 4502K/5212K, paused 4ms+2ms, total 29ms
11-10 12:57:02.440 D/Finsky  (2715): [1] DailyHygiene.onStartCommand: Beginning daily hygiene
11-10 12:57:02.460 D/dalvikvm(2715): DexOpt: couldn't find static field Landroid/os/Build;.SUPPORTED_ABIS
11-10 12:57:02.460 W/dalvikvm(2715): VFY: unable to resolve static field 128 (SUPPORTED_ABIS) in Landroid/os/Build;
11-10 12:57:02.460 D/dalvikvm(2715): VFY: replacing opcode 0x62 at 0x003d
11-10 12:57:02.480 D/dalvikvm(2715): GC_CONCURRENT freed 304K, 7% free 4760K/5104K, paused 3ms+5ms, total 23ms
11-10 12:57:02.530 D/dalvikvm(2677): GC_CONCURRENT freed 480K, 14% free 4489K/5212K, paused 3ms+2ms, total 45ms
11-10 12:57:02.610 D/dalvikvm(2677): GC_CONCURRENT freed 443K, 14% free 4510K/5212K, paused 2ms+3ms, total 32ms
11-10 12:57:02.630 D/dalvikvm(2715): GC_CONCURRENT freed 176K, 5% free 4982K/5200K, paused 3ms+5ms, total 23ms
11-10 12:57:02.660 D/Finsky  (2715): [1] 2.run: Loaded library for account: [0JIII8BK7XKz36u1zU6sMo8J0zA]
11-10 12:57:02.690 D/dalvikvm(2677): GC_CONCURRENT freed 489K, 14% free 4493K/5212K, paused 3ms+4ms, total 25ms
11-10 12:57:02.690 D/Finsky  (2715): [1] GmsCoreHelper.cleanupNlp: result=false type=4
11-10 12:57:02.780 D/dalvikvm(2677): GC_CONCURRENT freed 482K, 14% free 4507K/5212K, paused 1ms+1ms, total 26ms
11-10 12:57:02.790 D/dalvikvm(2715): GC_CONCURRENT freed 367K, 8% free 5127K/5532K, paused 3ms+2ms, total 43ms
11-10 12:57:02.790 D/dalvikvm(2715): WAIT_FOR_CONCURRENT_GC blocked 16ms
11-10 12:57:02.790 D/dalvikvm(2715): WAIT_FOR_CONCURRENT_GC blocked 16ms
11-10 12:57:02.850 D/Finsky  (2715): [1] 2.run: Loaded library for account: [mlECWjNn10Q-1fCzxYs_cdHX1Ac]
11-10 12:57:02.850 D/Finsky  (2715): [1] 2.run: Finished loading 2 libraries.
11-10 12:57:02.860 D/dalvikvm(2677): GC_CONCURRENT freed 504K, 14% free 4498K/5212K, paused 2ms+8ms, total 23ms
11-10 12:57:02.880 D/Finsky  (2715): [1] RestoreTracker.stopServiceIfDone: Restore complete with 0 success and 0 failed.
11-10 12:57:02.900 D/dalvikvm(2715): GC_CONCURRENT freed 386K, 8% free 5177K/5604K, paused 2ms+5ms, total 30ms
11-10 12:57:02.940 D/dalvikvm(2677): GC_CONCURRENT freed 424K, 14% free 4496K/5212K, paused 2ms+2ms, total 17ms
11-10 12:57:03.020 D/dalvikvm(2677): GC_CONCURRENT freed 462K, 14% free 4511K/5212K, paused 2ms+5ms, total 20ms
11-10 12:57:03.080 D/dalvikvm(2677): GC_CONCURRENT freed 492K, 14% free 4506K/5212K, paused 1ms+1ms, total 17ms
11-10 12:57:03.150 D/dalvikvm(2677): GC_CONCURRENT freed 486K, 14% free 4501K/5212K, paused 2ms+1ms, total 17ms
11-10 12:57:03.190 D/Finsky  (2715): [1] SelfUpdateScheduler.checkForSelfUpdate: Skipping DFE self-update. Local Version [80300031] >= Server Version [-1]
11-10 12:57:03.240 D/dalvikvm(2677): GC_CONCURRENT freed 482K, 14% free 4503K/5212K, paused 2ms+1ms, total 19ms
11-10 12:57:03.300 D/dalvikvm(2677): GC_CONCURRENT freed 480K, 14% free 4493K/5212K, paused 1ms+2ms, total 16ms
11-10 12:57:03.370 D/dalvikvm(2677): GC_CONCURRENT freed 471K, 14% free 4493K/5212K, paused 1ms+2ms, total 17ms
11-10 12:57:03.430 D/dalvikvm(2677): GC_CONCURRENT freed 472K, 14% free 4492K/5212K, paused 2ms+1ms, total 17ms
11-10 12:57:03.490 D/dalvikvm(2677): GC_CONCURRENT freed 487K, 15% free 4482K/5212K, paused 1ms+2ms, total 17ms
11-10 12:57:03.550 D/dalvikvm(2677): GC_CONCURRENT freed 449K, 14% free 4499K/5212K, paused 2ms+1ms, total 16ms
11-10 12:57:03.590 D/dalvikvm(2715): GC_CONCURRENT freed 298K, 7% free 5267K/5604K, paused 3ms+2ms, total 22ms
11-10 12:57:03.630 D/dalvikvm(2677): GC_CONCURRENT freed 444K, 14% free 4492K/5212K, paused 2ms+1ms, total 21ms
11-10 12:57:03.710 D/dalvikvm(2677): GC_CONCURRENT freed 476K, 14% free 4489K/5212K, paused 1ms+3ms, total 20ms
11-10 12:57:03.750 D/dalvikvm(2715): GC_CONCURRENT freed 271K, 6% free 5455K/5768K, paused 1ms+5ms, total 33ms
11-10 12:57:03.800 D/dalvikvm(2677): GC_CONCURRENT freed 397K, 13% free 4562K/5212K, paused 3ms+1ms, total 27ms
11-10 12:57:03.810 D/dalvikvm(2715): GC_CONCURRENT freed 122K, 3% free 5718K/5892K, paused 2ms+2ms, total 21ms
11-10 12:57:03.870 D/dalvikvm(2715): GC_CONCURRENT freed 129K, 4% free 5984K/6172K, paused 3ms+2ms, total 23ms
11-10 12:57:03.880 D/dalvikvm(2677): GC_CONCURRENT freed 545K, 14% free 4484K/5212K, paused 2ms+2ms, total 25ms
11-10 12:57:03.970 D/dalvikvm(2677): GC_CONCURRENT freed 491K, 15% free 4478K/5212K, paused 1ms+1ms, total 25ms
11-10 12:57:03.980 D/dalvikvm(2715): GC_CONCURRENT freed 150K, 4% free 6349K/6564K, paused 3ms+3ms, total 41ms
11-10 12:57:04.040 D/dalvikvm(2715): GC_FOR_ALLOC freed 325K, 6% free 6514K/6920K, paused 20ms, total 21ms
11-10 12:57:04.060 D/dalvikvm(2677): GC_CONCURRENT freed 447K, 14% free 4486K/5212K, paused 3ms+2ms, total 28ms
11-10 12:57:04.070 D/dalvikvm(2715): GC_FOR_ALLOC freed 126K, 8% free 6642K/7176K, paused 20ms, total 20ms
11-10 12:57:04.090 D/dalvikvm(2715): GC_FOR_ALLOC freed 374K, 9% free 6711K/7304K, paused 20ms, total 20ms
11-10 12:57:04.120 D/dalvikvm(2715): GC_FOR_ALLOC freed 434K, 9% free 6843K/7500K, paused 20ms, total 20ms
11-10 12:57:04.150 D/dalvikvm(2677): GC_CONCURRENT freed 452K, 14% free 4484K/5212K, paused 2ms+3ms, total 29ms
11-10 12:57:04.200 D/dalvikvm(2715): GC_CONCURRENT freed 479K, 8% free 7149K/7696K, paused 2ms+7ms, total 29ms
11-10 12:57:04.250 D/dalvikvm(2677): GC_CONCURRENT freed 392K, 13% free 4540K/5212K, paused 3ms+11ms, total 27ms
11-10 12:57:04.300 D/dalvikvm(2715): GC_CONCURRENT freed 206K, 3% free 7892K/8136K, paused 2ms+2ms, total 39ms
11-10 12:57:04.350 D/dalvikvm(2677): GC_CONCURRENT freed 449K, 13% free 4537K/5212K, paused 2ms+11ms, total 27ms
11-10 12:57:04.430 D/dalvikvm(2715): GC_CONCURRENT freed 645K, 8% free 8444K/9128K, paused 3ms+3ms, total 44ms
11-10 12:57:04.440 D/dalvikvm(2677): GC_CONCURRENT freed 465K, 14% free 4487K/5212K, paused 2ms+2ms, total 18ms
11-10 12:57:04.560 D/dalvikvm(2677): GC_CONCURRENT freed 520K, 15% free 4478K/5212K, paused 18ms+2ms, total 41ms
11-10 12:57:04.560 D/dalvikvm(2677): WAIT_FOR_CONCURRENT_GC blocked 5ms
11-10 12:57:04.650 D/dalvikvm(2677): GC_CONCURRENT freed 420K, 15% free 4478K/5212K, paused 2ms+1ms, total 28ms
11-10 12:57:04.680 E/dalvikvm(2715): Could not find class 'android.app.job.JobScheduler', referenced from method com.google.android.finsky.services.CheckWifiAndAutoUpdateScheduler.cancelCheck
11-10 12:57:04.680 W/dalvikvm(2715): VFY: unable to resolve check-cast 62 (Landroid/app/job/JobScheduler;) in Lcom/google/android/finsky/services/CheckWifiAndAutoUpdateScheduler;
11-10 12:57:04.680 D/dalvikvm(2715): VFY: replacing opcode 0x1f at 0x000e
11-10 12:57:04.680 E/dalvikvm(2715): Could not find class 'android.app.job.JobScheduler', referenced from method com.google.android.finsky.services.CheckWifiAndAutoUpdateScheduler.scheduleCheck
11-10 12:57:04.680 W/dalvikvm(2715): VFY: unable to resolve check-cast 62 (Landroid/app/job/JobScheduler;) in Lcom/google/android/finsky/services/CheckWifiAndAutoUpdateScheduler;
11-10 12:57:04.680 D/dalvikvm(2715): VFY: replacing opcode 0x1f at 0x0011
11-10 12:57:04.680 D/dalvikvm(2715): DexOpt: unable to opt direct call 0x011c at 0x2b in Lcom/google/android/finsky/services/CheckWifiAndAutoUpdateScheduler;.scheduleCheck
11-10 12:57:04.680 D/Finsky  (2715): [1] CheckWifiAndAutoUpdateScheduler.cancelCheck: Canceling auto-update wifi check.
11-10 12:57:04.750 D/dalvikvm(2677): GC_CONCURRENT freed 405K, 14% free 4483K/5212K, paused 3ms+1ms, total 18ms
11-10 12:57:04.790 D/dalvikvm(2715): GC_CONCURRENT freed 897K, 10% free 8938K/9872K, paused 3ms+23ms, total 82ms
11-10 12:57:04.880 D/dalvikvm(2677): GC_CONCURRENT freed 456K, 14% free 4499K/5212K, paused 3ms+4ms, total 29ms
11-10 12:57:04.990 D/dalvikvm(2677): GC_CONCURRENT freed 455K, 15% free 4481K/5212K, paused 2ms+1ms, total 27ms
11-10 12:57:05.000 D/dalvikvm(753): GC_EXPLICIT freed 1439K, 15% free 11952K/14004K, paused 3ms+5ms, total 76ms
11-10 12:57:05.100 D/dalvikvm(2677): GC_CONCURRENT freed 411K, 14% free 4483K/5212K, paused 2ms+1ms, total 22ms
11-10 12:57:05.170 D/dalvikvm(2677): GC_CONCURRENT freed 449K, 14% free 4487K/5212K, paused 2ms+1ms, total 17ms
11-10 12:57:05.230 D/dalvikvm(2677): GC_CONCURRENT freed 471K, 15% free 4482K/5212K, paused 1ms+2ms, total 16ms
11-10 12:57:05.310 D/dalvikvm(2677): GC_CONCURRENT freed 476K, 15% free 4482K/5212K, paused 2ms+3ms, total 19ms
11-10 12:57:05.380 D/dalvikvm(2677): GC_CONCURRENT freed 432K, 15% free 4478K/5212K, paused 2ms+2ms, total 18ms
11-10 12:57:05.480 D/dalvikvm(2677): GC_CONCURRENT freed 452K, 15% free 4474K/5212K, paused 2ms+2ms, total 27ms
11-10 12:57:05.580 D/dalvikvm(2677): GC_CONCURRENT freed 445K, 15% free 4474K/5212K, paused 3ms+2ms, total 29ms
11-10 12:57:05.680 D/dalvikvm(2677): GC_CONCURRENT freed 387K, 14% free 4520K/5212K, paused 3ms+11ms, total 26ms
11-10 12:57:05.770 D/dalvikvm(2715): GC_CONCURRENT freed 839K, 9% free 9588K/10480K, paused 2ms+2ms, total 45ms
11-10 12:57:05.820 D/dalvikvm(2677): GC_CONCURRENT freed 473K, 14% free 4520K/5212K, paused 2ms+14ms, total 38ms
11-10 12:57:05.930 D/dalvikvm(2677): GC_CONCURRENT freed 488K, 15% free 4478K/5212K, paused 2ms+5ms, total 26ms
11-10 12:57:05.980 D/Finsky  (2715): [1] DailyHygiene.flushEventLogsAndContinue: Flushing event logs for [0JIII8BK7XKz36u1zU6sMo8J0zA]
11-10 12:57:05.980 D/Finsky  (2715): [1] DailyHygiene.flushEventLogsAndContinue: Flushing event logs for [mlECWjNn10Q-1fCzxYs_cdHX1Ac]
11-10 12:57:05.990 I/ActivityManager(753): No longer want com.google.android.apps.plus (pid 1359): empty #14
11-10 12:57:06.040 D/dalvikvm(2677): GC_CONCURRENT freed 471K, 15% free 4482K/5212K, paused 1ms+2ms, total 18ms
11-10 12:57:06.140 D/dalvikvm(2677): GC_CONCURRENT freed 457K, 14% free 4529K/5212K, paused 1ms+14ms, total 37ms
11-10 12:57:06.220 D/dalvikvm(2677): GC_CONCURRENT freed 504K, 15% free 4477K/5212K, paused 2ms+2ms, total 27ms
11-10 12:57:06.310 D/dalvikvm(2677): GC_CONCURRENT freed 390K, 14% free 4514K/5212K, paused 3ms+8ms, total 22ms
11-10 12:57:06.410 D/dalvikvm(2677): GC_CONCURRENT freed 484K, 15% free 4477K/5212K, paused 2ms+2ms, total 27ms
11-10 12:57:06.510 D/dalvikvm(2677): GC_CONCURRENT freed 443K, 15% free 4477K/5212K, paused 3ms+3ms, total 27ms
11-10 12:57:06.610 D/dalvikvm(2677): GC_CONCURRENT freed 441K, 15% free 4477K/5212K, paused 3ms+2ms, total 27ms
11-10 12:57:06.700 D/dalvikvm(2677): GC_CONCURRENT freed 447K, 15% free 4471K/5212K, paused 3ms+1ms, total 26ms
11-10 12:57:06.790 D/dalvikvm(2677): GC_CONCURRENT freed 388K, 15% free 4466K/5212K, paused 2ms+1ms, total 16ms
11-10 12:57:06.880 D/dalvikvm(2677): GC_CONCURRENT freed 455K, 15% free 4474K/5212K, paused 2ms+1ms, total 27ms
11-10 12:57:06.980 D/dalvikvm(2677): GC_CONCURRENT freed 449K, 15% free 4476K/5212K, paused 3ms+2ms, total 26ms
11-10 12:57:07.080 D/dalvikvm(2677): GC_CONCURRENT freed 392K, 14% free 4527K/5212K, paused 3ms+1ms, total 26ms
11-10 12:57:07.170 D/dalvikvm(2677): GC_CONCURRENT freed 490K, 15% free 4475K/5212K, paused 2ms+1ms, total 27ms
11-10 12:57:07.270 D/dalvikvm(2677): GC_CONCURRENT freed 439K, 15% free 4475K/5212K, paused 3ms+1ms, total 27ms
11-10 12:57:07.360 D/dalvikvm(2677): GC_CONCURRENT freed 448K, 15% free 4469K/5212K, paused 2ms+1ms, total 26ms
11-10 12:57:07.460 D/dalvikvm(2677): GC_CONCURRENT freed 437K, 15% free 4470K/5212K, paused 2ms+1ms, total 27ms
11-10 12:57:07.560 D/dalvikvm(2677): GC_CONCURRENT freed 440K, 15% free 4469K/5212K, paused 2ms+1ms, total 27ms
11-10 12:57:07.650 D/dalvikvm(2677): GC_CONCURRENT freed 430K, 15% free 4469K/5212K, paused 2ms+2ms, total 26ms
11-10 12:57:07.750 D/dalvikvm(2677): GC_CONCURRENT freed 387K, 14% free 4517K/5212K, paused 2ms+11ms, total 25ms
11-10 12:57:07.840 D/dalvikvm(2677): GC_CONCURRENT freed 491K, 15% free 4468K/5212K, paused 2ms+1ms, total 26ms
11-10 12:57:07.940 D/dalvikvm(2677): GC_CONCURRENT freed 388K, 14% free 4516K/5212K, paused 2ms+11ms, total 26ms
11-10 12:57:08.030 D/dalvikvm(2677): GC_CONCURRENT freed 484K, 15% free 4468K/5212K, paused 2ms+1ms, total 26ms
11-10 12:57:08.130 D/dalvikvm(2677): GC_CONCURRENT freed 441K, 15% free 4467K/5212K, paused 2ms+1ms, total 26ms
11-10 12:57:08.220 D/dalvikvm(2677): GC_CONCURRENT freed 428K, 15% free 4474K/5212K, paused 2ms+1ms, total 27ms
11-10 12:57:08.320 D/dalvikvm(2677): GC_CONCURRENT freed 444K, 15% free 4467K/5212K, paused 2ms+2ms, total 28ms
11-10 12:57:08.410 D/dalvikvm(2677): GC_CONCURRENT freed 425K, 15% free 4473K/5212K, paused 3ms+2ms, total 26ms
11-10 12:57:08.510 D/dalvikvm(2677): GC_CONCURRENT freed 428K, 15% free 4473K/5212K, paused 2ms+1ms, total 26ms
11-10 12:57:08.600 D/dalvikvm(2677): GC_CONCURRENT freed 471K, 15% free 4470K/5212K, paused 3ms+1ms, total 27ms
11-10 12:57:08.680 D/dalvikvm(2677): GC_CONCURRENT freed 392K, 13% free 4545K/5212K, paused 2ms+11ms, total 25ms
11-10 12:57:08.750 D/dalvikvm(2677): GC_CONCURRENT freed 481K, 15% free 4476K/5212K, paused 3ms+1ms, total 27ms
11-10 12:57:08.900 D/dalvikvm(2677): GC_CONCURRENT freed 427K, 15% free 4468K/5212K, paused 3ms+2ms, total 29ms
11-10 12:57:09.030 D/dalvikvm(2677): GC_CONCURRENT freed 392K, 14% free 4500K/5212K, paused 2ms+1ms, total 25ms
11-10 12:57:09.110 D/dalvikvm(2677): GC_CONCURRENT freed 487K, 15% free 4462K/5212K, paused 2ms+1ms, total 26ms
11-10 12:57:09.180 D/dalvikvm(2677): GC_CONCURRENT freed 448K, 14% free 4496K/5212K, paused 2ms+2ms, total 27ms
11-10 12:57:09.270 D/dalvikvm(2677): GC_CONCURRENT freed 456K, 13% free 4551K/5212K, paused 2ms+1ms, total 32ms
11-10 12:57:09.340 D/dalvikvm(2677): GC_CONCURRENT freed 473K, 13% free 4537K/5212K, paused 2ms+11ms, total 25ms
11-10 12:57:09.410 D/dalvikvm(2677): GC_CONCURRENT freed 531K, 15% free 4461K/5212K, paused 3ms+3ms, total 28ms
11-10 12:57:09.490 D/dalvikvm(2677): GC_CONCURRENT freed 474K, 15% free 4476K/5212K, paused 3ms+3ms, total 27ms
11-10 12:57:09.570 D/dalvikvm(2677): GC_CONCURRENT freed 398K, 13% free 4537K/5212K, paused 2ms+11ms, total 25ms
11-10 12:57:09.640 D/dalvikvm(2677): GC_CONCURRENT freed 524K, 15% free 4467K/5212K, paused 2ms+2ms, total 27ms
11-10 12:57:09.720 D/dalvikvm(2677): GC_CONCURRENT freed 390K, 13% free 4534K/5212K, paused 2ms+11ms, total 25ms
11-10 12:57:09.790 D/dalvikvm(2677): GC_CONCURRENT freed 527K, 15% free 4465K/5212K, paused 2ms+1ms, total 26ms
11-10 12:57:09.870 D/dalvikvm(2677): GC_CONCURRENT freed 463K, 15% free 4463K/5212K, paused 2ms+2ms, total 27ms
11-10 12:57:09.940 D/dalvikvm(2677): GC_CONCURRENT freed 459K, 15% free 4466K/5212K, paused 3ms+2ms, total 26ms
11-10 12:57:10.020 D/dalvikvm(2677): GC_CONCURRENT freed 383K, 13% free 4547K/5212K, paused 2ms+1ms, total 25ms
11-10 12:57:10.090 D/dalvikvm(2677): GC_CONCURRENT freed 463K, 13% free 4549K/5212K, paused 2ms+11ms, total 25ms
11-10 12:57:10.160 D/dalvikvm(2677): GC_CONCURRENT freed 546K, 15% free 4465K/5212K, paused 3ms+3ms, total 27ms
11-10 12:57:10.230 D/dalvikvm(2677): GC_CONCURRENT freed 459K, 15% free 4471K/5212K, paused 2ms+1ms, total 26ms
11-10 12:57:10.300 D/dalvikvm(2677): GC_CONCURRENT freed 439K, 15% free 4464K/5212K, paused 3ms+2ms, total 24ms
11-10 12:57:10.380 D/dalvikvm(2677): GC_CONCURRENT freed 463K, 15% free 4463K/5212K, paused 3ms+3ms, total 27ms
11-10 12:57:10.490 D/dalvikvm(2677): GC_CONCURRENT freed 364K, 13% free 4555K/5212K, paused 1ms+1ms, total 16ms
11-10 12:57:10.600 D/dalvikvm(2677): GC_CONCURRENT freed 422K, 13% free 4537K/5212K, paused 1ms+2ms, total 21ms
11-10 12:57:10.680 D/dalvikvm(2677): GC_CONCURRENT freed 371K, 13% free 4562K/5212K, paused 2ms+1ms, total 19ms
11-10 12:57:10.770 D/dalvikvm(2677): GC_CONCURRENT freed 388K, 13% free 4563K/5212K, paused 2ms+1ms, total 17ms
11-10 12:57:10.910 D/dalvikvm(2677): GC_CONCURRENT freed 482K, 14% free 4502K/5212K, paused 2ms+11ms, total 25ms
11-10 12:57:11.040 D/dalvikvm(2677): GC_CONCURRENT freed 466K, 14% free 4487K/5212K, paused 2ms+2ms, total 25ms
11-10 12:57:11.130 D/dalvikvm(2677): GC_CONCURRENT freed 368K, 12% free 4631K/5212K, paused 2ms+1ms, total 18ms
11-10 12:57:11.130 D/dalvikvm(2677): WAIT_FOR_CONCURRENT_GC blocked 5ms
11-10 12:57:11.260 D/dalvikvm(2677): GC_CONCURRENT freed 357K, 11% free 4679K/5212K, paused 3ms+1ms, total 29ms
11-10 12:57:11.360 D/dalvikvm(2677): GC_CONCURRENT freed 506K, 12% free 4640K/5228K, paused 3ms+1ms, total 18ms
11-10 12:57:11.360 D/dalvikvm(2677): WAIT_FOR_CONCURRENT_GC blocked 4ms
11-10 12:57:11.490 D/dalvikvm(2677): GC_CONCURRENT freed 377K, 11% free 4665K/5228K, paused 3ms+2ms, total 26ms
11-10 12:57:11.590 D/dalvikvm(2677): GC_CONCURRENT freed 494K, 11% free 4681K/5228K, paused 2ms+2ms, total 19ms
11-10 12:57:11.590 D/dalvikvm(2677): WAIT_FOR_CONCURRENT_GC blocked 4ms
11-10 12:57:11.700 D/dalvikvm(2677): GC_CONCURRENT freed 380K, 10% free 4711K/5228K, paused 2ms+2ms, total 28ms
11-10 12:57:11.900 D/dalvikvm(2677): GC_CONCURRENT freed 618K, 13% free 4598K/5260K, paused 2ms+3ms, total 24ms
11-10 12:57:11.900 D/dalvikvm(2677): WAIT_FOR_CONCURRENT_GC blocked 9ms
11-10 12:57:12.010 D/dalvikvm(2677): GC_CONCURRENT freed 356K, 12% free 4646K/5260K, paused 2ms+1ms, total 26ms
11-10 12:57:12.140 D/dalvikvm(2677): GC_CONCURRENT freed 508K, 14% free 4542K/5260K, paused 3ms+1ms, total 26ms
11-10 12:57:12.250 D/dalvikvm(2677): GC_CONCURRENT freed 518K, 15% free 4478K/5260K, paused 3ms+2ms, total 26ms
11-10 12:57:12.340 D/dalvikvm(2677): GC_CONCURRENT freed 358K, 14% free 4530K/5260K, paused 1ms+1ms, total 26ms
11-10 12:57:12.490 D/dalvikvm(2677): GC_CONCURRENT freed 491K, 14% free 4548K/5260K, paused 3ms+1ms, total 28ms
11-10 12:57:12.620 D/dalvikvm(2677): GC_CONCURRENT freed 442K, 13% free 4612K/5260K, paused 2ms+1ms, total 27ms
11-10 12:57:12.700 D/dalvikvm(2677): GC_CONCURRENT freed 472K, 14% free 4541K/5260K, paused 2ms+1ms, total 34ms
11-10 12:57:12.750 D/dalvikvm(2677): GC_CONCURRENT freed 410K, 14% free 4567K/5260K, paused 2ms+2ms, total 26ms
11-10 12:57:12.820 D/dalvikvm(2677): GC_CONCURRENT freed 384K, 13% free 4618K/5260K, paused 2ms+11ms, total 25ms
11-10 12:57:12.910 D/dalvikvm(2677): GC_CONCURRENT freed 538K, 15% free 4521K/5260K, paused 2ms+1ms, total 22ms
11-10 12:57:13.000 D/dalvikvm(2677): GC_CONCURRENT freed 428K, 14% free 4534K/5260K, paused 3ms+11ms, total 26ms
11-10 12:57:13.080 D/dalvikvm(2677): GC_CONCURRENT freed 354K, 12% free 4632K/5260K, paused 2ms+1ms, total 16ms
11-10 12:57:13.130 D/dalvikvm(2677): GC_CONCURRENT freed 399K, 12% free 4672K/5260K, paused 1ms+2ms, total 15ms
11-10 12:57:13.210 D/dalvikvm(2677): GC_CONCURRENT freed 523K, 12% free 4660K/5260K, paused 3ms+2ms, total 19ms
11-10 12:57:13.210 D/dalvikvm(2677): WAIT_FOR_CONCURRENT_GC blocked 4ms
11-10 12:57:13.290 D/dalvikvm(2677): GC_CONCURRENT freed 369K, 11% free 4719K/5260K, paused 3ms+11ms, total 25ms
11-10 12:57:13.360 D/dalvikvm(2677): GC_CONCURRENT freed 506K, 11% free 4692K/5268K, paused 2ms+2ms, total 16ms
11-10 12:57:13.360 D/dalvikvm(2677): WAIT_FOR_CONCURRENT_GC blocked 7ms
11-10 12:57:13.410 D/dalvikvm(2677): GC_CONCURRENT freed 407K, 11% free 4724K/5268K, paused 3ms+1ms, total 17ms
11-10 12:57:13.520 D/dalvikvm(2677): GC_CONCURRENT freed 625K, 13% free 4610K/5276K, paused 1ms+2ms, total 15ms
11-10 12:57:13.520 D/dalvikvm(2677): WAIT_FOR_CONCURRENT_GC blocked 12ms
11-10 12:57:13.570 D/dalvikvm(2677): GC_CONCURRENT freed 389K, 12% free 4656K/5276K, paused 3ms+2ms, total 18ms
11-10 12:57:13.650 D/dalvikvm(2677): GC_CONCURRENT freed 581K, 15% free 4535K/5276K, paused 2ms+2ms, total 18ms
11-10 12:57:13.710 D/dalvikvm(2677): GC_CONCURRENT freed 539K, 15% free 4507K/5276K, paused 2ms+1ms, total 15ms
11-10 12:57:13.710 D/dalvikvm(2677): WAIT_FOR_CONCURRENT_GC blocked 3ms
11-10 12:57:13.780 D/dalvikvm(2677): GC_CONCURRENT freed 461K, 16% free 4475K/5276K, paused 1ms+2ms, total 15ms
11-10 12:57:13.850 D/dalvikvm(2677): GC_CONCURRENT freed 409K, 15% free 4512K/5276K, paused 1ms+1ms, total 15ms
11-10 12:57:13.900 I/ActivityManager(753): No longer want com.android.deskclock (pid 2279): empty #14
11-10 12:57:19.430 I/dalvikvm(1035): Could not find method android.hardware.SensorManager.flush, referenced from method com.google.android.location.collectionlib.ap.a
11-10 12:57:19.430 W/dalvikvm(1035): VFY: unable to resolve virtual method 960: Landroid/hardware/SensorManager;.flush (Landroid/hardware/SensorEventListener;)Z
11-10 12:57:19.430 D/dalvikvm(1035): VFY: replacing opcode 0x6e at 0x00a7
11-10 12:57:19.430 V/        (753): virtual int MPLSensor::enable(int32_t, int)
11-10 12:57:19.430 V/        (753): handle : 4 en: 1
11-10 12:57:19.430 E/        (753): handle : 4 en: 1
11-10 12:57:19.430 V/        (753): sensor state change what=4
11-10 12:57:19.430 V/        (753): void set_power_states(int, bool)
11-10 12:57:19.430 V/        (753):  enabled_sensors: 16 dmp_started: 0
11-10 12:57:19.430 V/        (753): inv_set_mpu_sensors: 70, enable_ped = 0
11-10 12:57:19.440 I/MPL-fifo(753): Actual ODR: 50000 mHz
11-10 12:57:19.440 V/        (753): Starting DMP
11-10 12:57:19.440 I/MPL-mldl_cfg_mpu:(753): inv_mpu_resume: Resuming to 0070
11-10 12:57:19.440 V/        (753): virtual int MPLSensor::setDelay(int32_t, int64_t)
11-10 12:57:19.440 E/        (753):  setDelay handle: 4 rate 200
11-10 12:57:19.440 V/        (753): virtual int MPLSensor::update_delay()
11-10 12:57:19.440 V/        (753): set fifo rate: 39 200000000
11-10 12:57:19.440 I/MPL-fifo(753): Actual ODR: 25000 mHz
11-10 12:57:19.440 V/        (753): virtual int MPLSensor::setDelay(int32_t, int64_t)
11-10 12:57:19.440 E/        (753):  setDelay handle: 4 rate 20
11-10 12:57:19.450 V/        (753): virtual int MPLSensor::update_delay()
11-10 12:57:19.450 V/        (753): set fifo rate: 3 20000000
11-10 12:57:19.450 I/MPL-fifo(753): Actual ODR: 50000 mHz
11-10 12:57:19.780 D/Finsky  (2715): [1] 5.onFinished: Installation state replication succeeded.
11-10 12:57:22.850 V/        (753): virtual int MPLSensor::enable(int32_t, int)
11-10 12:57:22.850 V/        (753): handle : 4 en: 0
11-10 12:57:22.850 E/        (753): handle : 4 en: 0
11-10 12:57:22.850 V/        (753): sensor state change what=4
11-10 12:57:22.850 V/        (753): void set_power_states(int, bool)
11-10 12:57:22.850 V/        (753):  enabled_sensors: 0 dmp_started: 1
11-10 12:57:22.850 V/        (753): Stopping DMP
11-10 12:57:22.850 I/MPL-mldl_cfg_mpu:(753): inv_mpu_suspend: suspending sensors to 0000
11-10 12:57:22.860 I/MPL-mldl_cfg_mpu:(753): inv_mpu_suspend: Will resume next to 0070
11-10 12:57:22.860 V/        (753): virtual int MPLSensor::update_delay()
11-10 12:57:22.860 V/        (753): virtual int MPLSensor::setDelay(int32_t, int64_t)
11-10 12:57:22.860 E/        (753):  setDelay handle: 4 rate 20
11-10 12:57:22.860 V/        (753): virtual int MPLSensor::update_delay()
11-10 12:57:22.910 D/dalvikvm(1035): GC_FOR_ALLOC freed 475K, 11% free 6135K/6876K, paused 31ms, total 31ms
11-10 12:57:27.929 V/        (753): virtual int MPLSensor::enable(int32_t, int)
11-10 12:57:27.929 V/        (753): handle : 4 en: 1
11-10 12:57:27.929 E/        (753): handle : 4 en: 1
11-10 12:57:27.929 V/        (753): sensor state change what=4
11-10 12:57:27.929 V/        (753): void set_power_states(int, bool)
11-10 12:57:27.929 V/        (753):  enabled_sensors: 16 dmp_started: 0
11-10 12:57:27.929 V/        (753): Starting DMP
11-10 12:57:27.929 I/MPL-mldl_cfg_mpu:(753): inv_mpu_resume: Resuming to 0070
11-10 12:57:27.929 V/        (753): virtual int MPLSensor::setDelay(int32_t, int64_t)
11-10 12:57:27.929 E/        (753):  setDelay handle: 4 rate 200
11-10 12:57:27.929 V/        (753): virtual int MPLSensor::update_delay()
11-10 12:57:27.929 V/        (753): set fifo rate: 39 200000000
11-10 12:57:27.929 I/MPL-fifo(753): Actual ODR: 25000 mHz
11-10 12:57:27.929 V/        (753): virtual int MPLSensor::setDelay(int32_t, int64_t)
11-10 12:57:27.929 E/        (753):  setDelay handle: 4 rate 20
11-10 12:57:27.929 V/        (753): virtual int MPLSensor::update_delay()
11-10 12:57:27.929 V/        (753): set fifo rate: 3 20000000
11-10 12:57:27.929 I/MPL-fifo(753): Actual ODR: 50000 mHz
11-10 12:57:31.320 V/        (753): virtual int MPLSensor::enable(int32_t, int)
11-10 12:57:31.320 V/        (753): handle : 4 en: 0
11-10 12:57:31.320 E/        (753): handle : 4 en: 0
11-10 12:57:31.320 V/        (753): sensor state change what=4
11-10 12:57:31.320 V/        (753): void set_power_states(int, bool)
11-10 12:57:31.320 V/        (753):  enabled_sensors: 0 dmp_started: 1
11-10 12:57:31.320 V/        (753): Stopping DMP
11-10 12:57:31.320 I/MPL-mldl_cfg_mpu:(753): inv_mpu_suspend: suspending sensors to 0000
11-10 12:57:31.320 I/MPL-mldl_cfg_mpu:(753): inv_mpu_suspend: Will resume next to 0070
11-10 12:57:31.320 V/        (753): virtual int MPLSensor::update_delay()
11-10 12:57:31.320 V/        (753): virtual int MPLSensor::setDelay(int32_t, int64_t)
11-10 12:57:31.320 E/        (753):  setDelay handle: 4 rate 20
11-10 12:57:31.320 V/        (753): virtual int MPLSensor::update_delay()
11-10 12:57:31.360 D/dalvikvm(1035): GC_CONCURRENT freed 555K, 11% free 6135K/6880K, paused 2ms+2ms, total 28ms
11-10 12:57:31.360 D/dalvikvm(1035): WAIT_FOR_CONCURRENT_GC blocked 24ms
11-10 12:57:31.390 I/GCoreUlr(1035): Successfully inserted location
11-10 12:57:31.400 I/GCoreUlr(1035): Starting service, intent=Intent { cmp=com.google.android.gms/com.google.android.location.reporting.LocationReportingService }, extras=null
11-10 12:57:31.520 D/dalvikvm(1035): GC_CONCURRENT freed 531K, 10% free 6219K/6880K, paused 2ms+3ms, total 29ms
11-10 12:57:31.540 W/GmsApplication(1035): Using Auth Proxy for data requests.
11-10 12:57:31.560 I/GoogleHttpClient(1035): Falling back to old SSLCertificateSocketFactory
11-10 12:57:31.560 I/dalvikvm(1035): Could not find method android.security.KeyPairGeneratorSpec$Builder.setKeyType, referenced from method com.google.android.gms.auth.c.a.a
11-10 12:57:31.560 W/dalvikvm(1035): VFY: unable to resolve virtual method 1543: Landroid/security/KeyPairGeneratorSpec$Builder;.setKeyType (Ljava/lang/String;)Landroid/security/KeyPairGeneratorSpec$Builder;
11-10 12:57:31.560 D/dalvikvm(1035): VFY: replacing opcode 0x6e at 0x00a2
11-10 12:57:31.570 I/GLSUser (1035): [ ChannelManager ] Attempting to channel bind connection HttpClient.
11-10 12:57:31.570 I/GLSUser (1035): [ ChannelManager ] Skip channel binding on pre-KLP devices.
11-10 12:57:31.650 W/ActivityThread(1035): ClassLoader.loadClass: The class loader returned by Thread.getContextClassLoader() may fail for processes that host multiple applications. You should explicitly specify a context class loader. For example: Thread.setContextClassLoader(getClass().getClassLoader());
11-10 12:57:33.240 D/dalvikvm(1035): GC_CONCURRENT freed 536K, 10% free 6317K/6956K, paused 2ms+3ms, total 42ms
11-10 12:57:33.290 I/GCoreUlr(1035): Starting service, intent=Intent { act=com.google.android.location.reporting.ACTION_UPDATE_ACTIVE_STATE cmp=com.google.android.gms/com.google.android.location.reporting.service.DispatchingService }, extras=null
11-10 12:57:33.290 I/GCoreUlr(1035): Batch Location Update succeeded for account account#-13#
11-10 12:57:33.350 D/dalvikvm(1084): GC_CONCURRENT freed 387K, 9% free 5159K/5648K, paused 1ms+2ms, total 22ms
11-10 12:57:33.380 I/GCoreUlr(1035): Ensuring that reporting is active for [account#-13#]
11-10 12:57:33.390 I/GCoreUlr(1035): Starting service, intent=Intent { act=com.google.android.location.reporting.ACTION_LOCATION_STATUS cmp=com.google.android.gms/com.google.android.location.reporting.service.DispatchingService (has extras) }, extras=Bundle[{status=LocationStatus[cell status: STATUS_UNKNOWN, wifi status: STATUS_UNKNOWN, elapsed realtime ns: 0]}]
11-10 12:57:34.590 I/wpa_supplicant(846): rfkill: WLAN unblocked
11-10 12:57:34.590 I/wpa_supplicant(846): rfkill: WLAN unblocked
11-10 12:57:36.370 V/        (753): virtual int MPLSensor::enable(int32_t, int)
11-10 12:57:36.370 V/        (753): handle : 4 en: 1
11-10 12:57:36.370 E/        (753): handle : 4 en: 1
11-10 12:57:36.370 V/        (753): sensor state change what=4
11-10 12:57:36.370 V/        (753): void set_power_states(int, bool)
11-10 12:57:36.370 V/        (753):  enabled_sensors: 16 dmp_started: 0
11-10 12:57:36.370 V/        (753): Starting DMP
11-10 12:57:36.380 I/MPL-mldl_cfg_mpu:(753): inv_mpu_resume: Resuming to 0070
11-10 12:57:36.380 V/        (753): virtual int MPLSensor::setDelay(int32_t, int64_t)
11-10 12:57:36.380 E/        (753):  setDelay handle: 4 rate 200
11-10 12:57:36.380 V/        (753): virtual int MPLSensor::update_delay()
11-10 12:57:36.380 V/        (753): set fifo rate: 39 200000000
11-10 12:57:36.380 I/MPL-fifo(753): Actual ODR: 25000 mHz
11-10 12:57:36.380 V/        (753): virtual int MPLSensor::setDelay(int32_t, int64_t)
11-10 12:57:36.380 E/        (753):  setDelay handle: 4 rate 20
11-10 12:57:36.380 V/        (753): virtual int MPLSensor::update_delay()
11-10 12:57:36.380 V/        (753): set fifo rate: 3 20000000
11-10 12:57:36.380 I/MPL-fifo(753): Actual ODR: 50000 mHz
11-10 12:57:39.740 V/        (753): virtual int MPLSensor::enable(int32_t, int)
11-10 12:57:39.740 V/        (753): handle : 4 en: 0
11-10 12:57:39.740 E/        (753): handle : 4 en: 0
11-10 12:57:39.740 V/        (753): sensor state change what=4
11-10 12:57:39.740 V/        (753): void set_power_states(int, bool)
11-10 12:57:39.740 V/        (753):  enabled_sensors: 0 dmp_started: 1
11-10 12:57:39.740 V/        (753): Stopping DMP
11-10 12:57:39.740 I/MPL-mldl_cfg_mpu:(753): inv_mpu_suspend: suspending sensors to 0000
11-10 12:57:39.740 I/MPL-mldl_cfg_mpu:(753): inv_mpu_suspend: Will resume next to 0070
11-10 12:57:39.740 V/        (753): virtual int MPLSensor::update_delay()
11-10 12:57:39.740 V/        (753): virtual int MPLSensor::setDelay(int32_t, int64_t)
11-10 12:57:39.740 E/        (753):  setDelay handle: 4 rate 20
