11-10 12:56:29.740 W/ActivityManager(753): Unable to start service Intent { cmp=com.android.email/.service.AttachmentDownloadService } U=0: not found
11-10 12:56:29.800 I/ActivityManager(753): Start proc com.android.onetimeinitializer for broadcast com.android.onetimeinitializer/.OneTimeInitializerReceiver: pid=1533 uid=10023 gids={50023, 1028}
11-10 12:56:29.800 W/ActivityManager(753): Unable to start service Intent { cmp=com.android.email/.service.AttachmentDownloadService } U=0: not found
11-10 12:56:29.860 W/ActivityManager(753): Unable to start service Intent { cmp=com.android.email/.service.AttachmentDownloadService } U=0: not found
11-10 12:56:29.880 I/ActivityManager(753): Start proc com.google.android.calendar for broadcast com.google.android.calendar/com.android.calendar.alerts.AlertReceiver: pid=1554 uid=10027 gids={50027, 3003, 1028}
11-10 12:56:29.970 W/ActivityManager(753): Unable to start service Intent { cmp=com.android.email/.service.AttachmentDownloadService } U=0: not found
11-10 12:56:30.070 I/ActivityManager(753): Start proc com.android.settings for broadcast com.android.settings/.katkiss.OverclockReceiver: pid=1573 uid=1000 gids={41000, 1015, 1028, 3002, 3001, 3003, 3007}
11-10 12:56:30.190 I/ActivityManager(753): No longer want com.estrongs.android.pop (pid 953): empty #14
11-10 12:56:30.200 I/ActivityManager(753): Start proc com.google.android.configupdater for broadcast com.google.android.configupdater/.CertPin.CertPinUpdateRequestReceiver: pid=1589 uid=10039 gids={50039, 3003, 2001, 1028}
11-10 12:56:30.430 I/ActivityManager(753): No longer want android.process.acore (pid 1125): empty #14
11-10 12:56:30.440 D/ConnectivityService(753): handleInetConditionHoldEnd: net=1, condition=100, published condition=0
11-10 12:56:30.450 I/ActivityManager(753): Start proc com.google.android.onetimeinitializer for broadcast com.google.android.onetimeinitializer/.OneTimeInitializerReceiver: pid=1614 uid=10042 gids={50042, 1028}
11-10 12:56:30.470 I/ActivityManager(753): Start proc android.process.acore for content provider com.android.providers.contacts/.ContactsProvider2: pid=1626 uid=10000 gids={50000, 3003, 1015, 1028}
11-10 12:56:30.510 I/ActivityManager(753): Start proc com.google.android.partnersetup for broadcast com.google.android.partnersetup/.GooglePartnerSetup: pid=1642 uid=10043 gids={50043, 3003, 1028}
11-10 12:56:30.520 I/ActivityManager(753): No longer want com.google.android.gallery3d (pid 1231): empty #14
11-10 12:56:30.650 W/ActivityThread(1084): Content provider com.android.providers.contacts.ContactsProvider2 already published as contacts
11-10 12:56:30.650 W/ActivityThread(1084): Content provider com.android.providers.contacts.ContactsProvider2 already published as com.android.contacts
11-10 12:56:30.680 I/ActivityManager(753): Start proc com.google.android.googlequicksearchbox for broadcast com.google.android.googlequicksearchbox/com.google.android.apps.sidekick.StartUpReceiver: pid=1673 uid=10048 gids={50048, 3003, 1028, 1007, 3002, 1015}
11-10 12:56:31.100 I/ActivityManager(753): Start proc com.google.android.gsf.login for service com.google.android.gsf.login/com.google.android.gsf.loginservice.GoogleLoginService: pid=1698 uid=10028 gids={50028, 3003, 1007, 1028, 1015, 1006, 3002, 3001, 2001, 3006}
11-10 12:56:31.140 I/ActivityManager(753): Start proc com.android.vending for broadcast com.android.vending/com.google.android.finsky.receivers.BootCompletedReceiver: pid=1714 uid=10046 gids={50046, 3003, 1015, 1028}
11-10 12:56:31.140 I/ActivityManager(753): No longer want com.android.chrome (pid 1327): empty #14
11-10 12:56:31.140 I/ActivityManager(753): No longer want com.google.android.apps.uploader (pid 1271): empty #15
11-10 12:56:31.440 W/ActivityManager(753): Unable to start service Intent { act=com.google.android.location.internal.GMM_NLP (has extras) } U=0: not found
11-10 12:56:31.500 I/ActivityManager(753): No longer want au.net.abc.iview (pid 1396): empty #14
11-10 12:56:31.690 I/ActivityManager(753): No longer want com.google.android.gms.ui (pid 1163): empty #14
11-10 12:56:31.700 W/ActivityThread(1084): Content provider com.android.providers.contacts.ContactsProvider2 already published as contacts
11-10 12:56:31.700 W/ActivityThread(1084): Content provider com.android.providers.contacts.ContactsProvider2 already published as com.android.contacts
11-10 12:56:31.870 D/EthernetService(753): interfaceLinkStateChanged for wlan0, up = true
11-10 12:56:32.120 I/ActivityManager(753): Start proc eu.chainfire.supersu for broadcast eu.chainfire.supersu/.BootCompleteReceiver: pid=1757 uid=10031 gids={50031, 1028}
11-10 12:56:32.120 I/ActivityManager(753): No longer want com.google.android.gms.wearable (pid 1253): empty #14
11-10 12:56:32.860 I/ActivityManager(753): Start proc com.newscorp.theaustralian for broadcast com.newscorp.theaustralian/com.newscorp.app.Alarm: pid=1849 uid=10062 gids={50062, 3003, 1028, 1015}
11-10 12:56:33.200 D/ConnectivityService(753): captivePortalCheckCompleted: ni=NetworkInfo: type: WIFI[], state: CONNECTED/CONNECTED, reason: (unspecified), extra: "NEWSLTD-INTERNAL", roaming: false, failover: false, isAvailable: true, isConnectedToProvisioningNetwork: false captive=false
11-10 12:56:33.200 D/ConnectivityService(753): setProvNotificationVisible: E visible=false networkType=-1 extraInfo=null url=null
11-10 12:56:33.250 I/ActivityManager(753): No longer want com.android.providers.calendar (pid 1438): empty #14
11-10 12:56:33.410 W/ActivityThread(1052): ClassLoader.loadClass: The class loader returned by Thread.getContextClassLoader() may fail for processes that host multiple applications. You should explicitly specify a context class loader. For example: Thread.setContextClassLoader(getClass().getClassLoader());
11-10 12:56:33.930 I/ActivityManager(753): Start proc com.google.android.talk for broadcast com.google.android.talk/com.google.android.apps.hangouts.service.BootReceiver: pid=1898 uid=10070 gids={50070, 3003, 1015, 1006, 3002, 1028}
11-10 12:56:34.140 I/PowerManagerService(753): Going to sleep due to screen timeout...
11-10 12:56:34.140 I/ActivityManager(753): No longer want com.android.deskclock (pid 1458): empty #14
11-10 12:56:34.330 I/WindowManager(753): Lock screen displayed!
11-10 12:56:34.360 D/EthernetService(753): getDetailedState: state is DISCONNECTED
--------- beginning of /dev/log/main
11-10 12:56:34.430 E/dalvikvm(1898): Could not find class 'android.app.RemoteInput[]', referenced from method f.a
11-10 12:56:34.430 W/dalvikvm(1898): VFY: unable to resolve new-array 5522 ([Landroid/app/RemoteInput;) in Lf;
11-10 12:56:34.430 D/dalvikvm(1898): VFY: replacing opcode 0x23 at 0x0005
11-10 12:56:34.430 D/dalvikvm(1898): GC_CONCURRENT freed 239K, 6% free 4652K/4928K, paused 3ms+2ms, total 21ms
11-10 12:56:34.430 I/dalvikvm(1898): Could not find method android.provider.Telephony$Sms.getDefaultSmsPackage, referenced from method bkg.a
11-10 12:56:34.430 W/dalvikvm(1898): VFY: unable to resolve static method 3320: Landroid/provider/Telephony$Sms;.getDefaultSmsPackage (Landroid/content/Context;)Ljava/lang/String;
11-10 12:56:34.430 D/dalvikvm(1898): VFY: replacing opcode 0x71 at 0x005e
11-10 12:56:34.440 D/dalvikvm(1898): DexOpt: unable to opt direct call 0x085a at 0x0e in Lf;.a
11-10 12:56:34.450 D/dalvikvm(1898): DexOpt: unable to opt direct call 0x08aa at 0x13 in Lf;.a
11-10 12:56:34.470 I/dalvikvm(1898): Could not find method android.telephony.TelephonyManager.getMmsUserAgent, referenced from method bvm.b
11-10 12:56:34.470 W/dalvikvm(1898): VFY: unable to resolve virtual method 3974: Landroid/telephony/TelephonyManager;.getMmsUserAgent ()Ljava/lang/String;
11-10 12:56:34.470 D/dalvikvm(1898): VFY: replacing opcode 0x6e at 0x0021
11-10 12:56:34.480 I/Babel   (1898): MmsConfig: mnc/mcc: 0/0
11-10 12:56:34.480 I/Babel   (1898): MmsConfig.loadMmsSettings
11-10 12:56:34.480 I/Babel   (1898): MmsConfig.loadFromDatabase
11-10 12:56:34.510 D/dalvikvm(1898): GC_CONCURRENT freed 384K, 9% free 4766K/5188K, paused 1ms+5ms, total 22ms
11-10 12:56:34.510 E/Babel   (1898): canonicalizeMccMnc: invalid mccmnc 
11-10 12:56:34.510 I/Babel   (1898): MmsConfig.loadFromResources
11-10 12:56:34.510 E/Babel   (1898): canonicalizeMccMnc: invalid mccmnc nullnull
11-10 12:56:34.510 I/Babel   (1898): MmsConfig.loadMmsSettings: mUserAgent=Hangouts/2.4.78234730, mUaProfUrl=https://ssl.gstatic.com/android/hangouts/hangouts_mms_ua_profile.xml
11-10 12:56:34.570 D/dalvikvm(1898): GC_CONCURRENT freed 152K, 4% free 5121K/5316K, paused 1ms+2ms, total 18ms
11-10 12:56:34.570 D/dalvikvm(1898): WAIT_FOR_CONCURRENT_GC blocked 4ms
11-10 12:56:34.650 D/dalvikvm(1898): GC_CONCURRENT freed 147K, 4% free 5474K/5672K, paused 2ms+2ms, total 20ms
11-10 12:56:34.650 D/dalvikvm(1898): WAIT_FOR_CONCURRENT_GC blocked 3ms
11-10 12:56:34.700 I/WindowManager(753): Screenshot max retries 4 of Token{427620e8 ActivityRecord{42761ca0 u0 com.cyanogenmod.trebuchet/.Launcher}} appWin=Window{424df900 u0 com.cyanogenmod.trebuchet/com.cyanogenmod.trebuchet.Launcher} drawState=4
11-10 12:56:34.700 W/WindowManager(753): Screenshot failure taking screenshot for (1280x800) to layer 21005
11-10 12:56:34.710 W/Settings(1898): Setting airplane_mode_on has moved from android.provider.Settings.System to android.provider.Settings.Global, returning read-only value.
11-10 12:56:34.720 D/EthernetService(753): getDetailedState: state is DISCONNECTED
11-10 12:56:34.730 D/audio_hw_primary(108): adev_set_parameters:screen_state=off
11-10 12:56:34.760 D/dalvikvm(1898): GC_CONCURRENT freed 142K, 4% free 5819K/6024K, paused 1ms+2ms, total 62ms
11-10 12:56:34.760 D/dalvikvm(1898): WAIT_FOR_CONCURRENT_GC blocked 14ms
11-10 12:56:34.760 D/dalvikvm(1898): WAIT_FOR_CONCURRENT_GC blocked 14ms
11-10 12:56:34.760 D/dalvikvm(1898): WAIT_FOR_CONCURRENT_GC blocked 24ms
11-10 12:56:34.790 V/Babel   (1898): babel boot account: SMS
11-10 12:56:34.820 I/ActivityManager(753): Start proc com.google.android.gm for broadcast com.google.android.gm/.GoogleMailDeviceStartupReceiver: pid=1968 uid=10065 gids={50065, 3003, 1015, 1028}
11-10 12:56:34.820 I/ActivityManager(753): No longer want com.android.onetimeinitializer (pid 1533): empty #14
11-10 12:56:34.830 D/dalvikvm(1084): GC_CONCURRENT freed 479K, 12% free 5046K/5676K, paused 5ms+2ms, total 51ms
11-10 12:56:34.870 V/KeyguardHostView(753): hide transport, gen:3
11-10 12:56:34.870 V/KeyguardHostView(753): music state changed: 0
11-10 12:56:34.880 D/dalvikvm(1898): GC_CONCURRENT freed 335K, 7% free 5968K/6376K, paused 3ms+3ms, total 45ms
11-10 12:56:34.880 D/dalvikvm(1898): WAIT_FOR_CONCURRENT_GC blocked 29ms
11-10 12:56:34.890 D/dalvikvm(1898): WAIT_FOR_CONCURRENT_GC blocked 34ms
11-10 12:56:34.910 I/Choreographer(753): Skipped 30 frames!  The application may be doing too much work on its main thread.
11-10 12:56:34.920 D/dalvikvm(1898): GC_FOR_ALLOC freed 139K, 7% free 6101K/6504K, paused 29ms, total 29ms
11-10 12:56:34.920 I/dalvikvm-heap(1898): Grow heap (frag case) to 6.240MB for 260112-byte allocation
11-10 12:56:34.950 D/dalvikvm(879): GC_CONCURRENT freed 467K, 11% free 4472K/5024K, paused 2ms+1ms, total 21ms
11-10 12:56:34.960 D/dalvikvm(1898): GC_FOR_ALLOC freed 126K, 8% free 6229K/6760K, paused 32ms, total 32ms
11-10 12:56:34.990 D/dalvikvm(1898): GC_FOR_ALLOC freed 12K, 8% free 6265K/6760K, paused 27ms, total 27ms
11-10 12:56:34.990 I/dalvikvm-heap(1898): Grow heap (frag case) to 6.379MB for 238414-byte allocation
11-10 12:56:35.010 D/dalvikvm(1898): GC_FOR_ALLOC freed <1K, 8% free 6498K/6996K, paused 21ms, total 21ms
11-10 12:56:35.040 D/dalvikvm(1898): GC_FOR_ALLOC freed 557K, 11% free 6492K/7252K, paused 21ms, total 21ms
11-10 12:56:35.070 I/dalvikvm(1968): Could not find method android.app.ActivityManager.isLowRamDevice, referenced from method com.android.mail.utils.Y.F
11-10 12:56:35.070 W/dalvikvm(1968): VFY: unable to resolve virtual method 139: Landroid/app/ActivityManager;.isLowRamDevice ()Z
11-10 12:56:35.070 D/dalvikvm(1968): VFY: replacing opcode 0x6e at 0x0011
11-10 12:56:35.070 D/dalvikvm(1898): GC_CONCURRENT freed 548K, 10% free 6571K/7252K, paused 3ms+2ms, total 25ms
11-10 12:56:35.070 D/dalvikvm(1898): WAIT_FOR_CONCURRENT_GC blocked 5ms
11-10 12:56:35.080 D/ActivityThread(1968): Loading provider com.android.gmail.ui: com.google.android.gm.provider.GmailProvider
11-10 12:56:35.100 D/dalvikvm(1898): GC_FOR_ALLOC freed 132K, 8% free 6692K/7252K, paused 26ms, total 26ms
11-10 12:56:35.120 D/dalvikvm(1968): GC_CONCURRENT freed 285K, 7% free 4411K/4736K, paused 3ms+1ms, total 36ms
11-10 12:56:35.180 I/dalvikvm(1968): Could not find method com.android.mail.browse.E.getNotificationUri, referenced from method com.android.mail.browse.t.getNotificationUri
11-10 12:56:35.180 W/dalvikvm(1968): VFY: unable to resolve virtual method 6615: Lcom/android/mail/browse/E;.getNotificationUri ()Landroid/net/Uri;
11-10 12:56:35.180 D/dalvikvm(1968): VFY: replacing opcode 0x6e at 0x0008
11-10 12:56:35.200 W/GAV2    (1968): Thread[main,5,main]: Need to call initialize() and be in fallback mode to start dispatch.
11-10 12:56:35.230 D/dalvikvm(1968): GC_CONCURRENT freed 195K, 5% free 4682K/4916K, paused 3ms+2ms, total 23ms
11-10 12:56:35.240 D/dalvikvm(1898): GC_CONCURRENT freed 377K, 6% free 7126K/7540K, paused 2ms+2ms, total 71ms
11-10 12:56:35.240 D/dalvikvm(1898): WAIT_FOR_CONCURRENT_GC blocked 20ms
11-10 12:56:35.240 D/dalvikvm(753): GC_CONCURRENT freed 1421K, 12% free 12074K/13592K, paused 3ms+8ms, total 143ms
11-10 12:56:35.320 D/dalvikvm(1698): GC_CONCURRENT freed 285K, 7% free 4375K/4700K, paused 1ms+1ms, total 69ms
11-10 12:56:35.320 D/dalvikvm(1849): GC_CONCURRENT freed 350K, 8% free 5001K/5392K, paused 4ms+1ms, total 41ms
11-10 12:56:35.400 D/dalvikvm(1898): GC_CONCURRENT freed 202K, 3% free 7874K/8112K, paused 2ms+3ms, total 28ms
11-10 12:56:35.590 D/dalvikvm(1898): GC_CONCURRENT freed 755K, 9% free 8324K/9116K, paused 3ms+2ms, total 50ms
11-10 12:56:35.590 D/dalvikvm(1898): WAIT_FOR_CONCURRENT_GC blocked 10ms
11-10 12:56:35.800 D/dalvikvm(1898): GC_CONCURRENT freed 299K, 4% free 9380K/9716K, paused 1ms+3ms, total 37ms
11-10 12:56:35.800 D/dalvikvm(1898): WAIT_FOR_CONCURRENT_GC blocked 18ms
11-10 12:56:36.100 I/GAV2    (1673): Thread[GAThread,5,main]: No campaign data found.
11-10 12:56:36.550 D/dalvikvm(1052): GC_CONCURRENT freed 540K, 10% free 5240K/5816K, paused 1ms+1ms, total 1064ms
11-10 12:56:36.550 I/Crittercism(1849): Enabling OPTMZ
11-10 12:56:36.570 I/ActivityManager(753): Start proc org.meerkats.kat for broadcast org.meerkats.kat/.modules.KatReceiver: pid=2009 uid=10095 gids={50095, 3003, 1028}
11-10 12:56:36.620 D/KAT-Receiver(2009): onReceive:Intent { act=android.intent.action.BOOT_COMPLETED flg=0x10 cmp=org.meerkats.kat/.modules.KatReceiver (has extras) }
11-10 12:56:36.630 V/BootTask(2009): +
11-10 12:56:36.640 I/ActivityManager(753): Start proc com.mobisystems.ubreader_west for broadcast com.mobisystems.ubreader_west/com.mobisystems.ubreader.service.StartAtBootServiceReceiver: pid=2025 uid=10068 gids={50068, 3003, 1015, 1028}
11-10 12:56:36.640 I/ActivityManager(753): No longer want com.android.settings (pid 1573): empty #14
11-10 12:56:36.660 V/AssetsInstaller(2009): /system/tmp/ setup
11-10 12:56:36.700 D/dalvikvm(879): GC_CONCURRENT freed 391K, 12% free 4470K/5024K, paused 5ms+1ms, total 46ms
11-10 12:56:36.740 D/dalvikvm(1968): GC_CONCURRENT freed 442K, 10% free 4677K/5156K, paused 3ms+2ms, total 35ms
11-10 12:56:36.980 I/ActivityManager(753): Start proc com.newscorp.couriermail for broadcast com.newscorp.couriermail/com.newscorp.app.Alarm: pid=2055 uid=10096 gids={50096, 3003, 1028, 1015}
11-10 12:56:37.060 I/Gmail   (1968): calculateUnknownSyncRationalesAndPurgeInBackground: queueing
11-10 12:56:37.530 D/dalvikvm(1968): GC_CONCURRENT freed 236K, 7% free 4833K/5156K, paused 2ms+1ms, total 21ms
11-10 12:56:37.560 I/Gmail   (1968): calculateUnknownSyncRationalesAndPurgeInBackground: queueing
11-10 12:56:37.700 D/dalvikvm(2055): GC_CONCURRENT freed 146K, 4% free 4542K/4728K, paused 3ms+3ms, total 31ms
11-10 12:56:37.710 I/CrittercismInstance(2055): Initializing Crittercism...
11-10 12:56:37.750 I/Gmail   (1968): Sending provider changed intent: Intent { act=android.intent.action.PROVIDER_CHANGED dat=content://gmail-ls/unread/^sq_ig_i_promo (has extras) }
11-10 12:56:37.750 I/Gmail   (1968): Sending provider changed intent: Intent { act=android.intent.action.PROVIDER_CHANGED dat=content://gmail-ls/unread/^sq_ig_i_personal (has extras) }
11-10 12:56:37.760 I/Gmail   (1968): Sending provider changed intent: Intent { act=android.intent.action.PROVIDER_CHANGED dat=content://gmail-ls/unread/^sq_ig_i_social (has extras) }
11-10 12:56:37.770 I/MSOffice Search Service(2025): Exiting from onDestroy().
11-10 12:56:37.780 I/ActivityManager(753): No longer want com.google.android.configupdater (pid 1589): empty #14
11-10 12:56:37.790 I/Gmail   (1968): calculateUnknownSyncRationalesAndPurgeInBackground: running
11-10 12:56:37.810 I/Gmail   (1968): calculateUnknownSyncRationalesAndPurgeInBackground: running
11-10 12:56:37.840 D/dalvikvm(2055): GC_CONCURRENT freed 234K, 6% free 4739K/5020K, paused 2ms+2ms, total 21ms
11-10 12:56:37.940 D/Courier Mail(2055): Started version 4.2.14.0425
11-10 12:56:37.980 I/Gmail   (1968): calculateUnknownSyncRationalesAndPurgeInBackground: queueing
11-10 12:56:38.020 I/Gmail   (1968): calculateUnknownSyncRationalesAndPurgeInBackground: queueing
11-10 12:56:38.070 D/dalvikvm(1968): GC_CONCURRENT freed 277K, 6% free 4996K/5312K, paused 2ms+2ms, total 31ms
11-10 12:56:38.090 I/Gmail   (1968): Sending provider changed intent: Intent { act=android.intent.action.PROVIDER_CHANGED dat=content://gmail-ls/unread/^sq_ig_i_social (has extras) }
11-10 12:56:38.100 I/Gmail   (1968): Sending provider changed intent: Intent { act=android.intent.action.PROVIDER_CHANGED dat=content://gmail-ls/unread/^sq_ig_i_promo (has extras) }
11-10 12:56:38.100 I/Gmail   (1968): Sending provider changed intent: Intent { act=android.intent.action.PROVIDER_CHANGED dat=content://gmail-ls/unread/^sq_ig_i_personal (has extras) }
11-10 12:56:38.110 I/ActivityManager(753): No longer want com.google.android.onetimeinitializer (pid 1614): empty #14
11-10 12:56:38.120 I/Gmail   (1968): calculateUnknownSyncRationalesAndPurgeInBackground: running
11-10 12:56:38.120 I/Gmail   (1968): calculateUnknownSyncRationalesAndPurgeInBackground: running
11-10 12:56:38.160 D/AndroidRuntime(2051): 
11-10 12:56:38.160 D/AndroidRuntime(2051): >>>>>> AndroidRuntime START com.android.internal.os.RuntimeInit <<<<<<
11-10 12:56:38.160 D/AndroidRuntime(2051): CheckJNI is OFF
11-10 12:56:38.170 D/dalvikvm(2051): Trying to load lib libjavacore.so 0x0
11-10 12:56:38.170 D/dalvikvm(2051): Added shared lib libjavacore.so 0x0
11-10 12:56:38.180 D/dalvikvm(2051): Trying to load lib libnativehelper.so 0x0
11-10 12:56:38.180 D/dalvikvm(2051): Added shared lib libnativehelper.so 0x0
11-10 12:56:38.220 E/cutils-trace(2051): Error opening trace file: No such file or directory (2)
11-10 12:56:38.800 D/AndroidRuntime(2051): Calling main entry com.android.commands.am.Am
11-10 12:56:38.800 D/dalvikvm(2051): Note: class Landroid/app/ActivityManagerNative; has 164 unimplemented (abstract) methods
11-10 12:56:38.830 D/Finsky  (1714): [134] InAppBillingUtils.pickAccount: com.newscorp.couriermail: Account determined from installer data - [0JIII8BK7XKz36u1zU6sMo8J0zA]
11-10 12:56:38.830 I/ActivityManager(753): Start proc org.mozilla.firefox for broadcast org.mozilla.firefox/org.mozilla.gecko.background.healthreport.HealthReportBroadcastReceiver: pid=2098 uid=10093 gids={50093, 3003, 1015, 1006, 1028}
11-10 12:56:38.840 D/Finsky  (1714): [103] InAppBillingUtils.pickAccount: com.newscorp.couriermail: Account determined from installer data - [0JIII8BK7XKz36u1zU6sMo8J0zA]
11-10 12:56:38.850 D/dalvikvm(2055): GC_CONCURRENT freed 326K, 8% free 4825K/5204K, paused 3ms+1ms, total 25ms
11-10 12:56:38.850 D/Finsky  (1714): [104] InAppBillingUtils.pickAccount: com.newscorp.couriermail: Account determined from installer data - [0JIII8BK7XKz36u1zU6sMo8J0zA]
11-10 12:56:38.850 D/Finsky  (1714): [134] InAppBillingUtils.pickAccount: com.newscorp.couriermail: Account determined from installer data - [0JIII8BK7XKz36u1zU6sMo8J0zA]
11-10 12:56:38.870 D/dalvikvm(879): GC_CONCURRENT freed 385K, 12% free 4469K/5024K, paused 2ms+8ms, total 33ms
11-10 12:56:39.010 D/dalvikvm(2055): GC_CONCURRENT freed 379K, 8% free 4876K/5296K, paused 2ms+12ms, total 30ms
11-10 12:56:39.130 D/dalvikvm(2055): GC_CONCURRENT freed 345K, 8% free 4931K/5312K, paused 2ms+2ms, total 21ms
11-10 12:56:39.180 D/KAT-WM8903(2009): refreshControlsInfo
11-10 12:56:39.240 D/dalvikvm(2098): Trying to load lib /data/app-lib/org.mozilla.firefox-1/libmozglue.so 0x4204da90
11-10 12:56:39.250 V/BootTask(2009): ++
11-10 12:56:39.250 D/KAT-Service(2009): onCreate
11-10 12:56:39.260 D/dalvikvm(2098): Added shared lib /data/app-lib/org.mozilla.firefox-1/libmozglue.so 0x4204da90
11-10 12:56:39.260 D/dalvikvm(2098): No JNI_OnLoad found in /data/app-lib/org.mozilla.firefox-1/libmozglue.so 0x4204da90, skipping init
11-10 12:56:39.270 V/reg     (2009): 0x24 224
11-10 12:56:39.270 V/reg     (2009): 0x25 224
11-10 12:56:39.270 V/reg     (2009): 0x3E 173
11-10 12:56:39.270 V/reg     (2009): 0x3F 173
11-10 12:56:39.270 V/reg     (2009): 0x39 153
11-10 12:56:39.270 V/reg     (2009): 0x3A 153
11-10 12:56:39.280 I/ActivityManager(753): Start proc com.sonelli.juicessh for broadcast com.sonelli.juicessh/.receivers.BootReceiver: pid=2129 uid=10094 gids={50094, 3003, 1015, 1028}
11-10 12:56:39.310 D/GeckoSharedPrefs(2098): Current version = 1, prefs version = 1
11-10 12:56:39.380 D/KAT-WM8903(2009): refreshControlsInfo
11-10 12:56:39.400 V/BootTask(2009): -
11-10 12:56:39.420 D/GeckoProfile(2098): Found profile dir.
11-10 12:56:39.550 E/gralloc (105): NvGrPost: Failed, TEGRA_OVERLAY_IOCTL_FLIP Broken pipe
11-10 12:56:39.600 E/JuiceSSH/ExceptionHandler(2129): Crashlytics must be initialized by calling Crashlytics.start(Context) prior to logging messages.
11-10 12:56:39.600 D/JuiceSSH/ExceptionHandler(2129): Registering default exception handler
11-10 12:56:39.600 E/JuiceSSH/ExceptionHandler(2129): Crashlytics must be initialized by calling Crashlytics.start(Context) prior to logging messages.
11-10 12:56:39.600 D/JuiceSSH/ExceptionHandler(2129): Setting up SpongyCastle security provider
11-10 12:56:39.610 E/gralloc (105): NvGrPost: Failed, TEGRA_OVERLAY_IOCTL_FLIP Broken pipe
11-10 12:56:39.620 E/gralloc (105): NvGrPost: Failed, TEGRA_OVERLAY_IOCTL_FLIP Broken pipe
11-10 12:56:39.680 D/dalvikvm(2129): GC_CONCURRENT freed 283K, 7% free 4496K/4816K, paused 4ms+2ms, total 32ms
11-10 12:56:39.680 D/dalvikvm(2129): WAIT_FOR_CONCURRENT_GC blocked 10ms
11-10 12:56:39.710 E/JuiceSSH/ExceptionHandler(2129): Crashlytics must be initialized by calling Crashlytics.start(Context) prior to logging messages.
11-10 12:56:39.710 D/JuiceSSH/ExceptionHandler(2129): Applying fix for SecureRandom()
11-10 12:56:39.710 D/dalvikvm(879): GC_CONCURRENT freed 336K, 11% free 4516K/5024K, paused 2ms+2ms, total 16ms
11-10 12:56:39.750 D/dalvikvm(2129): GC_CONCURRENT freed 238K, 6% free 4719K/5000K, paused 3ms+3ms, total 40ms
11-10 12:56:39.840 D/dalvikvm(2129): GC_CONCURRENT freed 338K, 8% free 4881K/5264K, paused 2ms+13ms, total 41ms
11-10 12:56:39.850 D/dalvikvm(2129): WAIT_FOR_CONCURRENT_GC blocked 15ms
11-10 12:56:39.860 D/dalvikvm(879): GC_CONCURRENT freed 304K, 9% free 4603K/5024K, paused 4ms+2ms, total 20ms
11-10 12:56:39.940 E/JuiceSSH/BootReceiver(2129): Crashlytics must be initialized by calling Crashlytics.start(Context) prior to logging messages.
11-10 12:56:39.940 V/JuiceSSH/BootReceiver(2129): Scheduling background services
11-10 12:56:39.940 D/dalvikvm(2129): GC_CONCURRENT freed 337K, 7% free 5057K/5416K, paused 3ms+2ms, total 45ms
11-10 12:56:39.950 E/JuiceSSH/API(2129): Crashlytics must be initialized by calling Crashlytics.start(Context) prior to logging messages.
11-10 12:56:39.950 D/JuiceSSH/API(2129): Registering device for cloud notifications...
11-10 12:56:39.960 E/JuiceSSH/Model/User(2129): Crashlytics must be initialized by calling Crashlytics.start(Context) prior to logging messages.
11-10 12:56:39.960 D/JuiceSSH/Model/User(2129): Generating account hash
11-10 12:56:39.990 I/DaoManager(2129): Loaded configuration for class com.sonelli.juicessh.models.ConfigField
11-10 12:56:39.990 I/DaoManager(2129): Loaded configuration for class com.sonelli.juicessh.models.ConfigValue
11-10 12:56:39.990 I/DaoManager(2129): Loaded configuration for class com.sonelli.juicessh.models.Connection
11-10 12:56:39.990 I/DaoManager(2129): Loaded configuration for class com.sonelli.juicessh.models.ConnectionCounter
11-10 12:56:39.990 I/DaoManager(2129): Loaded configuration for class com.sonelli.juicessh.models.ConnectionGroup
11-10 12:56:39.990 I/DaoManager(2129): Loaded configuration for class com.sonelli.juicessh.models.ConnectionGroupMembership
11-10 12:56:39.990 I/DaoManager(2129): Loaded configuration for class com.sonelli.juicessh.models.ConnectionIdentity
11-10 12:56:39.990 I/DaoManager(2129): Loaded configuration for class com.sonelli.juicessh.models.DeletedItem
11-10 12:56:39.990 I/DaoManager(2129): Loaded configuration for class com.sonelli.juicessh.models.ec2link.Ec2Connection
11-10 12:56:39.990 I/DaoManager(2129): Loaded configuration for class com.sonelli.juicessh.models.ec2link.Ec2Filter
11-10 12:56:39.990 I/DaoManager(2129): Loaded configuration for class com.sonelli.juicessh.models.ec2link.Ec2GroupMapping
11-10 12:56:39.990 I/DaoManager(2129): Loaded configuration for class com.sonelli.juicessh.models.ec2link.Ec2Mapping
11-10 12:56:39.990 I/DaoManager(2129): Loaded configuration for class com.sonelli.juicessh.models.ec2link.Ec2Profile
11-10 12:56:39.990 I/DaoManager(2129): Loaded configuration for class com.sonelli.juicessh.models.Host
11-10 12:56:39.990 I/DaoManager(2129): Loaded configuration for class com.sonelli.juicessh.models.Identity
11-10 12:56:39.990 I/DaoManager(2129): Loaded configuration for class com.sonelli.juicessh.models.PluginLog
11-10 12:56:39.990 I/DaoManager(2129): Loaded configuration for class com.sonelli.juicessh.models.PortForward
11-10 12:56:39.990 I/DaoManager(2129): Loaded configuration for class com.sonelli.juicessh.models.Purchase
11-10 12:56:40.000 D/dalvikvm(2129): GC_CONCURRENT freed 362K, 8% free 5183K/5608K, paused 2ms+2ms, total 21ms
11-10 12:56:40.000 D/dalvikvm(2129): WAIT_FOR_CONCURRENT_GC blocked 9ms
11-10 12:56:40.000 I/DaoManager(2129): Loaded configuration for class com.sonelli.juicessh.models.Share
11-10 12:56:40.000 I/DaoManager(2129): Loaded configuration for class com.sonelli.juicessh.models.Snippet
11-10 12:56:40.000 I/DaoManager(2129): Loaded configuration for class com.sonelli.juicessh.models.Team
11-10 12:56:40.000 I/DaoManager(2129): Loaded configuration for class com.sonelli.juicessh.models.TeamEncryption
11-10 12:56:40.000 I/DaoManager(2129): Loaded configuration for class com.sonelli.juicessh.models.TeamMembership
11-10 12:56:40.000 I/DaoManager(2129): Loaded configuration for class com.sonelli.juicessh.models.User
11-10 12:56:40.040 D/dalvikvm(879): GC_CONCURRENT freed 394K, 9% free 4609K/5040K, paused 2ms+2ms, total 23ms
11-10 12:56:40.150 I/ActivityManager(753): Start proc com.google.android.youtube for broadcast com.google.android.youtube/com.google.android.apps.youtube.core.transfer.DownloadService$BootReceiver: pid=2164 uid=10087 gids={50087, 3003, 1015, 1006, 1028}
11-10 12:56:40.180 I/ActivityManager(753): No longer want com.android.exchange (pid 1498): empty #14
11-10 12:56:40.210 D/dalvikvm(2129): GC_CONCURRENT freed 307K, 7% free 5272K/5628K, paused 2ms+2ms, total 24ms
11-10 12:56:40.220 I/Crittercism(2055): Enabling OPTMZ
11-10 12:56:40.250 D/dalvikvm(2055): GC_CONCURRENT freed 357K, 8% free 4967K/5364K, paused 2ms+2ms, total 26ms
11-10 12:56:40.260 I/GAV2    (1968): Thread[GAThread,5,main]: No campaign data found.
11-10 12:56:40.330 D/dalvikvm(879): GC_CONCURRENT freed 427K, 10% free 4622K/5084K, paused 2ms+2ms, total 35ms
11-10 12:56:40.530 D/dalvikvm(2164): GC_CONCURRENT freed 243K, 6% free 4511K/4792K, paused 2ms+5ms, total 28ms
11-10 12:56:40.550 D/dalvikvm(2164): Trying to load lib /data/app-lib/com.google.android.gms-1/libgmscore.so 0x4209d160
11-10 12:56:40.620 D/dalvikvm(2164): Added shared lib /data/app-lib/com.google.android.gms-1/libgmscore.so 0x4209d160
11-10 12:56:40.620 D/dalvikvm(2164): No JNI_OnLoad found in /data/app-lib/com.google.android.gms-1/libgmscore.so 0x4209d160, skipping init
11-10 12:56:40.620 D/dalvikvm(2164): Trying to load lib /data/app-lib/com.google.android.gms-1/libconscrypt_gmscore_jni.so 0x4209d160
11-10 12:56:40.620 D/dalvikvm(879): GC_EXPLICIT freed 274K, 12% free 4520K/5084K, paused 1ms+3ms, total 40ms
11-10 12:56:40.620 D/dalvikvm(2164): Added shared lib /data/app-lib/com.google.android.gms-1/libconscrypt_gmscore_jni.so 0x4209d160
11-10 12:56:40.620 V/JNIHelp (2164): Registering com/google/android/gms/org/conscrypt/NativeCrypto's 235 native methods...
11-10 12:56:40.680 D/dalvikvm(2164): GC_CONCURRENT freed 347K, 8% free 4676K/5060K, paused 2ms+3ms, total 38ms
11-10 12:56:40.680 D/dalvikvm(2164): WAIT_FOR_CONCURRENT_GC blocked 9ms
11-10 12:56:40.680 D/dalvikvm(2164): WAIT_FOR_CONCURRENT_GC blocked 9ms
11-10 12:56:40.710 D/dalvikvm(2164): Trying to load lib /data/app-lib/com.google.android.gms-1/libgmscore.so 0x4209d160
11-10 12:56:40.710 D/dalvikvm(2164): Shared lib '/data/app-lib/com.google.android.gms-1/libgmscore.so' already loaded in same CL 0x4209d160
11-10 12:56:40.710 D/dalvikvm(2164): Trying to load lib /data/app-lib/com.google.android.gms-1/libconscrypt_gmscore_jni.so 0x4209d160
11-10 12:56:40.710 D/dalvikvm(2164): Shared lib '/data/app-lib/com.google.android.gms-1/libconscrypt_gmscore_jni.so' already loaded in same CL 0x4209d160
11-10 12:56:40.730 I/ProviderInstaller(2164): Installed default security provider GmsCore_OpenSSL
11-10 12:56:40.790 D/dalvikvm(2164): GC_CONCURRENT freed 308K, 7% free 4830K/5180K, paused 9ms+3ms, total 31ms
11-10 12:56:40.960 D/dalvikvm(2164): GC_CONCURRENT freed 214K, 5% free 5072K/5324K, paused 3ms+2ms, total 36ms
11-10 12:56:40.960 I/dalvikvm(2164): Could not find method android.content.Context.getExternalFilesDirs, referenced from method ekt.a
11-10 12:56:40.960 W/dalvikvm(2164): VFY: unable to resolve virtual method 2331: Landroid/content/Context;.getExternalFilesDirs (Ljava/lang/String;)[Ljava/io/File;
11-10 12:56:40.960 D/dalvikvm(2164): VFY: replacing opcode 0x6e at 0x000c
11-10 12:56:40.960 I/dalvikvm(2164): Could not find method android.content.Context.getExternalFilesDirs, referenced from method ekt.b
11-10 12:56:40.960 W/dalvikvm(2164): VFY: unable to resolve virtual method 2331: Landroid/content/Context;.getExternalFilesDirs (Ljava/lang/String;)[Ljava/io/File;
11-10 12:56:40.960 D/dalvikvm(2164): VFY: replacing opcode 0x6e at 0x0012
11-10 12:56:40.960 I/dalvikvm(2164): Could not find method android.content.Context.getExternalFilesDirs, referenced from method ekt.c
11-10 12:56:40.960 W/dalvikvm(2164): VFY: unable to resolve virtual method 2331: Landroid/content/Context;.getExternalFilesDirs (Ljava/lang/String;)[Ljava/io/File;
11-10 12:56:40.960 D/dalvikvm(2164): VFY: replacing opcode 0x6e at 0x0010
11-10 12:56:40.990 D/dalvikvm(1084): null clazz in OP_INSTANCE_OF, single-stepping
11-10 12:56:41.010 E/YouTube MDX(2164): Bogus value in shared preferences for key MdxServerSelection value , returning default value.
11-10 12:56:41.020 D/dalvikvm(879): GC_CONCURRENT freed 311K, 10% free 4593K/5084K, paused 3ms+6ms, total 24ms
11-10 12:56:41.070 D/dalvikvm(2164): GC_CONCURRENT freed 290K, 6% free 5215K/5544K, paused 3ms+2ms, total 32ms
11-10 12:56:41.180 D/dalvikvm(879): GC_CONCURRENT freed 380K, 10% free 4598K/5084K, paused 2ms+2ms, total 15ms
11-10 12:56:41.320 D/dalvikvm(879): GC_CONCURRENT freed 384K, 10% free 4599K/5084K, paused 2ms+2ms, total 16ms
11-10 12:56:41.360 I/dalvikvm(2164): Could not find method android.content.pm.PackageManager.queryIntentContentProviders, referenced from method qk.queryIntentContentProviders
11-10 12:56:41.360 W/dalvikvm(2164): VFY: unable to resolve virtual method 2505: Landroid/content/pm/PackageManager;.queryIntentContentProviders (Landroid/content/Intent;I)Ljava/util/List;
11-10 12:56:41.360 D/dalvikvm(2164): VFY: replacing opcode 0x6e at 0x0002
11-10 12:56:41.410 D/dalvikvm(1052): GC_EXPLICIT freed 263K, 12% free 5132K/5816K, paused 2ms+2ms, total 35ms
11-10 12:56:41.510 D/dalvikvm(2129): GC_CONCURRENT freed 310K, 7% free 5375K/5728K, paused 1ms+2ms, total 23ms
11-10 12:56:41.550 D/dalvikvm(2164): GC_CONCURRENT freed 343K, 7% free 5345K/5728K, paused 3ms+4ms, total 32ms
11-10 12:56:41.560 I/ActivityManager(753): Start proc com.newscorp.adelaideadvertiser for broadcast com.newscorp.adelaideadvertiser/com.newscorp.app.Alarm: pid=2247 uid=10090 gids={50090, 3003, 1028, 1015}
11-10 12:56:41.680 D/dalvikvm(753): GC_EXPLICIT freed 722K, 12% free 12065K/13656K, paused 3ms+7ms, total 97ms
11-10 12:56:41.690 I/ActivityManager(753): No longer want com.android.email (pid 1478): empty #14
11-10 12:56:41.800 D/dalvikvm(879): GC_CONCURRENT freed 442K, 10% free 4636K/5116K, paused 2ms+3ms, total 65ms
11-10 12:56:41.940 D/dalvikvm(2164): GC_CONCURRENT freed 308K, 6% free 5486K/5832K, paused 6ms+6ms, total 37ms
11-10 12:56:41.970 V/GAV3    (2025): Thread[GAThread,5,main]: connecting to Analytics service
11-10 12:56:41.970 V/GAV3    (2025): Thread[main,5,main]: service connected, binder: android.os.BinderProxy@4208f0c8
11-10 12:56:41.970 V/GAV3    (2025): Thread[main,5,main]: bound to service
11-10 12:56:41.970 V/GAV3    (2025): Thread[GAThread,5,main]: connect: bindService returned true for Intent { act=com.google.android.gms.analytics.service.START cmp=com.google.android.gms/.analytics.service.AnalyticsService (has extras) }
11-10 12:56:41.970 V/GAV3    (2025): Thread[GAThread,5,main]: Loaded clientId
11-10 12:56:41.970 I/GAV3    (2025): Thread[GAThread,5,main]: No campaign data found.
11-10 12:56:41.970 V/GAV3    (2025): Thread[main,5,main]: Connected to service
11-10 12:56:41.970 D/dalvikvm(2247): GC_CONCURRENT freed 197K, 5% free 4582K/4816K, paused 2ms+6ms, total 28ms
11-10 12:56:41.970 D/dalvikvm(2247): WAIT_FOR_CONCURRENT_GC blocked 4ms
11-10 12:56:41.970 I/CrittercismInstance(2247): Initializing Crittercism...
11-10 12:56:42.030 D/dalvikvm(879): GC_CONCURRENT freed 424K, 11% free 4599K/5116K, paused 3ms+2ms, total 21ms
11-10 12:56:42.050 D/dalvikvm(2247): GC_CONCURRENT freed 231K, 6% free 4755K/5028K, paused 3ms+2ms, total 25ms
11-10 12:56:42.130 D/The Advertiser(2247): Started version 4.2.14.0425
11-10 12:56:42.170 D/dalvikvm(2247): GC_CONCURRENT freed 412K, 10% free 4783K/5260K, paused 1ms+3ms, total 26ms
11-10 12:56:42.180 D/Finsky  (1714): [104] InAppBillingUtils.pickAccount: com.newscorp.adelaideadvertiser: Account determined from installer data - [0JIII8BK7XKz36u1zU6sMo8J0zA]
11-10 12:56:42.180 D/Finsky  (1714): [134] InAppBillingUtils.pickAccount: com.newscorp.adelaideadvertiser: Account determined from installer data - [0JIII8BK7XKz36u1zU6sMo8J0zA]
11-10 12:56:42.180 D/Finsky  (1714): [103] InAppBillingUtils.pickAccount: com.newscorp.adelaideadvertiser: Account determined from installer data - [0JIII8BK7XKz36u1zU6sMo8J0zA]
11-10 12:56:42.190 D/Finsky  (1714): [104] InAppBillingUtils.pickAccount: com.newscorp.adelaideadvertiser: Account determined from installer data - [0JIII8BK7XKz36u1zU6sMo8J0zA]
11-10 12:56:42.210 I/ActivityManager(753): Start proc com.android.deskclock for broadcast com.android.deskclock/com.android.alarmclock.AnalogAppWidgetProvider: pid=2279 uid=10008 gids={50008, 1028}
11-10 12:56:42.230 D/dalvikvm(106): GC_EXPLICIT freed 38K, 2% free 4266K/4344K, paused 1ms+3ms, total 42ms
11-10 12:56:42.280 D/dalvikvm(106): GC_EXPLICIT freed <1K, 2% free 4266K/4344K, paused 4ms+12ms, total 42ms
11-10 12:56:42.300 D/dalvikvm(106): GC_EXPLICIT freed <1K, 2% free 4266K/4344K, paused 1ms+2ms, total 28ms
11-10 12:56:42.330 I/ActivityManager(753): Start proc com.google.android.music:main for broadcast com.google.android.music/.homewidgets.IFLWidgetProvider: pid=2297 uid=10013 gids={50013, 3003, 1015, 1028}
11-10 12:56:42.360 D/dalvikvm(879): GC_CONCURRENT freed 392K, 11% free 4597K/5116K, paused 3ms+5ms, total 96ms
11-10 12:56:42.400 D/dalvikvm(2129): GC_CONCURRENT freed 405K, 8% free 5475K/5924K, paused 3ms+13ms, total 67ms
11-10 12:56:42.400 D/dalvikvm(2129): WAIT_FOR_CONCURRENT_GC blocked 3ms
11-10 12:56:42.410 I/ActivityManager(753): No longer want com.google.android.partnersetup (pid 1642): empty #14
11-10 12:56:42.420 D/dalvikvm(2247): GC_CONCURRENT freed 332K, 8% free 4919K/5292K, paused 3ms+35ms, total 138ms
11-10 12:56:42.590 D/dalvikvm(2247): GC_CONCURRENT freed 406K, 9% free 4948K/5400K, paused 1ms+3ms, total 25ms
11-10 12:56:42.650 D/dalvikvm(879): GC_CONCURRENT freed 389K, 11% free 4593K/5116K, paused 4ms+3ms, total 22ms
11-10 12:56:43.030 D/dalvikvm(879): GC_CONCURRENT freed 387K, 10% free 4604K/5116K, paused 2ms+2ms, total 20ms
11-10 12:56:43.100 I/MusicStore(2297): Database version: 100
11-10 12:56:43.210 I/dalvikvm(2297): Could not find method android.app.ActivityManager.isLowRamDevice, referenced from method com.google.android.music.utils.SystemUtils.isLowMemory
11-10 12:56:43.210 W/dalvikvm(2297): VFY: unable to resolve virtual method 281: Landroid/app/ActivityManager;.isLowRamDevice ()Z
11-10 12:56:43.210 D/dalvikvm(2297): VFY: replacing opcode 0x6e at 0x000e
11-10 12:56:43.210 D/dalvikvm(2297): GC_CONCURRENT freed 194K, 5% free 4512K/4744K, paused 1ms+12ms, total 36ms
11-10 12:56:43.230 I/ConfigStore(2297): Config Database version: 1
11-10 12:56:43.240 D/dalvikvm(879): GC_CONCURRENT freed 396K, 11% free 4602K/5116K, paused 4ms+7ms, total 29ms
11-10 12:56:43.260 D/MusicStore(2297): Disabled WAL
11-10 12:56:43.260 D/ConfigStore(2297): Database opened
11-10 12:56:43.300 E/PlayEventLogger(2297): Invalid device id c9b54fd437b4a6e9
11-10 12:56:43.400 D/dalvikvm(879): GC_CONCURRENT freed 404K, 10% free 4607K/5116K, paused 1ms+4ms, total 19ms
11-10 12:56:43.410 D/MusicPreferences(2297): Set pref key LogFilesEnabled=false
11-10 12:56:43.420 I/dalvikvm(2297): Could not find method android.content.Context.getExternalFilesDirs, referenced from method com.google.android.music.download.cache.CacheLocationManager.deviceHasExternalStorage
11-10 12:56:43.420 W/dalvikvm(2297): VFY: unable to resolve virtual method 583: Landroid/content/Context;.getExternalFilesDirs (Ljava/lang/String;)[Ljava/io/File;
11-10 12:56:43.420 D/dalvikvm(2297): VFY: replacing opcode 0x6e at 0x008f
11-10 12:56:43.420 I/dalvikvm(2297): Could not find method android.content.Context.getExternalFilesDirs, referenced from method com.google.android.music.download.cache.StorageProbeUtils.getLocationsWithKitKatApis
11-10 12:56:43.420 W/dalvikvm(2297): VFY: unable to resolve virtual method 583: Landroid/content/Context;.getExternalFilesDirs (Ljava/lang/String;)[Ljava/io/File;
11-10 12:56:43.420 D/dalvikvm(2297): VFY: replacing opcode 0x6e at 0x0015
11-10 12:56:43.560 D/dalvikvm(879): GC_CONCURRENT freed 411K, 10% free 4610K/5116K, paused 1ms+2ms, total 17ms
11-10 12:56:43.710 D/dalvikvm(879): GC_CONCURRENT freed 396K, 11% free 4600K/5116K, paused 2ms+2ms, total 20ms
11-10 12:56:43.750 D/dalvikvm(2247): GC_CONCURRENT freed 362K, 8% free 5009K/5408K, paused 1ms+3ms, total 20ms
11-10 12:56:43.860 I/MediaRouter(2297): Found default route: MediaRouter.RouteInfo{ uniqueId=android/.support.v7.media.SystemMediaRouteProvider:DEFAULT_ROUTE, name=Tablet, description=null, enabled=true, connecting=false, playbackType=0, playbackStream=3, volumeHandling=1, volume=15, volumeMax=15, presentationDisplayId=-1, extras=null, providerPackageName=android }
11-10 12:56:43.870 I/NetworkMonitor(2297): type=WIFI subType= reason=null isConnected=true
11-10 12:56:43.880 I/ActivityManager(753): Start proc com.google.android.gallery3d for broadcast com.google.android.gallery3d/com.google.android.picasasync.ConnectivityReceiver: pid=2327 uid=10040 gids={50040, 1006, 3003, 1015, 1028}
11-10 12:56:43.930 D/dalvikvm(2297): GC_CONCURRENT freed 339K, 8% free 4585K/4956K, paused 2ms+2ms, total 35ms
11-10 12:56:43.950 I/NetworkMonitor(2297): type=WIFI subType= reason=null isConnected=true
11-10 12:56:43.960 D/MusicPreferences(2297): Re-setting music sync state for account brenton.wiley@gmail.com
11-10 12:56:43.960 I/ActivityManager(753): No longer want com.google.android.googlequicksearchbox (pid 1673): empty #14
11-10 12:56:43.970 D/MusicPreferences(2297): Set pref key upgradeSyncDone=true
11-10 12:56:44.210 I/Crittercism(2247): Enabling OPTMZ
11-10 12:56:44.300 D/dalvikvm(2327): GC_CONCURRENT freed 267K, 7% free 4446K/4752K, paused 7ms+1ms, total 32ms
11-10 12:56:44.340 I/ActivityManager(753): No longer want android.process.acore (pid 1626): empty #14
11-10 12:56:44.350 I/ActivityManager(753): Start proc com.google.android.apps.uploader for broadcast com.google.android.apps.uploader/com.google.android.picasasync.ConnectivityReceiver: pid=2352 uid=10045 gids={50045, 3003, 1015, 1028}
11-10 12:56:44.410 D/dalvikvm(1849): GC_CONCURRENT freed 401K, 9% free 5028K/5468K, paused 3ms+2ms, total 25ms
11-10 12:56:44.420 D/dalvikvm(879): GC_CONCURRENT freed 384K, 11% free 4602K/5116K, paused 3ms+3ms, total 20ms
11-10 12:56:44.560 D/dalvikvm(879): GC_CONCURRENT freed 389K, 11% free 4597K/5116K, paused 3ms+2ms, total 20ms
11-10 12:56:44.570 E/gralloc (105): NvGrPost: Failed, TEGRA_OVERLAY_IOCTL_FLIP Broken pipe
11-10 12:56:44.730 D/dalvikvm(879): GC_CONCURRENT freed 388K, 11% free 4598K/5116K, paused 2ms+2ms, total 22ms
11-10 12:56:44.790 D/dalvikvm(1084): GC_CONCURRENT freed 449K, 10% free 5108K/5672K, paused 2ms+3ms, total 28ms
11-10 12:56:44.790 D/dalvikvm(1084): WAIT_FOR_CONCURRENT_GC blocked 22ms
11-10 12:56:44.830 D/dalvikvm(1084): GC_CONCURRENT freed 426K, 11% free 5097K/5672K, paused 1ms+6ms, total 25ms
11-10 12:56:44.880 I/ActivityManager(753): No longer want eu.chainfire.supersu (pid 1757): empty #14
11-10 12:56:44.900 D/GCM     (1084): GcmService start Intent { act=android.net.conn.CONNECTIVITY_CHANGE flg=0x8000010 cmp=com.google.android.gms/.gcm.GcmService (has extras) } android.net.conn.CONNECTIVITY_CHANGE
11-10 12:56:44.920 D/UploadsManager(2327):    wifiOnlyPhoto changed to true
11-10 12:56:44.920 D/UploadsManager(2327):    wifiOnlyVideo changed to true
11-10 12:56:44.920 D/UploadsManager(2327):    syncOnBattery changed to true
11-10 12:56:44.930 D/PicasaSync(2327): sync account database
11-10 12:56:44.950 I/ActivityManager(753): Start proc com.google.android.apps.maps for broadcast com.google.android.apps.maps/com.google.userfeedback.android.api.FeedbackConnectivityReceiver: pid=2374 uid=10072 gids={50072, 3003, 1015, 1028}
11-10 12:56:44.960 D/PicasaUploader(2352):    wifiOnlyPhoto changed to true
11-10 12:56:44.960 D/PicasaUploader(2352):    wifiOnlyVideo changed to true
11-10 12:56:44.960 D/PicasaUploader(2352):    syncOnBattery changed to true
11-10 12:56:44.970 D/PicasaUploaderSync(2352): sync account database
11-10 12:56:45.060 D/PicasaUploaderSync(2352): accounts in DB=2
11-10 12:56:45.080 D/PicasaUploaderSyncManager(2352): active network: NetworkInfo: type: WIFI[], state: CONNECTED/CONNECTED, reason: (unspecified), extra: "NEWSLTD-INTERNAL", roaming: false, failover: false, isAvailable: true, isConnectedToProvisioningNetwork: false
11-10 12:56:45.080 D/PicasaUploaderSyncManager(2352): background data: true
11-10 12:56:45.090 D/PicasaSync(2327): accounts in DB=2
11-10 12:56:45.090 D/PicasaSyncManager(2327): active network: NetworkInfo: type: WIFI[], state: CONNECTED/CONNECTED, reason: (unspecified), extra: "NEWSLTD-INTERNAL", roaming: false, failover: false, isAvailable: true, isConnectedToProvisioningNetwork: false
11-10 12:56:45.090 D/PicasaSyncManager(2327): background data: true
11-10 12:56:45.090 D/dalvikvm(879): GC_CONCURRENT freed 414K, 10% free 4613K/5116K, paused 3ms+5ms, total 30ms
11-10 12:56:45.190 D/PicasaUploaderSyncManager(2352): battery info: false
11-10 12:56:45.270 D/dalvikvm(879): GC_CONCURRENT freed 408K, 11% free 4602K/5116K, paused 2ms+2ms, total 27ms
11-10 12:56:45.290 D/PicasaSyncManager(2327): reject PrefetchAlbumCover (bludclotau@gmail.com) because auto sync is off
11-10 12:56:45.290 D/PicasaSyncManager(2327): reject PrefetchScreenNail (bludclotau@gmail.com) because auto sync is off
11-10 12:56:45.290 D/PicasaSyncManager(2327): battery info: false
11-10 12:56:45.330 D/dalvikvm(2374): Trying to load lib /data/app-lib/com.google.android.apps.maps-2/libcrashreporter.so 0x42047ef0
11-10 12:56:45.350 D/dalvikvm(2374): Added shared lib /data/app-lib/com.google.android.apps.maps-2/libcrashreporter.so 0x42047ef0
11-10 12:56:45.420 D/dalvikvm(2374): Trying to load lib /data/app-lib/com.google.android.apps.maps-2/libgmm-jni.so 0x42047ef0
11-10 12:56:45.440 D/dalvikvm(2374): Added shared lib /data/app-lib/com.google.android.apps.maps-2/libgmm-jni.so 0x42047ef0
11-10 12:56:45.480 D/dalvikvm(879): GC_CONCURRENT freed 389K, 11% free 4598K/5116K, paused 2ms+2ms, total 20ms
11-10 12:56:45.500 D/dalvikvm(2374): GC_CONCURRENT freed 383K, 9% free 4396K/4816K, paused 3ms+2ms, total 29ms
11-10 12:56:45.500 D/dalvikvm(2374): WAIT_FOR_CONCURRENT_GC blocked 4ms
11-10 12:56:45.560 D/dalvikvm(2374): GC_CONCURRENT freed 385K, 9% free 4523K/4948K, paused 2ms+2ms, total 16ms
11-10 12:56:45.560 D/dalvikvm(2374): WAIT_FOR_CONCURRENT_GC blocked 6ms
11-10 12:56:45.590 D/dalvikvm(2374): GC_CONCURRENT freed 418K, 10% free 4582K/5044K, paused 1ms+3ms, total 17ms
11-10 12:56:45.640 D/dalvikvm(2374): GC_CONCURRENT freed 269K, 7% free 4776K/5084K, paused 3ms+3ms, total 24ms
11-10 12:56:45.710 D/dalvikvm(2374): GC_CONCURRENT freed 288K, 7% free 5003K/5328K, paused 4ms+2ms, total 23ms
11-10 12:56:45.710 D/dalvikvm(2374): WAIT_FOR_CONCURRENT_GC blocked 7ms
11-10 12:56:45.710 D/dalvikvm(2374): WAIT_FOR_CONCURRENT_GC blocked 7ms
11-10 12:56:45.710 D/dalvikvm(2374): WAIT_FOR_CONCURRENT_GC blocked 5ms
11-10 12:56:45.710 D/dalvikvm(2374): WAIT_FOR_CONCURRENT_GC blocked 8ms
11-10 12:56:45.750 D/dalvikvm(2374): GC_FOR_ALLOC freed 169K, 7% free 5049K/5388K, paused 19ms, total 19ms
11-10 12:56:45.770 D/dalvikvm(2374): GC_FOR_ALLOC freed <1K, 7% free 5249K/5592K, paused 21ms, total 21ms
11-10 12:56:45.790 D/dalvikvm(2374): GC_FOR_ALLOC freed 0K, 7% free 5377K/5724K, paused 17ms, total 17ms
11-10 12:56:45.800 D/dalvikvm(2374): GC_FOR_ALLOC freed 8K, 7% free 5497K/5856K, paused 17ms, total 17ms
11-10 12:56:45.810 I/dalvikvm-heap(2374): Grow heap (frag case) to 5.598MB for 204816-byte allocation
11-10 12:56:45.830 D/dalvikvm(2374): GC_FOR_ALLOC freed 0K, 6% free 5697K/6060K, paused 20ms, total 20ms
11-10 12:56:45.840 D/dalvikvm(2374): GC_FOR_ALLOC freed 16K, 6% free 5824K/6192K, paused 19ms, total 19ms
11-10 12:56:45.870 D/dalvikvm(2374): GC_FOR_ALLOC freed 0K, 6% free 5964K/6324K, paused 20ms, total 20ms
11-10 12:56:45.900 D/dalvikvm(2374): GC_FOR_ALLOC freed 18K, 6% free 6105K/6456K, paused 29ms, total 29ms
11-10 12:56:45.920 D/dalvikvm(2374): GC_FOR_ALLOC freed 8K, 6% free 6373K/6720K, paused 24ms, total 25ms
11-10 12:56:45.930 D/dalvikvm(879): GC_CONCURRENT freed 448K, 10% free 4633K/5120K, paused 5ms+3ms, total 70ms
11-10 12:56:45.940 D/dalvikvm(2374): GC_FOR_ALLOC freed 20K, 5% free 6784K/7116K, paused 18ms, total 18ms
11-10 12:56:45.970 D/dalvikvm(2374): GC_FOR_ALLOC freed 49K, 4% free 7347K/7644K, paused 21ms, total 21ms
11-10 12:56:46.030 D/dalvikvm(2374): GC_CONCURRENT freed 237K, 4% free 8142K/8416K, paused 3ms+2ms, total 34ms
11-10 12:56:46.030 D/dalvikvm(2374): WAIT_FOR_CONCURRENT_GC blocked 15ms
11-10 12:56:46.030 D/dalvikvm(2374): WAIT_FOR_CONCURRENT_GC blocked 27ms
11-10 12:56:46.030 D/dalvikvm(2374): WAIT_FOR_CONCURRENT_GC blocked 15ms
11-10 12:56:46.030 D/dalvikvm(2374): WAIT_FOR_CONCURRENT_GC blocked 9ms
11-10 12:56:46.090 I/ActivityManager(753): Start proc com.google.android.gms.wearable for service com.google.android.gms/.wearable.service.WearableService: pid=2414 uid=10028 gids={50028, 3003, 1007, 1028, 1015, 1006, 3002, 3001, 2001, 3006}
11-10 12:56:46.140 I/MultiDex(2414): VM with version 1.6.0 does not have multidex support
11-10 12:56:46.140 I/MultiDex(2414): install
11-10 12:56:46.140 I/MultiDex(2414): MultiDexExtractor.load(/data/app/com.google.android.gms-1.apk, false)
11-10 12:56:46.170 I/MultiDex(2414): loading existing secondary dex files
11-10 12:56:46.170 I/MultiDex(2414): load found 2 secondary dex files
11-10 12:56:46.170 I/MultiDex(2414): install done
11-10 12:56:46.190 I/ActivityManager(753): Start proc com.google.android.tts for service com.google.android.tts/.service.GoogleTTSService: pid=2429 uid=10044 gids={50044, 3003, 1015, 1028}
11-10 12:56:46.200 D/dalvikvm(2374): GC_CONCURRENT freed 607K, 7% free 8875K/9464K, paused 3ms+7ms, total 112ms
11-10 12:56:46.200 I/TextToSpeech(2374): Sucessfully bound to com.google.android.tts
11-10 12:56:46.200 I/ProviderInstaller(2414): Insert disabled by gate 'gms:security:enable_conscrypt_in_gms_application'
11-10 12:56:46.220 D/StrictMode(2374): StrictMode policy violation; ~duration=888 ms: android.os.StrictMode$StrictModeDiskReadViolation: policy=31 violation=2
11-10 12:56:46.220 D/StrictMode(2374): 	at android.os.StrictMode$AndroidBlockGuardPolicy.onReadFromDisk(StrictMode.java:1123)
11-10 12:56:46.220 D/StrictMode(2374): 	at libcore.io.BlockGuardOs.open(BlockGuardOs.java:106)
11-10 12:56:46.220 D/StrictMode(2374): 	at libcore.io.IoUtils.canOpenReadOnly(IoUtils.java:158)
11-10 12:56:46.220 D/StrictMode(2374): 	at dalvik.system.DexPathList.findLibrary(DexPathList.java:373)
11-10 12:56:46.220 D/StrictMode(2374): 	at dalvik.system.BaseDexClassLoader.findLibrary(BaseDexClassLoader.java:70)
11-10 12:56:46.220 D/StrictMode(2374): 	at java.lang.Runtime.loadLibrary(Runtime.java:353)
