11-10 12:56:46.220 D/StrictMode(2374): 	at java.lang.System.loadLibrary(System.java:525)
11-10 12:56:46.220 D/StrictMode(2374): 	at com.google.android.libraries.social.jni.crashreporter.NativeCrashHandler.a(PG:126)
11-10 12:56:46.220 D/StrictMode(2374): 	at com.google.android.libraries.social.jni.crashreporter.NativeCrashHandler.a(PG:38)
11-10 12:56:46.220 D/StrictMode(2374): 	at com.google.android.apps.gmm.base.app.a.<init>(PG:186)
11-10 12:56:46.220 D/StrictMode(2374): 	at com.google.android.apps.gmm.base.app.GoogleMapsApplication.onCreate(PG:66)
11-10 12:56:46.220 D/StrictMode(2374): 	at android.app.Instrumentation.callApplicationOnCreate(Instrumentation.java:1007)
11-10 12:56:46.220 D/StrictMode(2374): 	at android.app.ActivityThread.handleBindApplication(ActivityThread.java:4444)
11-10 12:56:46.220 D/StrictMode(2374): 	at android.app.ActivityThread.access$1300(ActivityThread.java:141)
11-10 12:56:46.220 D/StrictMode(2374): 	at android.app.ActivityThread$H.handleMessage(ActivityThread.java:1316)
11-10 12:56:46.220 D/StrictMode(2374): 	at android.os.Handler.dispatchMessage(Handler.java:99)
11-10 12:56:46.220 D/StrictMode(2374): 	at android.os.Looper.loop(Looper.java:137)
11-10 12:56:46.220 D/StrictMode(2374): 	at android.app.ActivityThread.main(ActivityThread.java:5103)
11-10 12:56:46.220 D/StrictMode(2374): 	at java.lang.reflect.Method.invokeNative(Native Method)
11-10 12:56:46.220 D/StrictMode(2374): 	at java.lang.reflect.Method.invoke(Method.java:525)
11-10 12:56:46.220 D/StrictMode(2374): 	at com.android.internal.os.ZygoteInit$MethodAndArgsCaller.run(ZygoteInit.java:737)
11-10 12:56:46.220 D/StrictMode(2374): 	at com.android.internal.os.ZygoteInit.main(ZygoteInit.java:553)
11-10 12:56:46.220 D/StrictMode(2374): 	at dalvik.system.NativeStart.main(Native Method)
11-10 12:56:46.220 D/StrictMode(2374): StrictMode policy violation; ~duration=832 ms: android.os.StrictMode$StrictModeDiskReadViolation: policy=31 violation=2
11-10 12:56:46.220 D/StrictMode(2374): 	at android.os.StrictMode$AndroidBlockGuardPolicy.onReadFromDisk(StrictMode.java:1123)
11-10 12:56:46.220 D/StrictMode(2374): 	at android.app.SharedPreferencesImpl.awaitLoadedLocked(SharedPreferencesImpl.java:203)
11-10 12:56:46.220 D/StrictMode(2374): 	at android.app.SharedPreferencesImpl.getBoolean(SharedPreferencesImpl.java:260)
11-10 12:56:46.220 D/StrictMode(2374): 	at android.preference.PreferenceManager.setDefaultValues(PreferenceManager.java:481)
11-10 12:56:46.220 D/StrictMode(2374): 	at com.google.android.apps.gmm.base.h.a.a(PG:394)
11-10 12:56:46.220 D/StrictMode(2374): 	at com.google.android.apps.gmm.base.app.a.<init>(PG:208)
11-10 12:56:46.220 D/StrictMode(2374): 	at com.google.android.apps.gmm.base.app.GoogleMapsApplication.onCreate(PG:66)
11-10 12:56:46.220 D/StrictMode(2374): 	at android.app.Instrumentation.callApplicationOnCreate(Instrumentation.java:1007)
11-10 12:56:46.220 D/StrictMode(2374): 	at android.app.ActivityThread.handleBindApplication(ActivityThread.java:4444)
11-10 12:56:46.220 D/StrictMode(2374): 	at android.app.ActivityThread.access$1300(ActivityThread.java:141)
11-10 12:56:46.220 D/StrictMode(2374): 	at android.app.ActivityThread$H.handleMessage(ActivityThread.java:1316)
11-10 12:56:46.220 D/StrictMode(2374): 	at android.os.Handler.dispatchMessage(Handler.java:99)
11-10 12:56:46.220 D/StrictMode(2374): 	at android.os.Looper.loop(Looper.java:137)
11-10 12:56:46.220 D/StrictMode(2374): 	at android.app.ActivityThread.main(ActivityThread.java:5103)
11-10 12:56:46.220 D/StrictMode(2374): 	at java.lang.reflect.Method.invokeNative(Native Method)
11-10 12:56:46.220 D/StrictMode(2374): 	at java.lang.reflect.Method.invoke(Method.java:525)
11-10 12:56:46.220 D/StrictMode(2374): 	at com.android.internal.os.ZygoteInit$MethodAndArgsCaller.run(ZygoteInit.java:737)
11-10 12:56:46.220 D/StrictMode(2374): 	at com.android.internal.os.ZygoteInit.main(ZygoteInit.java:553)
11-10 12:56:46.220 D/StrictMode(2374): 	at dalvik.system.NativeStart.main(Native Method)
11-10 12:56:46.220 D/StrictMode(2374): StrictMode policy violation; ~duration=796 ms: android.os.StrictMode$StrictModeDiskReadViolation: policy=31 violation=2
11-10 12:56:46.220 D/StrictMode(2374): 	at android.os.StrictMode$AndroidBlockGuardPolicy.onReadFromDisk(StrictMode.java:1123)
11-10 12:56:46.220 D/StrictMode(2374): 	at libcore.io.BlockGuardOs.open(BlockGuardOs.java:106)
11-10 12:56:46.220 D/StrictMode(2374): 	at libcore.io.IoUtils.canOpenReadOnly(IoUtils.java:158)
11-10 12:56:46.220 D/StrictMode(2374): 	at dalvik.system.DexPathList.findLibrary(DexPathList.java:373)
11-10 12:56:46.220 D/StrictMode(2374): 	at dalvik.system.BaseDexClassLoader.findLibrary(BaseDexClassLoader.java:70)
11-10 12:56:46.220 D/StrictMode(2374): 	at java.lang.Runtime.loadLibrary(Runtime.java:353)
11-10 12:56:46.220 D/StrictMode(2374): 	at java.lang.System.loadLibrary(System.java:525)
11-10 12:56:46.220 D/StrictMode(2374): 	at com.google.android.apps.gmm.map.util.jni.NativeHelper.initialize(PG:42)
11-10 12:56:46.220 D/StrictMode(2374): 	at com.google.android.apps.gmm.map.c.b.<clinit>(PG:62)
11-10 12:56:46.220 D/StrictMode(2374): 	at com.google.android.apps.gmm.base.app.a.<init>(PG:208)
11-10 12:56:46.220 D/StrictMode(2374): 	at com.google.android.apps.gmm.base.app.GoogleMapsApplication.onCreate(PG:66)
11-10 12:56:46.220 D/StrictMode(2374): 	at android.app.Instrumentation.callApplicationOnCreate(Instrumentation.java:1007)
11-10 12:56:46.220 D/StrictMode(2374): 	at android.app.ActivityThread.handleBindApplication(ActivityThread.java:4444)
11-10 12:56:46.220 D/StrictMode(2374): 	at android.app.ActivityThread.access$1300(ActivityThread.java:141)
11-10 12:56:46.220 D/StrictMode(2374): 	at android.app.ActivityThread$H.handleMessage(ActivityThread.java:1316)
11-10 12:56:46.220 D/StrictMode(2374): 	at android.os.Handler.dispatchMessage(Handler.java:99)
11-10 12:56:46.220 D/StrictMode(2374): 	at android.os.Looper.loop(Looper.java:137)
11-10 12:56:46.220 D/StrictMode(2374): 	at android.app.ActivityThread.main(ActivityThread.java:5103)
11-10 12:56:46.220 D/StrictMode(2374): 	at java.lang.reflect.Method.invokeNative(Native Method)
11-10 12:56:46.220 D/StrictMode(2374): 	at java.lang.reflect.Method.invoke(Method.java:525)
11-10 12:56:46.220 D/StrictMode(2374): 	at com.android.internal.os.ZygoteInit$MethodAndArgsCaller.run(ZygoteInit.java:737)
11-10 12:56:46.220 D/StrictMode(2374): 	at com.android.internal.os.ZygoteInit.main(ZygoteInit.java:553)
11-10 12:56:46.220 D/StrictMode(2374): 	at dalvik.system.NativeStart.main(Native Method)
11-10 12:56:46.220 D/StrictMode(2374): StrictMode policy violation; ~duration=699 ms: android.os.StrictMode$StrictModeDiskReadViolation: policy=287 violation=2
11-10 12:56:46.220 D/StrictMode(2374): 	at android.os.StrictMode$AndroidBlockGuardPolicy.onReadFromDisk(StrictMode.java:1123)
11-10 12:56:46.220 D/StrictMode(2374): 	at android.database.sqlite.SQLiteConnection.applyBlockGuardPolicy(SQLiteConnection.java:1041)
11-10 12:56:46.220 D/StrictMode(2374): 	at android.database.sqlite.SQLiteConnection.executeForCursorWindow(SQLiteConnection.java:842)
11-10 12:56:46.220 D/StrictMode(2374): 	at android.database.sqlite.SQLiteSession.executeForCursorWindow(SQLiteSession.java:836)
11-10 12:56:46.220 D/StrictMode(2374): 	at android.database.sqlite.SQLiteQuery.fillWindow(SQLiteQuery.java:62)
11-10 12:56:46.220 D/StrictMode(2374): 	at android.database.sqlite.SQLiteCursor.fillWindow(SQLiteCursor.java:144)
11-10 12:56:46.220 D/StrictMode(2374): 	at android.database.sqlite.SQLiteCursor.getCount(SQLiteCursor.java:133)
11-10 12:56:46.220 D/StrictMode(2374): 	at android.database.CursorToBulkCursorAdaptor.getBulkCursorDescriptor(CursorToBulkCursorAdaptor.java:148)
11-10 12:56:46.220 D/StrictMode(2374): 	at android.content.ContentProviderNative.onTransact(ContentProviderNative.java:120)
11-10 12:56:46.220 D/StrictMode(2374): 	at android.os.Binder.execTransact(Binder.java:388)
11-10 12:56:46.220 D/StrictMode(2374): 	at dalvik.system.NativeStart.run(Native Method)
11-10 12:56:46.220 D/StrictMode(2374): # via Binder call with stack:
11-10 12:56:46.220 D/StrictMode(2374): android.os.StrictMode$LogStackTrace
11-10 12:56:46.220 D/StrictMode(2374): 	at android.os.StrictMode.readAndHandleBinderCallViolations(StrictMode.java:1687)
11-10 12:56:46.220 D/StrictMode(2374): 	at android.os.Parcel.readExceptionCode(Parcel.java:1413)
11-10 12:56:46.220 D/StrictMode(2374): 	at android.database.DatabaseUtils.readExceptionFromParcel(DatabaseUtils.java:134)
11-10 12:56:46.220 D/StrictMode(2374): 	at android.content.ContentProviderProxy.query(ContentProviderNative.java:385)
11-10 12:56:46.220 D/StrictMode(2374): 	at android.content.ContentResolver.query(ContentResolver.java:414)
11-10 12:56:46.220 D/StrictMode(2374): 	at android.content.ContentResolver.query(ContentResolver.java:357)
11-10 12:56:46.220 D/StrictMode(2374): 	at com.google.android.c.c.a(PG:89)
11-10 12:56:46.220 D/StrictMode(2374): 	at com.google.android.c.c.a(PG:109)
11-10 12:56:46.220 D/StrictMode(2374): 	at com.google.android.apps.gmm.map.u.p.a(PG:301)
11-10 12:56:46.220 D/StrictMode(2374): 	at com.google.android.apps.gmm.map.u.p.a(PG:170)
11-10 12:56:46.220 D/StrictMode(2374): 	at com.google.android.apps.gmm.map.c.b.a(PG:169)
11-10 12:56:46.220 D/StrictMode(2374): 	at com.google.android.apps.gmm.base.app.a.<init>(PG:208)
11-10 12:56:46.220 D/StrictMode(2374): 	at com.google.android.apps.gmm.base.app.GoogleMapsApplication.onCreate(PG:66)
11-10 12:56:46.220 D/StrictMode(2374): 	at android.app.Instrumentation.callApplicationOnCreate(Instrumentation.java:1007)
11-10 12:56:46.220 D/StrictMode(2374): 	at android.app.ActivityThread.handleBindApplication(ActivityThread.java:4444)
11-10 12:56:46.220 D/StrictMode(2374): 	at android.app.ActivityThread.access$1300(ActivityThread.java:141)
11-10 12:56:46.220 D/StrictMode(2374): 	at android.app.ActivityThread$H.handleMessage(ActivityThread.java:1316)
11-10 12:56:46.220 D/StrictMode(2374): 	at android.os.Handler.dispatchMessage(Handler.java:99)
11-10 12:56:46.220 D/StrictMode(2374): 	at android.os.Looper.loop(Looper.java:137)
11-10 12:56:46.220 D/StrictMode(2374): 	at android.app.ActivityThread.main(ActivityThread.java:5103)
11-10 12:56:46.220 D/StrictMode(2374): 	at java.lang.reflect.Method.invokeNative(Native Method)
11-10 12:56:46.220 D/StrictMode(2374): 	at java.lang.reflect.Method.invoke(Method.java:525)
11-10 12:56:46.220 D/StrictMode(2374): 	at com.android.internal.os.ZygoteInit$MethodAndArgsCaller.run(ZygoteInit.java:737)
11-10 12:56:46.220 D/StrictMode(2374): 	at com.android.internal.os.ZygoteInit.main(ZygoteInit.java:553)
11-10 12:56:46.220 D/StrictMode(2374): 	at dalvik.system.NativeStart.main(Native Method)
11-10 12:56:46.220 D/StrictMode(2374): StrictMode policy violation; ~duration=686 ms: android.os.StrictMode$StrictModeDiskReadViolation: policy=31 violation=2
11-10 12:56:46.220 D/StrictMode(2374): 	at android.os.StrictMode$AndroidBlockGuardPolicy.onReadFromDisk(StrictMode.java:1123)
11-10 12:56:46.220 D/StrictMode(2374): 	at libcore.io.BlockGuardOs.open(BlockGuardOs.java:106)
11-10 12:56:46.220 D/StrictMode(2374): 	at libcore.io.IoBridge.open(IoBridge.java:393)
11-10 12:56:46.220 D/StrictMode(2374): 	at java.io.FileInputStream.<init>(FileInputStream.java:78)
11-10 12:56:46.220 D/StrictMode(2374): 	at android.app.ContextImpl.openFileInput(ContextImpl.java:715)
11-10 12:56:46.220 D/StrictMode(2374): 	at android.content.ContextWrapper.openFileInput(ContextWrapper.java:173)
11-10 12:56:46.220 D/StrictMode(2374): 	at com.google.android.apps.gmm.u.b.i.a(PG:149)
11-10 12:56:46.220 D/StrictMode(2374): 	at com.google.android.apps.gmm.map.u.a.b.b(PG:494)
11-10 12:56:46.220 D/StrictMode(2374): 	at com.google.android.apps.gmm.map.c.b.a(PG:169)
11-10 12:56:46.220 D/StrictMode(2374): 	at com.google.android.apps.gmm.base.app.a.<init>(PG:208)
11-10 12:56:46.220 D/StrictMode(2374): 	at com.google.android.apps.gmm.base.app.GoogleMapsApplication.onCreate(PG:66)
11-10 12:56:46.220 D/StrictMode(2374): 	at android.app.Instrumentation.callApplicationOnCreate(Instrumentation.java:1007)
11-10 12:56:46.220 D/StrictMode(2374): 	at android.app.ActivityThread.handleBindApplication(ActivityThread.java:4444)
11-10 12:56:46.220 D/StrictMode(2374): 	at android.app.ActivityThread.access$1300(ActivityThread.java:141)
11-10 12:56:46.220 D/StrictMode(2374): 	at android.app.ActivityThread$H.handleMessage(ActivityThread.java:1316)
11-10 12:56:46.220 D/StrictMode(2374): 	at android.os.Handler.dispatchMessage(Handler.java:99)
11-10 12:56:46.220 D/StrictMode(2374): 	at android.os.Looper.loop(Looper.java:137)
11-10 12:56:46.220 D/StrictMode(2374): 	at android.app.ActivityThread.main(ActivityThread.java:5103)
11-10 12:56:46.220 D/StrictMode(2374): 	at java.lang.reflect.Method.invokeNative(Native Method)
11-10 12:56:46.220 D/StrictMode(2374): 	at java.lang.reflect.Method.invoke(Method.java:525)
11-10 12:56:46.220 D/StrictMode(2374): 	at com.android.internal.os.ZygoteInit$MethodAndArgsCaller.run(ZygoteInit.java:737)
11-10 12:56:46.220 D/StrictMode(2374): 	at com.android.internal.os.ZygoteInit.main(ZygoteInit.java:553)
11-10 12:56:46.220 D/StrictMode(2374): 	at dalvik.system.NativeStart.main(Native Method)
11-10 12:56:46.220 D/StrictMode(2374): StrictMode policy violation; ~duration=676 ms: android.os.StrictMode$StrictModeDiskReadViolation: policy=31 violation=2
11-10 12:56:46.220 D/StrictMode(2374): 	at android.os.StrictMode$AndroidBlockGuardPolicy.onReadFromDisk(StrictMode.java:1123)
11-10 12:56:46.220 D/StrictMode(2374): 	at libcore.io.BlockGuardOs.read(BlockGuardOs.java:148)
11-10 12:56:46.220 D/StrictMode(2374): 	at libcore.io.IoBridge.read(IoBridge.java:425)
11-10 12:56:46.220 D/StrictMode(2374): 	at java.io.FileInputStream.read(FileInputStream.java:179)
11-10 12:56:46.220 D/StrictMode(2374): 	at java.io.BufferedInputStream.read(BufferedInputStream.java:304)
11-10 12:56:46.220 D/StrictMode(2374): 	at java.io.DataInputStream.read(DataInputStream.java:84)
11-10 12:56:46.220 D/StrictMode(2374): 	at com.google.n.j.c(PG:1148)
11-10 12:56:46.220 D/StrictMode(2374): 	at com.google.n.j.a(PG:121)
11-10 12:56:46.220 D/StrictMode(2374): 	at com.google.q.b.a.cs.<init>(PG:1222)
11-10 12:56:46.220 D/StrictMode(2374): 	at com.google.q.b.a.cs.<init>(PG:1187)
11-10 12:56:46.220 D/StrictMode(2374): 	at com.google.q.b.a.ct.a(PG:1266)
11-10 12:56:46.220 D/StrictMode(2374): 	at com.google.n.e.a(PG:168)
11-10 12:56:46.220 D/StrictMode(2374): 	at com.google.n.e.b(PG:21)
11-10 12:56:46.220 D/StrictMode(2374): 	at com.google.android.apps.gmm.u.b.i.a(PG:150)
11-10 12:56:46.220 D/StrictMode(2374): 	at com.google.android.apps.gmm.map.u.a.b.b(PG:494)
11-10 12:56:46.220 D/StrictMode(2374): 	at com.google.android.apps.gmm.map.c.b.a(PG:169)
11-10 12:56:46.220 D/StrictMode(2374): 	at com.google.android.apps.gmm.base.app.a.<init>(PG:208)
11-10 12:56:46.220 D/StrictMode(2374): 	at com.google.android.apps.gmm.base.app.GoogleMapsApplication.onCreate(PG:66)
11-10 12:56:46.220 D/StrictMode(2374): 	at android.app.Instrumentation.callApplicationOnCreate(Instrumentation.java:1007)
11-10 12:56:46.220 D/StrictMode(2374): 	at android.app.ActivityThread.handleBindApplication(ActivityThread.java:4444)
11-10 12:56:46.220 D/StrictMode(2374): 	at android.app.ActivityThread.access$1300(ActivityThread.java:141)
11-10 12:56:46.220 D/StrictMode(2374): 	at android.app.ActivityThread$H.handleMessage(ActivityThread.java:1316)
11-10 12:56:46.220 D/StrictMode(2374): 	at android.os.Handler.dispatchMessage(Handler.java:99)
11-10 12:56:46.220 D/StrictMode(2374): 	at android.os.Looper.loop(Looper.java:137)
11-10 12:56:46.220 D/StrictMode(2374): 	at android.app.ActivityThread.main(ActivityThread.java:5103)
11-10 12:56:46.220 D/StrictMode(2374): 	at java.lang.reflect.Method.invokeNative(Native Method)
11-10 12:56:46.220 D/StrictMode(2374): 	at java.lang.reflect.Method.invoke(Method.java:525)
11-10 12:56:46.220 D/StrictMode(2374): 	at com.android.internal.os.ZygoteInit$MethodAndArgsCaller.run(ZygoteInit.java:737)
11-10 12:56:46.220 D/StrictMode(2374): 	at com.android.internal.os.ZygoteInit.main(ZygoteInit.java:553)
11-10 12:56:46.220 D/StrictMode(2374): 	at dalvik.system.NativeStart.main(Native Method)
11-10 12:56:46.220 D/StrictMode(2374): StrictMode policy violation; ~duration=584 ms: android.os.StrictMode$StrictModeDiskReadViolation: policy=31 violation=2
11-10 12:56:46.220 D/StrictMode(2374): 	at android.os.StrictMode$AndroidBlockGuardPolicy.onReadFromDisk(StrictMode.java:1123)
11-10 12:56:46.220 D/StrictMode(2374): 	at android.app.SharedPreferencesImpl.awaitLoadedLocked(SharedPreferencesImpl.java:203)
11-10 12:56:46.220 D/StrictMode(2374): 	at android.app.SharedPreferencesImpl.getInt(SharedPreferencesImpl.java:239)
11-10 12:56:46.220 D/StrictMode(2374): 	at com.google.android.apps.gmm.y.k.<init>(PG:132)
11-10 12:56:46.220 D/StrictMode(2374): 	at com.google.android.apps.gmm.y.k.<init>(PG:121)
11-10 12:56:46.220 D/StrictMode(2374): 	at com.google.android.apps.gmm.base.app.a.l_(PG:384)
11-10 12:56:46.220 D/StrictMode(2374): 	at com.google.android.apps.gmm.g.a.<init>(PG:133)
11-10 12:56:46.220 D/StrictMode(2374): 	at com.google.android.apps.gmm.base.app.a.<init>(PG:213)
11-10 12:56:46.220 D/StrictMode(2374): 	at com.google.android.apps.gmm.base.app.GoogleMapsApplication.onCreate(PG:66)
11-10 12:56:46.220 D/StrictMode(2374): 	at android.app.Instrumentation.callApplicationOnCreate(Instrumentation.java:1007)
11-10 12:56:46.220 D/StrictMode(2374): 	at android.app.ActivityThread.handleBindApplication(ActivityThread.java:4444)
11-10 12:56:46.220 D/StrictMode(2374): 	at android.app.ActivityThread.access$1300(ActivityThread.java:141)
11-10 12:56:46.220 D/StrictMode(2374): 	at android.app.ActivityThread$H.handleMessage(ActivityThread.java:1316)
11-10 12:56:46.220 D/StrictMode(2374): 	at android.os.Handler.dispatchMessage(Handler.java:99)
11-10 12:56:46.220 D/StrictMode(2374): 	at android.os.Looper.loop(Looper.java:137)
11-10 12:56:46.220 D/StrictMode(2374): 	at android.app.ActivityThread.main(ActivityThread.java:5103)
11-10 12:56:46.220 D/StrictMode(2374): 	at java.lang.reflect.Method.invokeNative(Native Method)
11-10 12:56:46.220 D/StrictMode(2374): 	at java.lang.reflect.Method.invoke(Method.java:525)
11-10 12:56:46.220 D/StrictMode(2374): 	at com.android.internal.os.ZygoteInit$MethodAndArgsCaller.run(ZygoteInit.java:737)
11-10 12:56:46.220 D/StrictMode(2374): 	at com.android.internal.os.ZygoteInit.main(ZygoteInit.java:553)
11-10 12:56:46.220 D/StrictMode(2374): 	at dalvik.system.NativeStart.main(Native Method)
11-10 12:56:46.220 D/StrictMode(2374): StrictMode policy violation; ~duration=238 ms: android.os.StrictMode$StrictModeDiskReadViolation: policy=287 violation=2
11-10 12:56:46.220 D/StrictMode(2374): 	at android.os.StrictMode$AndroidBlockGuardPolicy.onReadFromDisk(StrictMode.java:1123)
11-10 12:56:46.220 D/StrictMode(2374): 	at android.database.sqlite.SQLiteConnection.applyBlockGuardPolicy(SQLiteConnection.java:1041)
11-10 12:56:46.220 D/StrictMode(2374): 	at android.database.sqlite.SQLiteConnection.executeForCursorWindow(SQLiteConnection.java:842)
11-10 12:56:46.220 D/StrictMode(2374): 	at android.database.sqlite.SQLiteSession.executeForCursorWindow(SQLiteSession.java:836)
11-10 12:56:46.220 D/StrictMode(2374): 	at android.database.sqlite.SQLiteQuery.fillWindow(SQLiteQuery.java:62)
11-10 12:56:46.220 D/StrictMode(2374): 	at android.database.sqlite.SQLiteCursor.fillWindow(SQLiteCursor.java:144)
11-10 12:56:46.220 D/StrictMode(2374): 	at android.database.sqlite.SQLiteCursor.getCount(SQLiteCursor.java:133)
11-10 12:56:46.220 D/StrictMode(2374): 	at android.database.CursorToBulkCursorAdaptor.getBulkCursorDescriptor(CursorToBulkCursorAdaptor.java:148)
11-10 12:56:46.220 D/StrictMode(2374): 	at android.content.ContentProviderNative.onTransact(ContentProviderNative.java:120)
11-10 12:56:46.220 D/StrictMode(2374): 	at android.os.Binder.execTransact(Binder.java:388)
11-10 12:56:46.220 D/StrictMode(2374): 	at dalvik.system.NativeStart.run(Native Method)
11-10 12:56:46.220 D/StrictMode(2374): # via Binder call with stack:
11-10 12:56:46.220 D/StrictMode(2374): android.os.StrictMode$LogStackTrace
11-10 12:56:46.220 D/StrictMode(2374): 	at android.os.StrictMode.readAndHandleBinderCallViolations(StrictMode.java:1687)
11-10 12:56:46.220 D/StrictMode(2374): 	at android.os.Parcel.readExceptionCode(Parcel.java:1413)
11-10 12:56:46.220 D/StrictMode(2374): 	at android.database.DatabaseUtils.readExceptionFromParcel(DatabaseUtils.java:134)
11-10 12:56:46.220 D/StrictMode(2374): 	at android.content.ContentProviderProxy.query(ContentProviderNative.java:385)
11-10 12:56:46.220 D/StrictMode(2374): 	at android.content.ContentResolver.query(ContentResolver.java:414)
11-10 12:56:46.220 D/StrictMode(2374): 	at android.content.ContentResolver.query(ContentResolver.java:357)
11-10 12:56:46.220 D/StrictMode(2374): 	at com.google.android.apps.gmm.map.n.a.c.b(PG:62)
11-10 12:56:46.220 D/StrictMode(2374): 	at com.google.android.apps.gmm.map.n.a.c.a(PG:96)
11-10 12:56:46.220 D/StrictMode(2374): 	at com.google.android.apps.gmm.location.c.m.a(PG:207)
11-10 12:56:46.220 D/StrictMode(2374): 	at com.google.android.apps.gmm.location.c.m.<init>(PG:188)
11-10 12:56:46.220 D/StrictMode(2374): 	at com.google.android.apps.gmm.base.app.a.<init>(PG:229)
11-10 12:56:46.220 D/StrictMode(2374): 	at com.google.android.apps.gmm.base.app.GoogleMapsApplication.onCreate(PG:66)
11-10 12:56:46.220 D/StrictMode(2374): 	at android.app.Instrumentation.callApplicationOnCreate(Instrumentation.java:1007)
11-10 12:56:46.220 D/StrictMode(2374): 	at android.app.ActivityThread.handleBindApplication(ActivityThread.java:4444)
11-10 12:56:46.220 D/StrictMode(2374): 	at android.app.ActivityThread.access$1300(ActivityThread.java:141)
11-10 12:56:46.220 D/StrictMode(2374): 	at android.app.ActivityThread$H.handleMessage(ActivityThread.java:1316)
11-10 12:56:46.220 D/StrictMode(2374): 	at android.os.Handler.dispatchMessage(Handler.java:99)
11-10 12:56:46.220 D/StrictMode(2374): 	at android.os.Looper.loop(Looper.java:137)
11-10 12:56:46.220 D/StrictMode(2374): 	at android.app.ActivityThread.main(ActivityThread.java:5103)
11-10 12:56:46.220 D/StrictMode(2374): 	at java.lang.reflect.Method.invokeNative(Native Method)
11-10 12:56:46.220 D/StrictMode(2374): 	at java.lang.reflect.Method.invoke(Method.java:525)
11-10 12:56:46.220 D/StrictMode(2374): 	at com.android.internal.os.ZygoteInit$MethodAndArgsCaller.run(ZygoteInit.java:737)
11-10 12:56:46.220 D/StrictMode(2374): 	at com.android.internal.os.ZygoteInit.main(ZygoteInit.java:553)
11-10 12:56:46.220 D/StrictMode(2374): 	at dalvik.system.NativeStart.main(Native Method)
11-10 12:56:46.220 D/StrictMode(2374): StrictMode policy violation; ~duration=187 ms: android.os.StrictMode$StrictModeDiskReadViolation: policy=31 violation=2
11-10 12:56:46.220 D/StrictMode(2374): 	at android.os.StrictMode$AndroidBlockGuardPolicy.onReadFromDisk(StrictMode.java:1123)
11-10 12:56:46.220 D/StrictMode(2374): 	at android.app.SharedPreferencesImpl.awaitLoadedLocked(SharedPreferencesImpl.java:203)
11-10 12:56:46.220 D/StrictMode(2374): 	at android.app.SharedPreferencesImpl.getString(SharedPreferencesImpl.java:223)
11-10 12:56:46.220 D/StrictMode(2374): 	at com.google.android.apps.gmm.navigation.a.ao.b(PG:246)
11-10 12:56:46.220 D/StrictMode(2374): 	at com.google.android.apps.gmm.navigation.a.ao.<init>(PG:236)
11-10 12:56:46.220 D/StrictMode(2374): 	at com.google.android.apps.gmm.navigation.a.c.a(PG:413)
11-10 12:56:46.220 D/StrictMode(2374): 	at com.google.android.apps.gmm.base.app.a.<init>(PG:243)
11-10 12:56:46.220 D/StrictMode(2374): 	at com.google.android.apps.gmm.base.app.GoogleMapsApplication.onCreate(PG:66)
11-10 12:56:46.220 D/StrictMode(2374): 	at android.app.Instrumentation.callApplicationOnCreate(Instrumentation.java:1007)
11-10 12:56:46.220 D/StrictMode(2374): 	at android.app.ActivityThread.handleBindApplication(ActivityThread.java:4444)
11-10 12:56:46.220 D/StrictMode(2374): 	at android.app.ActivityThread.access$1300(ActivityThread.java:141)
11-10 12:56:46.220 D/StrictMode(2374): 	at android.app.ActivityThread$H.handleMessage(ActivityThread.java:1316)
11-10 12:56:46.220 D/StrictMode(2374): 	at android.os.Handler.dispatchMessage(Handler.java:99)
11-10 12:56:46.220 D/StrictMode(2374): 	at android.os.Looper.loop(Looper.java:137)
11-10 12:56:46.220 D/StrictMode(2374): 	at android.app.ActivityThread.main(ActivityThread.java:5103)
11-10 12:56:46.220 D/StrictMode(2374): 	at java.lang.reflect.Method.invokeNative(Native Method)
11-10 12:56:46.220 D/StrictMode(2374): 	at java.lang.reflect.Method.invoke(Method.java:525)
11-10 12:56:46.220 D/StrictMode(2374): 	at com.android.internal.os.ZygoteInit$MethodAndArgsCaller.run(ZygoteInit.java:737)
11-10 12:56:46.220 D/StrictMode(2374): 	at com.android.internal.os.ZygoteInit.main(ZygoteInit.java:553)
11-10 12:56:46.220 D/StrictMode(2374): 	at dalvik.system.NativeStart.main(Native Method)
11-10 12:56:46.290 I/ActivityManager(753): Start proc com.android.chrome for broadcast com.android.chrome/com.google.android.apps.chrome.precache.PrecacheServiceLauncher: pid=2448 uid=10081 gids={50081, 1006, 3003, 1015, 1028}
11-10 12:56:46.290 I/ActivityManager(753): No longer want com.google.android.talk (pid 1898): empty #14
11-10 12:56:46.310 I/ActivityManager(753): No longer want com.google.android.gm (pid 1968): empty #14
11-10 12:56:46.320 I/dalvikvm(2414): Could not find method android.app.AppOpsManager.checkPackage, referenced from method com.google.android.gms.common.util.e.a
11-10 12:56:46.320 W/dalvikvm(2414): VFY: unable to resolve virtual method 109: Landroid/app/AppOpsManager;.checkPackage (ILjava/lang/String;)V
11-10 12:56:46.320 D/dalvikvm(2414): VFY: replacing opcode 0x6e at 0x0012
11-10 12:56:46.350 W/SettingsHelper(2429): Couldn't read prefered locale from settings.
11-10 12:56:46.370 W/ActivityThread(2374): ClassLoader.loadClass: The class loader returned by Thread.getContextClassLoader() may fail for processes that host multiple applications. You should explicitly specify a context class loader. For example: Thread.setContextClassLoader(getClass().getClassLoader());
11-10 12:56:46.430 D/dalvikvm(2429): GC_CONCURRENT freed 235K, 6% free 4470K/4744K, paused 9ms+2ms, total 28ms
11-10 12:56:46.520 D/dalvikvm(2414): GC_CONCURRENT freed 316K, 8% free 4463K/4816K, paused 15ms+3ms, total 196ms
11-10 12:56:46.520 D/dalvikvm(2414): WAIT_FOR_CONCURRENT_GC blocked 22ms
11-10 12:56:46.600 D/dalvikvm(879): GC_CONCURRENT freed 446K, 10% free 4612K/5120K, paused 3ms+3ms, total 31ms
11-10 12:56:46.600 I/dalvikvm(2448): Could not find method android.app.ActivityManager.isLowRamDevice, referenced from method com.google.android.apps.chrome.icing.IcingProvider.isSvelteDeviceV19
11-10 12:56:46.600 W/dalvikvm(2448): VFY: unable to resolve virtual method 136: Landroid/app/ActivityManager;.isLowRamDevice ()Z
11-10 12:56:46.600 D/dalvikvm(2448): VFY: replacing opcode 0x6e at 0x0009
11-10 12:56:46.700 W/VoiceDataUpdater(2429): Avaiable voices info is not ready yet
11-10 12:56:46.780 D/dalvikvm(1359): GC_CONCURRENT freed 370K, 8% free 5040K/5448K, paused 1ms+2ms, total 19ms
11-10 12:56:46.800 D/dalvikvm(1359): GC_FOR_ALLOC freed 67K, 9% free 4979K/5448K, paused 14ms, total 14ms
11-10 12:56:46.800 I/dalvikvm-heap(1359): Grow heap (frag case) to 6.928MB for 2129936-byte allocation
11-10 12:56:46.820 D/dalvikvm(1359): GC_FOR_ALLOC freed <1K, 7% free 7059K/7532K, paused 14ms, total 14ms
11-10 12:56:46.830 I/ActivityManager(753): No longer want org.mozilla.firefox (pid 2098): empty #14
11-10 12:56:46.840 D/dalvikvm(1359): GC_CONCURRENT freed 4K, 7% free 7060K/7532K, paused 1ms+1ms, total 21ms
11-10 12:56:46.840 D/dalvikvm(1359): WAIT_FOR_CONCURRENT_GC blocked 12ms
11-10 12:56:46.840 I/dalvikvm-heap(1359): Grow heap (frag case) to 8.960MB for 2129936-byte allocation
11-10 12:56:46.870 D/dalvikvm(1359): GC_FOR_ALLOC freed <1K, 5% free 9140K/9616K, paused 26ms, total 26ms
11-10 12:56:46.900 D/GCM     (1084): GcmService start Intent { act=android.net.conn.CONNECTIVITY_CHANGE flg=0x8000010 cmp=com.google.android.gms/.gcm.GcmService (has extras) } android.net.conn.CONNECTIVITY_CHANGE
11-10 12:56:46.930 I/dalvikvm(1084): Could not find method android.accounts.AccountManager.renameAccount, referenced from method com.google.android.gms.auth.be.i.a
11-10 12:56:46.930 W/dalvikvm(1084): VFY: unable to resolve virtual method 24: Landroid/accounts/AccountManager;.renameAccount (Landroid/accounts/Account;Ljava/lang/String;Landroid/accounts/AccountManagerCallback;Landroid/os/Handler;)Landroid/accounts/AccountManagerFuture;
11-10 12:56:46.930 D/dalvikvm(1084): VFY: replacing opcode 0x6e at 0x0061
11-10 12:56:46.970 I/NotificationStore(1084): file does not exist: /data/data/com.google.android.gms/files/notification_data.dat
11-10 12:56:47.170 D/dalvikvm(1052): GC_CONCURRENT freed 398K, 12% free 5167K/5816K, paused 3ms+252ms, total 283ms
11-10 12:56:47.290 W/SettingsHelper(2429): Couldn't read prefered locale from settings.
11-10 12:56:47.290 I/GoogleTTSService(2429): Creating Google TTS service, version 3.2.12.1369973.arm
11-10 12:56:47.290 D/dalvikvm(879): GC_CONCURRENT freed 440K, 10% free 4623K/5120K, paused 2ms+6ms, total 46ms
11-10 12:56:47.300 D/dalvikvm(2429): Trying to load lib /data/app-lib/com.google.android.tts-1/libspeexwrapper_ub.210302120.so 0x42049180
11-10 12:56:47.310 D/dalvikvm(2429): Added shared lib /data/app-lib/com.google.android.tts-1/libspeexwrapper_ub.210302120.so 0x42049180
11-10 12:56:47.340 D/dalvikvm(2429): Trying to load lib /data/app-lib/com.google.android.tts-1/libpatts_engine_jni_api_ub.210302120.so 0x42049180
11-10 12:56:47.340 I/TextToSpeech(2374): Connected to ComponentInfo{com.google.android.tts/com.google.android.tts.service.GoogleTTSService}
11-10 12:56:47.350 I/TextToSpeech(2374): Set up connection to ComponentInfo{com.google.android.tts/com.google.android.tts.service.GoogleTTSService}
11-10 12:56:47.350 D/ConnectivityService(753): handleInetConditionHoldEnd: net=1, condition=100, published condition=100
11-10 12:56:47.370 D/dalvikvm(1359): GC_FOR_ALLOC freed 2K, 5% free 9140K/9616K, paused 28ms, total 28ms
11-10 12:56:47.380 I/dalvikvm-heap(1359): Grow heap (frag case) to 10.992MB for 2129936-byte allocation
11-10 12:56:47.400 D/dalvikvm(1359): GC_FOR_ALLOC freed <1K, 5% free 11220K/11700K, paused 17ms, total 17ms
11-10 12:56:47.420 D/dalvikvm(1359): GC_CONCURRENT freed 1K, 5% free 11223K/11700K, paused 1ms+1ms, total 18ms
11-10 12:56:47.420 D/dalvikvm(1359): WAIT_FOR_CONCURRENT_GC blocked 9ms
11-10 12:56:47.420 I/dalvikvm-heap(1359): Grow heap (frag case) to 13.025MB for 2129936-byte allocation
11-10 12:56:47.440 D/dalvikvm(1359): GC_FOR_ALLOC freed 2K, 4% free 13300K/13784K, paused 18ms, total 18ms
11-10 12:56:47.480 D/dalvikvm(753): GC_EXPLICIT freed 1341K, 14% free 12021K/13876K, paused 2ms+11ms, total 106ms
11-10 12:56:47.490 I/ActivityManager(753): No longer want com.sonelli.juicessh (pid 2129): empty #14
11-10 12:56:47.500 I/GCoreUlr(1035): Starting service, intent=Intent { act=com.google.android.location.reporting.ACTION_UPDATE_WORLD cmp=com.google.android.gms/com.google.android.location.reporting.service.DispatchingService (has extras) }, extras=Bundle[{receiverAction=com.google.android.location.internal.server.ACTION_RESTARTED}]
11-10 12:56:47.530 I/GCoreUlr(1035): WorldUpdater received intent Intent { act=com.google.android.location.reporting.ACTION_UPDATE_WORLD cmp=com.google.android.gms/com.google.android.location.reporting.service.DispatchingService (has extras) } with receiverAction com.google.android.location.internal.server.ACTION_RESTARTED
11-10 12:56:47.540 D/GCM     (1084): GcmService start Intent { act=com.google.android.checkin.CHECKIN_COMPLETE flg=0x10 cmp=com.google.android.gms/.gcm.GcmService (has extras) } com.google.android.checkin.CHECKIN_COMPLETE
11-10 12:56:47.560 D/dalvikvm(1035): GC_CONCURRENT freed 508K, 12% free 6099K/6868K, paused 3ms+3ms, total 45ms
11-10 12:56:47.560 D/AlertReceiver(1554): onReceive: a=android.intent.action.PROVIDER_CHANGED Intent { act=android.intent.action.PROVIDER_CHANGED dat=content://com.android.calendar flg=0x10 cmp=com.google.android.calendar/com.android.calendar.alerts.AlertReceiver }
11-10 12:56:47.570 D/AlertService(1554): 0 Action = android.intent.action.PROVIDER_CHANGED
11-10 12:56:47.600 I/ActivityManager(753): Start proc com.android.providers.calendar for content provider com.android.providers.calendar/.CalendarProvider2: pid=2486 uid=10005 gids={50005, 3003, 1015, 1028}
11-10 12:56:47.620 I/ActivityManager(753): Start proc com.google.android.googlequicksearchbox for broadcast com.google.android.googlequicksearchbox/com.google.android.apps.sidekick.widget.PredictiveCardsWidgetProvider: pid=2500 uid=10048 gids={50048, 3003, 1028, 1007, 3002, 1015}
11-10 12:56:47.710 I/ActivityManager(753): Start proc com.google.android.partnersetup for content provider com.google.android.partnersetup/.RlzAppProvider: pid=2517 uid=10043 gids={50043, 3003, 1028}
11-10 12:56:47.820 D/dalvikvm(1084): GC_CONCURRENT freed 388K, 11% free 5093K/5672K, paused 6ms+2ms, total 45ms
11-10 12:56:47.840 D/dalvikvm(2429): Added shared lib /data/app-lib/com.google.android.tts-1/libpatts_engine_jni_api_ub.210302120.so 0x42049180
11-10 12:56:47.840 I/patts   (2429): [embedded_hmm_synthesizer.cc:21] Embedded HMM synthesizer initialized.
11-10 12:56:47.840 I/patts   (2429): [jni_loader.cc:74] Patts JNI loaded successfully.
11-10 12:56:47.840 I/patts   (2429): Loading project file (apk mode is true,assets from com.google.android.tts) ...
11-10 12:56:47.840 I/patts   (2429): [android_project_file.cc:35] Loading "voices/en-gb-x-fis-phone-hmm/phonology.cfg" ...
11-10 12:56:47.870 D/dalvikvm(2500): GC_CONCURRENT freed 251K, 6% free 4528K/4816K, paused 6ms+74ms, total 110ms
11-10 12:56:47.870 D/dalvikvm(2500): WAIT_FOR_CONCURRENT_GC blocked 68ms
11-10 12:56:47.880 D/dalvikvm(2500): WAIT_FOR_CONCURRENT_GC blocked 12ms
11-10 12:56:47.880 D/dalvikvm(2500): WAIT_FOR_CONCURRENT_GC blocked 12ms
11-10 12:56:47.880 D/dalvikvm(2500): WAIT_FOR_CONCURRENT_GC blocked 12ms
11-10 12:56:47.890 W/GAV2    (2500): Thread[main,5,main]: Need to call initialize() and be in fallback mode to start dispatch.
11-10 12:56:47.900 I/patts   (2429): [android_project_file.cc:35] Loading "voices/en-gb-x-fis-phone-hmm/compressed_lexicon_en_gb.blex" ...
11-10 12:56:47.940 D/dalvikvm(879): GC_CONCURRENT freed 420K, 11% free 4605K/5120K, paused 2ms+16ms, total 41ms
11-10 12:56:47.960 I/ActivityManager(753): No longer want com.google.android.youtube (pid 2164): empty #14
11-10 12:56:47.980 I/ActivityManager(753): No longer want com.android.vending (pid 1714): empty #14
11-10 12:56:48.120 D/dalvikvm(106): GC_EXPLICIT freed 39K, 2% free 4266K/4344K, paused 2ms+2ms, total 25ms
11-10 12:56:48.120 I/ActivityManager(753): Start proc com.google.android.talk for broadcast com.google.android.talk/com.google.android.apps.hangouts.realtimechat.RealTimeChatService$AlarmReceiver: pid=2549 uid=10070 gids={50070, 3003, 1015, 1006, 3002, 1028}
11-10 12:56:48.130 D/dalvikvm(1084): GC_CONCURRENT freed 374K, 10% free 5132K/5672K, paused 4ms+5ms, total 45ms
11-10 12:56:48.140 D/dalvikvm(106): GC_EXPLICIT freed <1K, 2% free 4266K/4344K, paused 2ms+2ms, total 19ms
11-10 12:56:48.160 D/dalvikvm(106): GC_EXPLICIT freed <1K, 2% free 4266K/4344K, paused 2ms+2ms, total 20ms
11-10 12:56:48.230 I/patts   (2429): [android_project_file.cc:35] Loading "voices/en-gb-x-fis-phone-hmm/phonology.pb" ...
11-10 12:56:48.230 I/patts   (2429): [android_project_file.cc:35] Loading "voices/en-gb-x-fis-phone-hmm/rewrite_android.far" ...
11-10 12:56:48.230 I/patts   (2429): [grm-manager.h:57] Loading FST archive from "voices/en-gb-x-fis-phone-hmm/rewrite_android.far" ...
11-10 12:56:48.230 D/dalvikvm(1052): GC_CONCURRENT freed 338K, 11% free 5216K/5816K, paused 2ms+2ms, total 26ms
11-10 12:56:48.230 W/Sidekick_GmmLocationProviderImpl(2500): Unable to bind to GMM NLP
11-10 12:56:48.230 W/ActivityManager(753): Unable to start service Intent { act=com.google.android.location.internal.GMM_NLP (has extras) } U=0: not found
11-10 12:56:48.240 I/PseudonymousIdIntentService(1084): getToken invoked
11-10 12:56:48.270 I/dalvikvm(2549): Could not find method android.app.ActivityManager.isLowRamDevice, referenced from method com.google.android.apps.hangouts.phone.EsApplication.onCreate
11-10 12:56:48.270 W/dalvikvm(2549): VFY: unable to resolve virtual method 2067: Landroid/app/ActivityManager;.isLowRamDevice ()Z
11-10 12:56:48.270 D/dalvikvm(2549): VFY: replacing opcode 0x6e at 0x013d
11-10 12:56:48.300 D/dalvikvm(2500): GC_CONCURRENT freed 213K, 6% free 4699K/4952K, paused 2ms+2ms, total 27ms
11-10 12:56:48.320 D/dalvikvm(2549): GC_CONCURRENT freed 310K, 8% free 4424K/4788K, paused 4ms+2ms, total 42ms
11-10 12:56:48.320 D/dalvikvm(2549): WAIT_FOR_CONCURRENT_GC blocked 36ms
11-10 12:56:48.330 D/dalvikvm(2549): Trying to load lib /data/app-lib/com.google.android.talk-2/libcrashreporter.so 0x4204ee48
11-10 12:56:48.330 D/dalvikvm(2549): Added shared lib /data/app-lib/com.google.android.talk-2/libcrashreporter.so 0x4204ee48
11-10 12:56:48.370 I/patts   (2429): [android_project_file.cc:35] Loading "voices/en-gb-x-fis-phone-hmm/tokenize_and_classify_embedded_android.far" ...
11-10 12:56:48.370 I/patts   (2429): [grm-manager.h:57] Loading FST archive from "voices/en-gb-x-fis-phone-hmm/tokenize_and_classify_embedded_android.far" ...
11-10 12:56:48.380 E/dalvikvm(2549): Could not find class 'android.app.Notification$Action$Builder', referenced from method f.a
11-10 12:56:48.380 W/dalvikvm(2549): VFY: unable to resolve new-instance 403 (Landroid/app/Notification$Action$Builder;) in Lf;
11-10 12:56:48.380 D/dalvikvm(2549): VFY: replacing opcode 0x22 at 0x0000
11-10 12:56:48.390 I/dalvikvm(2549): Could not find method android.provider.Telephony$Sms.getDefaultSmsPackage, referenced from method bkg.a
11-10 12:56:48.390 W/dalvikvm(2549): VFY: unable to resolve static method 3320: Landroid/provider/Telephony$Sms;.getDefaultSmsPackage (Landroid/content/Context;)Ljava/lang/String;
11-10 12:56:48.390 D/dalvikvm(2549): VFY: replacing opcode 0x71 at 0x005e
11-10 12:56:48.410 D/dalvikvm(2549): GC_CONCURRENT freed 292K, 7% free 4643K/4972K, paused 3ms+2ms, total 33ms
11-10 12:56:48.410 D/dalvikvm(2549): WAIT_FOR_CONCURRENT_GC blocked 5ms
11-10 12:56:48.410 D/dalvikvm(2549): WAIT_FOR_CONCURRENT_GC blocked 4ms
11-10 12:56:48.430 W/dalvikvm(2549): VFY: unable to find class referenced in signature ([Landroid/app/RemoteInput;)
11-10 12:56:48.430 E/dalvikvm(2549): Could not find class 'android.app.RemoteInput[]', referenced from method f.a
11-10 12:56:48.430 W/dalvikvm(2549): VFY: unable to resolve new-array 5522 ([Landroid/app/RemoteInput;) in Lf;
11-10 12:56:48.430 D/dalvikvm(2549): VFY: replacing opcode 0x23 at 0x0005
11-10 12:56:48.440 D/dalvikvm(2549): DexOpt: unable to opt direct call 0x085a at 0x0e in Lf;.a
11-10 12:56:48.440 D/dalvikvm(2549): DexOpt: unable to opt direct call 0x08aa at 0x13 in Lf;.a
11-10 12:56:48.450 I/dalvikvm(2549): Could not find method android.telephony.TelephonyManager.getMmsUserAgent, referenced from method bvm.b
11-10 12:56:48.450 W/dalvikvm(2549): VFY: unable to resolve virtual method 3974: Landroid/telephony/TelephonyManager;.getMmsUserAgent ()Ljava/lang/String;
11-10 12:56:48.450 D/dalvikvm(2549): VFY: replacing opcode 0x6e at 0x0021
11-10 12:56:48.470 I/Babel   (2549): MmsConfig: mnc/mcc: 0/0
11-10 12:56:48.470 I/Babel   (2549): MmsConfig.loadMmsSettings
11-10 12:56:48.470 I/Babel   (2549): MmsConfig.loadFromDatabase
11-10 12:56:48.480 E/Babel   (2549): canonicalizeMccMnc: invalid mccmnc 
11-10 12:56:48.480 I/Babel   (2549): MmsConfig.loadFromResources
11-10 12:56:48.480 E/Babel   (2549): canonicalizeMccMnc: invalid mccmnc nullnull
11-10 12:56:48.480 I/Babel   (2549): MmsConfig.loadMmsSettings: mUserAgent=Hangouts/2.4.78234730, mUaProfUrl=https://ssl.gstatic.com/android/hangouts/hangouts_mms_ua_profile.xml
11-10 12:56:48.490 I/GCoreUlr(1035): No GCM registration ID
11-10 12:56:48.500 W/Settings(2549): Setting airplane_mode_on has moved from android.provider.Settings.System to android.provider.Settings.Global, returning read-only value.
11-10 12:56:48.520 D/dalvikvm(2549): GC_CONCURRENT freed 364K, 8% free 4791K/5192K, paused 3ms+1ms, total 34ms
11-10 12:56:48.520 D/dalvikvm(2549): WAIT_FOR_CONCURRENT_GC blocked 8ms
11-10 12:56:48.520 D/dalvikvm(2549): WAIT_FOR_CONCURRENT_GC blocked 9ms
11-10 12:56:48.530 I/ActivityManager(753): Start proc com.google.android.gm for broadcast com.google.android.gm/.MailIntentReceiver: pid=2584 uid=10065 gids={50065, 3003, 1015, 1028}
11-10 12:56:48.560 I/GCoreUlr(1035): Ensuring that reporting is active for [account#-13#]
11-10 12:56:48.570 D/dalvikvm(879): null clazz in OP_INSTANCE_OF, single-stepping
11-10 12:56:48.610 D/dalvikvm(2549): GC_CONCURRENT freed 155K, 4% free 5141K/5340K, paused 3ms+2ms, total 43ms
11-10 12:56:48.610 D/dalvikvm(2549): WAIT_FOR_CONCURRENT_GC blocked 5ms
11-10 12:56:48.670 I/dalvikvm(2584): Could not find method android.app.ActivityManager.isLowRamDevice, referenced from method com.android.mail.utils.Y.F
11-10 12:56:48.670 W/dalvikvm(2584): VFY: unable to resolve virtual method 139: Landroid/app/ActivityManager;.isLowRamDevice ()Z
11-10 12:56:48.670 D/dalvikvm(2584): VFY: replacing opcode 0x6e at 0x0011
11-10 12:56:48.680 D/ActivityThread(2584): Loading provider com.android.gmail.ui: com.google.android.gm.provider.GmailProvider
11-10 12:56:48.710 I/GCoreUlr(1035): Starting service, intent=Intent { act=com.google.android.location.reporting.ACTION_LOCATION_STATUS cmp=com.google.android.gms/com.google.android.location.reporting.service.DispatchingService (has extras) }, extras=Bundle[{status=LocationStatus[cell status: STATUS_UNKNOWN, wifi status: STATUS_UNKNOWN, elapsed realtime ns: 0]}]
11-10 12:56:48.730 D/dalvikvm(2549): GC_CONCURRENT freed 154K, 4% free 5489K/5692K, paused 2ms+6ms, total 58ms
11-10 12:56:48.730 D/dalvikvm(2549): WAIT_FOR_CONCURRENT_GC blocked 24ms
11-10 12:56:48.730 D/dalvikvm(2549): WAIT_FOR_CONCURRENT_GC blocked 22ms
11-10 12:56:48.740 D/dalvikvm(2584): GC_CONCURRENT freed 297K, 7% free 4482K/4816K, paused 2ms+2ms, total 40ms
11-10 12:56:48.740 D/dalvikvm(2584): WAIT_FOR_CONCURRENT_GC blocked 5ms
11-10 12:56:48.810 D/EthernetService(753): interfaceLinkStateChanged for wlan0, up = true
11-10 12:56:48.820 I/dalvikvm(2584): Could not find method com.android.mail.browse.E.getNotificationUri, referenced from method com.android.mail.browse.t.getNotificationUri
11-10 12:56:48.820 W/dalvikvm(2584): VFY: unable to resolve virtual method 6615: Lcom/android/mail/browse/E;.getNotificationUri ()Landroid/net/Uri;
11-10 12:56:48.820 D/dalvikvm(2584): VFY: replacing opcode 0x6e at 0x0008
11-10 12:56:48.850 W/GAV2    (2584): Thread[main,5,main]: Need to call initialize() and be in fallback mode to start dispatch.
11-10 12:56:48.860 D/dalvikvm(2549): GC_CONCURRENT freed 295K, 6% free 5655K/6008K, paused 6ms+34ms, total 85ms
11-10 12:56:48.890 D/dalvikvm(2584): GC_CONCURRENT freed 285K, 7% free 4596K/4920K, paused 2ms+1ms, total 24ms
11-10 12:56:48.910 I/CalendarProvider2(2486): Sending notification intent: Intent { act=android.intent.action.PROVIDER_CHANGED dat=content://com.android.calendar }
11-10 12:56:48.920 W/ContentResolver(2486): Failed to get type for: content://com.android.calendar (Unknown URL content://com.android.calendar)
11-10 12:56:48.970 D/dalvikvm(1035): GC_CONCURRENT freed 547K, 11% free 6131K/6868K, paused 2ms+6ms, total 39ms
11-10 12:56:49.010 I/ActivityManager(753): No longer want com.google.android.gallery3d (pid 2327): empty #14
11-10 12:56:49.100 D/dalvikvm(2584): GC_CONCURRENT freed 334K, 8% free 4685K/5056K, paused 3ms+3ms, total 23ms
11-10 12:56:49.110 I/ActivityManager(753): Start proc eu.chainfire.supersu for broadcast eu.chainfire.supersu/.NativeAccessReceiver: pid=2615 uid=10031 gids={50031, 1028}
11-10 12:56:49.170 I/CheckinService(1052): Done disabling old GoogleServicesFramework version
11-10 12:56:49.180 I/patts   (2429): [android_project_file.cc:35] Loading "voices/en-gb-x-fis-phone-hmm/textnorm_params_embedded.pb" ...
11-10 12:56:49.240 D/dalvikvm(2549): GC_CONCURRENT freed 177K, 4% free 5965K/6204K, paused 6ms+4ms, total 68ms
11-10 12:56:49.240 D/dalvikvm(2549): WAIT_FOR_CONCURRENT_GC blocked 41ms
11-10 12:56:49.280 D/dalvikvm(879): GC_CONCURRENT freed 390K, 11% free 4600K/5120K, paused 2ms+2ms, total 27ms
11-10 12:56:49.310 D/dalvikvm(2549): GC_FOR_ALLOC freed 294K, 7% free 6059K/6488K, paused 22ms, total 22ms
11-10 12:56:49.340 D/dalvikvm(2549): GC_FOR_ALLOC freed 62K, 6% free 6123K/6488K, paused 18ms, total 18ms
11-10 12:56:49.420 D/dalvikvm(753): GC_EXPLICIT freed 1280K, 15% free 11928K/14004K, paused 2ms+5ms, total 79ms
11-10 12:56:49.440 D/dalvikvm(2549): GC_FOR_ALLOC freed 126K, 8% free 6251K/6744K, paused 86ms, total 86ms
11-10 12:56:49.440 I/dalvikvm-heap(2549): Grow heap (frag case) to 6.366MB for 238414-byte allocation
11-10 12:56:49.470 D/dalvikvm(2549): GC_FOR_ALLOC freed 0K, 8% free 6484K/6980K, paused 24ms, total 24ms
11-10 12:56:49.500 D/dalvikvm(2549): GC_FOR_ALLOC freed 499K, 11% free 6485K/7236K, paused 19ms, total 23ms
11-10 12:56:49.520 D/AndroidRuntime(2051): Shutting down VM
11-10 12:56:49.530 D/dalvikvm(2051): GC_CONCURRENT freed 95K, 17% free 520K/620K, paused 0ms+1ms, total 3ms
11-10 12:56:49.550 I/ActivityManager(753): Start proc org.mozilla.firefox for broadcast org.mozilla.firefox/org.mozilla.gecko.background.healthreport.HealthReportBroadcastReceiver: pid=2634 uid=10093 gids={50093, 3003, 1015, 1006, 1028}
11-10 12:56:49.550 I/ActivityManager(753): No longer want com.google.android.apps.uploader (pid 2352): empty #14
11-10 12:56:49.580 D/dalvikvm(2549): GC_FOR_ALLOC freed 369K, 9% free 6590K/7236K, paused 81ms, total 81ms
11-10 12:56:49.620 I/Gmail   (2584): calculateUnknownSyncRationalesAndPurgeInBackground: queueing
11-10 12:56:49.640 E/gralloc (105): NvGrPost: Failed, TEGRA_OVERLAY_IOCTL_FLIP Broken pipe
11-10 12:56:49.650 I/Gmail   (2584): calculateUnknownSyncRationalesAndPurgeInBackground: queueing
11-10 12:56:49.690 E/gralloc (105): NvGrPost: Failed, TEGRA_OVERLAY_IOCTL_FLIP Broken pipe
11-10 12:56:49.720 D/dalvikvm(2549): GC_FOR_ALLOC freed 130K, 8% free 6721K/7236K, paused 129ms, total 129ms
11-10 12:56:49.740 E/gralloc (105): NvGrPost: Failed, TEGRA_OVERLAY_IOCTL_FLIP Broken pipe
11-10 12:56:49.760 D/dalvikvm(2634): Trying to load lib /data/app-lib/org.mozilla.firefox-1/libmozglue.so 0x4204a3f0
11-10 12:56:49.760 D/dalvikvm(2634): Added shared lib /data/app-lib/org.mozilla.firefox-1/libmozglue.so 0x4204a3f0
11-10 12:56:49.760 D/dalvikvm(2634): No JNI_OnLoad found in /data/app-lib/org.mozilla.firefox-1/libmozglue.so 0x4204a3f0, skipping init
11-10 12:56:49.790 D/GCM     (1084): GcmService start Intent { act=com.google.android.talk.MCS_CONNECTION_SERVICE_STARTED flg=0x10 cmp=com.google.android.gms/.gcm.GcmService } com.google.android.talk.MCS_CONNECTION_SERVICE_STARTED
11-10 12:56:49.790 D/GCM     (1084): GcmService start Intent { act=com.google.android.gms.INITIALIZE flg=0x10 pkg=com.google.android.gms cmp=com.google.android.gms/.gcm.GcmService } com.google.android.gms.INITIALIZE
11-10 12:56:49.800 D/dalvikvm(2584): GC_CONCURRENT freed 250K, 6% free 4868K/5156K, paused 3ms+79ms, total 171ms
11-10 12:56:49.900 I/GeckoHealth(2634): firefox :: HealthReportBroadcastService :: Registering HealthReportUploadService.
11-10 12:56:49.920 I/GeckoHealth(2634): firefox :: BackgroundService :: Setting inexact repeating alarm for interval 3600000
11-10 12:56:49.930 D/AuthorizationBluetoothService(1084): Received GmsCore event: Intent { act=com.google.android.gms.INITIALIZE flg=0x10 pkg=com.google.android.gms cmp=com.google.android.gms/.auth.be.proximity.authorization.bt.AuthorizationBluetoothService$AutoStarter }.
11-10 12:56:49.930 E/AuthorizationBluetoothService(1084): Proximity feature is not enabled.
11-10 12:56:49.940 I/GeckoHealth(2634): firefox :: HealthReportBroadcastService :: Registering HealthReportPruneService.
11-10 12:56:49.940 I/GeckoHealth(2634): firefox :: BackgroundService :: Setting inexact repeating alarm for interval 86400000
11-10 12:56:49.950 D/dalvikvm(2634): GC_CONCURRENT freed 178K, 5% free 4488K/4704K, paused 3ms+9ms, total 65ms
11-10 12:56:49.990 D/dalvikvm(2549): GC_CONCURRENT freed 405K, 6% free 7138K/7580K, paused 3ms+2ms, total 48ms
11-10 12:56:49.990 D/dalvikvm(2549): WAIT_FOR_CONCURRENT_GC blocked 4ms
11-10 12:56:49.990 D/dalvikvm(2549): WAIT_FOR_CONCURRENT_GC blocked 5ms
11-10 12:56:50.000 I/ActivityManager(753): No longer want com.google.android.apps.maps (pid 2374): empty #14
11-10 12:56:50.060 I/Gmail   (2584): calculateUnknownSyncRationalesAndPurgeInBackground: running
11-10 12:56:50.060 I/Gmail   (2584): calculateUnknownSyncRationalesAndPurgeInBackground: running
11-10 12:56:50.180 I/Gmail   (2584): calculateUnknownSyncRationalesAndPurgeInBackground: queueing
11-10 12:56:50.230 D/dalvikvm(2549): GC_CONCURRENT freed 216K, 4% free 7883K/8136K, paused 2ms+63ms, total 105ms
11-10 12:56:50.230 D/dalvikvm(2549): WAIT_FOR_CONCURRENT_GC blocked 79ms
11-10 12:56:50.290 D/dalvikvm(2584): GC_CONCURRENT freed 294K, 7% free 4994K/5328K, paused 2ms+2ms, total 42ms
11-10 12:56:50.330 I/NotifUtils(2584): Validating Notification, mapSize: 0 getAttention: true ignoreUnobtrusive: false
11-10 12:56:50.390 I/GoogleHttpClient(2297): Falling back to old http client 0 java.lang.NoSuchMethodException: <init> [class android.content.Context, class java.lang.String, boolean, boolean]
11-10 12:56:50.400 D/AlertReceiver(1554): onReceive: a=android.intent.action.PROVIDER_CHANGED Intent { act=android.intent.action.PROVIDER_CHANGED dat=content://com.android.calendar flg=0x10 cmp=com.google.android.calendar/com.android.calendar.alerts.AlertReceiver }
11-10 12:56:50.420 I/NotifUtils(2584): validateNotifications - cancelling account -1766353333 / folder -317575340
