11-10 13:27:11.897 I/DEBUG   (104):     5ee4fc78 ef600b02 edc301b1 4b400b02 1b30eddf  
11-10 13:27:11.897 I/DEBUG   (104):     5ee4fc88 edd3447b ef600b02 edc301b1 46280b02  
11-10 13:27:11.897 I/DEBUG   (104):     5ee4fc98 e9a8f750 46214a3a 447aa801 fed6f7ff  
11-10 13:27:11.897 I/DEBUG   (104):     5ee4fca8 28004604 4937d097 f7ff4479 b360ff0f  
11-10 13:27:11.897 I/DEBUG   (104):     5ee4fcb8 eddf4b35 447b1b25 0b02edd3 01b1ef60  
11-10 13:27:11.897 I/DEBUG   (104):     5ee4fcc8 0b02edc3 46204931 f7ff4479 b148feff  
11-10 13:27:11.897 I/DEBUG   (104):     5ee4fcd8 eddf4b2f 447b1b1f 0b02edd3 01b1ef60  
11-10 13:27:11.897 I/DEBUG   (104):     5ee4fce8 0b02edc3 f7504620 e774e97e ddce2805  
11-10 13:27:11.897 I/DEBUG   (104):     5ee4fcf8 4a28e7c3 4621a801 f7ff447a 6128fe59  
11-10 13:27:11.897 I/DEBUG   (104):     5ee4fd08 d1832800 612b2301 4923e780 44794620  
11-10 13:27:11.897 I/DEBUG   (104):     5ee4fd18 fedcf7ff d0d52800 eddf4b20 447b1b0b  
11-10 13:27:11.897 I/DEBUG   (104):     5ee4fd28 0b02edd3 01b1ef60 0b02edc3 f750e7ca  
11-10 13:27:11.897 I/DEBUG   (104):     5ee4fd38 bf00e91e 8000f3af 00000001 00000000  
11-10 13:27:11.897 I/DEBUG   (104):     5ee4fd48 00000008 00000000 00000002 00000000  
11-10 13:27:11.897 I/DEBUG   (104): 
11-10 13:27:11.897 I/DEBUG   (104): code around lr:
11-10 13:27:11.897 I/DEBUG   (104):     40046950 e8bd8008 000686b8 e92d4008 e59f3010  
11-10 13:27:11.897 I/DEBUG   (104):     40046960 e08f1003 e5912000 e592c004 e12fff3c  
11-10 13:27:11.897 I/DEBUG   (104):     40046970 e8bd8008 00068698 e92d4008 e59f3010  
11-10 13:27:11.897 I/DEBUG   (104):     40046980 e08f2003 e592c000 e59c3008 e12fff33  
11-10 13:27:11.897 I/DEBUG   (104):     40046990 e8bd8008 00068678 e92d4008 e59f3010  
11-10 13:27:11.897 I/DEBUG   (104):     400469a0 e08f2003 e592c000 e59c300c e12fff33  
11-10 13:27:11.897 I/DEBUG   (104):     400469b0 e8bd8008 00068658 e92d4008 e59f3010  
11-10 13:27:11.897 I/DEBUG   (104):     400469c0 e08f2003 e592c000 e59c3010 e12fff33  
11-10 13:27:11.897 I/DEBUG   (104):     400469d0 e8bd8008 00068638 e59f0034 e59f1034  
11-10 13:27:11.897 I/DEBUG   (104):     400469e0 e92d4008 e08f0000 e08f1001 eb000471  
11-10 13:27:11.897 I/DEBUG   (104):     400469f0 e3500000 08bd8008 e59f201c e3a00006  
11-10 13:27:11.897 I/DEBUG   (104):     40046a00 e59f3018 e08f1002 e08f2003 e8bd4008  
11-10 13:27:11.897 I/DEBUG   (104):     40046a10 ea001c81 000699cc fffff700 0005d624  
11-10 13:27:11.897 I/DEBUG   (104):     40046a20 0005d938 e59f0034 e59f1034 e92d4008  
11-10 13:27:11.897 I/DEBUG   (104):     40046a30 e08f0000 e08f1001 eb00045e e3500000  
11-10 13:27:11.897 I/DEBUG   (104):     40046a40 08bd8008 e59f201c e3a00006 e59f3018  
11-10 13:27:11.897 I/DEBUG   (104): 
11-10 13:27:11.897 I/DEBUG   (104): memory map around fault addr 5ee4fc78:
11-10 13:27:11.897 I/DEBUG   (104):     5ec88000-5ed87000 rw- 
11-10 13:27:11.897 I/DEBUG   (104):     5ed87000-5ef10000 r-x /data/app-lib/com.newscorp.couriermail-1/librdpdf.so
11-10 13:27:11.897 I/DEBUG   (104):     5ef10000-5ef11000 --- 
11-10 13:27:12.057 I/BootReceiver(753): Copying /data/tombstones/tombstone_07 to DropBox (SYSTEM_TOMBSTONE)
11-10 13:27:12.097 D/Zygote  (106): Process 3933 terminated by signal (4)
11-10 13:27:12.137 D/dalvikvm(753): GC_FOR_ALLOC freed 614K, 18% free 13303K/16184K, paused 73ms, total 74ms
11-10 13:27:12.137 I/ActivityManager(753): Process com.newscorp.couriermail (pid 3933) has died.
11-10 13:27:12.137 W/ActivityManager(753): Service crashed 2 times, stopping: ServiceRecord{4285cee0 u0 com.newscorp.couriermail/com.newscorp.app.NewsService}
11-10 13:27:12.217 D/dalvikvm(753): GC_FOR_ALLOC freed 788K, 20% free 13003K/16184K, paused 68ms, total 71ms
11-10 13:27:12.217 I/ActivityManager(753): Start proc com.newscorp.couriermail for activity com.newscorp.couriermail/com.newscorp.app.EditionActivity: pid=3963 uid=10096 gids={50096, 3003, 1028, 1015}
11-10 13:27:12.337 D/dalvikvm(3963): GC_CONCURRENT freed 187K, 5% free 4573K/4800K, paused 6ms+2ms, total 30ms
11-10 13:27:12.337 I/CrittercismInstance(3963): Initializing Crittercism...
11-10 13:27:12.407 D/dalvikvm(3963): GC_CONCURRENT freed 299K, 7% free 4786K/5124K, paused 2ms+2ms, total 18ms
11-10 13:27:12.407 D/dalvikvm(3963): WAIT_FOR_CONCURRENT_GC blocked 4ms
11-10 13:27:12.407 D/dalvikvm(3963): WAIT_FOR_CONCURRENT_GC blocked 11ms
11-10 13:27:12.417 D/Courier Mail(3963): Started version 4.2.14.0425
11-10 13:27:12.497 D/dalvikvm(3963): GC_CONCURRENT freed 453K, 10% free 4845K/5336K, paused 2ms+2ms, total 21ms
11-10 13:27:12.497 D/dalvikvm(3963): WAIT_FOR_CONCURRENT_GC blocked 8ms
11-10 13:27:12.497 D/dalvikvm(3963): WAIT_FOR_CONCURRENT_GC blocked 1ms
11-10 13:27:12.527 W/nalizableReferenceQueue(3963): Could not load Finalizer in its own class loader. Loading Finalizer in the current class loader instead. As a result, you will not be able to garbage collect this class loader. To support reclaiming this class loader, either resolve the underlying issue, or move Google Collections to your system class path.
11-10 13:27:12.527 W/nalizableReferenceQueue(3963): java.io.FileNotFoundException: com/google/inject/internal/util/$Finalizer.class
11-10 13:27:12.527 W/nalizableReferenceQueue(3963): 	at com.google.inject.internal.util.$FinalizableReferenceQueue$DecoupledLoader.getBaseUrl(FinalizableReferenceQueue.java:269)
11-10 13:27:12.527 W/nalizableReferenceQueue(3963): 	at com.google.inject.internal.util.$FinalizableReferenceQueue$DecoupledLoader.loadFinalizer(FinalizableReferenceQueue.java:253)
11-10 13:27:12.527 W/nalizableReferenceQueue(3963): 	at com.google.inject.internal.util.$FinalizableReferenceQueue.loadFinalizer(FinalizableReferenceQueue.java:175)
11-10 13:27:12.527 W/nalizableReferenceQueue(3963): 	at com.google.inject.internal.util.$FinalizableReferenceQueue.<clinit>(FinalizableReferenceQueue.java:100)
11-10 13:27:12.527 W/nalizableReferenceQueue(3963): 	at com.google.inject.internal.util.$MapMaker$QueueHolder.<clinit>(MapMaker.java:787)
11-10 13:27:12.527 W/nalizableReferenceQueue(3963): 	at com.google.inject.internal.util.$MapMaker$WeakEntry.<init>(MapMaker.java:946)
11-10 13:27:12.527 W/nalizableReferenceQueue(3963): 	at com.google.inject.internal.util.$MapMaker$Strength$1.newEntry(MapMaker.java:312)
11-10 13:27:12.527 W/nalizableReferenceQueue(3963): 	at com.google.inject.internal.util.$MapMaker$StrategyImpl.newEntry(MapMaker.java:498)
11-10 13:27:12.527 W/nalizableReferenceQueue(3963): 	at com.google.inject.internal.util.$MapMaker$StrategyImpl.newEntry(MapMaker.java:419)
11-10 13:27:12.527 W/nalizableReferenceQueue(3963): 	at com.google.inject.internal.util.$CustomConcurrentHashMap$ComputingImpl.get(CustomConcurrentHashMap.java:2029)
11-10 13:27:12.527 W/nalizableReferenceQueue(3963): 	at com.google.inject.internal.Annotations$AnnotationChecker.hasAnnotations(Annotations.java:116)
11-10 13:27:12.527 W/nalizableReferenceQueue(3963): 	at com.google.inject.internal.Annotations.isBindingAnnotation(Annotations.java:180)
11-10 13:27:12.527 W/nalizableReferenceQueue(3963): 	at com.google.inject.Key.ensureIsBindingAnnotation(Key.java:366)
11-10 13:27:12.527 W/nalizableReferenceQueue(3963): 	at com.google.inject.Key.strategyFor(Key.java:338)
11-10 13:27:12.527 W/nalizableReferenceQueue(3963): 	at com.google.inject.Key.get(Key.java:272)
11-10 13:27:12.527 W/nalizableReferenceQueue(3963): 	at com.google.inject.internal.AbstractBindingBuilder.annotatedWithInternal(AbstractBindingBuilder.java:82)
11-10 13:27:12.527 W/nalizableReferenceQueue(3963): 	at com.google.inject.internal.ConstantBindingBuilderImpl.annotatedWith(ConstantBindingBuilderImpl.java:49)
11-10 13:27:12.527 W/nalizableReferenceQueue(3963): 	at roboguice.config.DefaultRoboModule.configure(DefaultRoboModule.java:120)
11-10 13:27:12.527 W/nalizableReferenceQueue(3963): 	at com.google.inject.AbstractModule.configure(AbstractModule.java:59)
11-10 13:27:12.527 W/nalizableReferenceQueue(3963): 	at com.google.inject.spi.Elements$RecordingBinder.install(Elements.java:223)
11-10 13:27:12.527 W/nalizableReferenceQueue(3963): 	at com.google.inject.spi.Elements.getElements(Elements.java:101)
11-10 13:27:12.527 W/nalizableReferenceQueue(3963): 	at com.google.inject.internal.InjectorShell$Builder.build(InjectorShell.java:133)
11-10 13:27:12.527 W/nalizableReferenceQueue(3963): 	at com.google.inject.internal.InternalInjectorCreator.build(InternalInjectorCreator.java:103)
11-10 13:27:12.527 W/nalizableReferenceQueue(3963): 	at com.google.inject.Guice.createInjector(Guice.java:95)
11-10 13:27:12.527 W/nalizableReferenceQueue(3963): 	at com.google.inject.Guice.createInjector(Guice.java:83)
11-10 13:27:12.527 W/nalizableReferenceQueue(3963): 	at roboguice.RoboGuice.setBaseApplicationInjector(RoboGuice.java:89)
11-10 13:27:12.527 W/nalizableReferenceQueue(3963): 	at roboguice.RoboGuice.setBaseApplicationInjector(RoboGuice.java:128)
11-10 13:27:12.527 W/nalizableReferenceQueue(3963): 	at roboguice.RoboGuice.getBaseApplicationInjector(RoboGuice.java:67)
11-10 13:27:12.527 W/nalizableReferenceQueue(3963): 	at roboguice.RoboGuice.getInjector(RoboGuice.java:138)
11-10 13:27:12.527 W/nalizableReferenceQueue(3963): 	at roboguice.activity.RoboFragmentActivity.onCreate(RoboFragmentActivity.java:60)
11-10 13:27:12.527 W/nalizableReferenceQueue(3963): 	at com.newscorp.app.EditionActivity.onCreate(EditionActivity.java:343)
11-10 13:27:12.527 W/nalizableReferenceQueue(3963): 	at android.app.Activity.performCreate(Activity.java:5216)
11-10 13:27:12.527 W/nalizableReferenceQueue(3963): 	at android.app.Instrumentation.callActivityOnCreate(Instrumentation.java:1087)
11-10 13:27:12.527 W/nalizableReferenceQueue(3963): 	at android.app.ActivityThread.performLaunchActivity(ActivityThread.java:2175)
11-10 13:27:12.527 W/nalizableReferenceQueue(3963): 	at android.app.ActivityThread.handleLaunchActivity(ActivityThread.java:2261)
11-10 13:27:12.527 W/nalizableReferenceQueue(3963): 	at android.app.ActivityThread.access$600(ActivityThread.java:141)
11-10 13:27:12.527 W/nalizableReferenceQueue(3963): 	at android.app.ActivityThread$H.handleMessage(ActivityThread.java:1256)
11-10 13:27:12.527 W/nalizableReferenceQueue(3963): 	at android.os.Handler.dispatchMessage(Handler.java:99)
11-10 13:27:12.527 W/nalizableReferenceQueue(3963): 	at android.os.Looper.loop(Looper.java:137)
11-10 13:27:12.527 W/nalizableReferenceQueue(3963): 	at android.app.ActivityThread.main(ActivityThread.java:5103)
11-10 13:27:12.527 W/nalizableReferenceQueue(3963): 	at java.lang.reflect.Method.invokeNative(Native Method)
11-10 13:27:12.527 W/nalizableReferenceQueue(3963): 	at java.lang.reflect.Method.invoke(Method.java:525)
11-10 13:27:12.527 W/nalizableReferenceQueue(3963): 	at com.android.internal.os.ZygoteInit$MethodAndArgsCaller.run(ZygoteInit.java:737)
11-10 13:27:12.527 W/nalizableReferenceQueue(3963): 	at com.android.internal.os.ZygoteInit.main(ZygoteInit.java:553)
11-10 13:27:12.527 W/nalizableReferenceQueue(3963): 	at dalvik.system.NativeStart.main(Native Method)
11-10 13:27:12.547 D/dalvikvm(3963): GC_CONCURRENT freed 454K, 10% free 4903K/5396K, paused 2ms+2ms, total 21ms
11-10 13:27:12.547 D/dalvikvm(3963): WAIT_FOR_CONCURRENT_GC blocked 8ms
11-10 13:27:12.587 D/dalvikvm(3963): GC_CONCURRENT freed 501K, 10% free 4910K/5452K, paused 2ms+2ms, total 19ms
11-10 13:27:12.587 D/dalvikvm(3963): WAIT_FOR_CONCURRENT_GC blocked 11ms
11-10 13:27:12.647 D/dalvikvm(3963): GC_CONCURRENT freed 457K, 10% free 4966K/5460K, paused 2ms+2ms, total 19ms
11-10 13:27:12.647 D/dalvikvm(3963): WAIT_FOR_CONCURRENT_GC blocked 7ms
11-10 13:27:12.657 D//LnImpl.java:27(3963): main Configuring Logging, minimum log level is INFO
11-10 13:27:12.697 D/dalvikvm(3963): GC_CONCURRENT freed 490K, 10% free 4983K/5516K, paused 3ms+1ms, total 21ms
11-10 13:27:12.697 D/dalvikvm(3963): WAIT_FOR_CONCURRENT_GC blocked 7ms
11-10 13:27:12.747 D/dalvikvm(3963): GC_CONCURRENT freed 298K, 7% free 5191K/5532K, paused 1ms+2ms, total 21ms
11-10 13:27:12.747 D/dalvikvm(3963): WAIT_FOR_CONCURRENT_GC blocked 5ms
11-10 13:27:12.797 D/dalvikvm(3963): GC_CONCURRENT freed 585K, 11% free 5112K/5740K, paused 2ms+2ms, total 21ms
11-10 13:27:12.797 D/dalvikvm(3963): WAIT_FOR_CONCURRENT_GC blocked 12ms
11-10 13:27:12.847 D/dalvikvm(3963): GC_CONCURRENT freed 537K, 12% free 5086K/5740K, paused 2ms+2ms, total 20ms
11-10 13:27:12.847 D/dalvikvm(3963): WAIT_FOR_CONCURRENT_GC blocked 9ms
11-10 13:27:12.887 D/dalvikvm(3963): GC_CONCURRENT freed 362K, 10% free 5181K/5740K, paused 2ms+1ms, total 19ms
11-10 13:27:12.887 D/dalvikvm(3963): WAIT_FOR_CONCURRENT_GC blocked 15ms
11-10 13:27:12.887 I/dalvikvm-heap(3963): Grow heap (frag case) to 5.370MB for 289808-byte allocation
11-10 13:27:12.907 D/dalvikvm(3963): GC_FOR_ALLOC freed <1K, 10% free 5464K/6024K, paused 19ms, total 19ms
11-10 13:27:12.957 D/dalvikvm(3963): GC_CONCURRENT freed 390K, 8% free 5585K/6024K, paused 1ms+2ms, total 20ms
11-10 13:27:12.957 D/dalvikvm(3963): WAIT_FOR_CONCURRENT_GC blocked 12ms
11-10 13:27:12.987 D/dalvikvm(3963): GC_FOR_ALLOC freed 248K, 10% free 5524K/6132K, paused 16ms, total 16ms
11-10 13:27:13.027 D/dalvikvm(3963): GC_CONCURRENT freed 415K, 9% free 5621K/6132K, paused 2ms+3ms, total 23ms
11-10 13:27:13.027 D/dalvikvm(3963): WAIT_FOR_CONCURRENT_GC blocked 6ms
11-10 13:27:13.037 D/com.newscorp.app.EditionActivity(3963): New edition containing 9
11-10 13:27:13.037 D/dalvikvm(3963): Trying to load lib /data/app-lib/com.newscorp.couriermail-1/librdpdf.so 0x4204d9b8
11-10 13:27:13.037 F/libc    (3963): Fatal signal 4 (SIGILL) at 0x5ee44c72 (code=1), thread 3963 (orp.couriermail)
11-10 13:27:13.137 I/DEBUG   (104): *** *** *** *** *** *** *** *** *** *** *** *** *** *** *** ***
11-10 13:27:13.137 I/DEBUG   (104): Build fingerprint: 'asus/US_epad/TF101:4.0.3/IML74K/US_epad-9.2.1.27-20120615:user/release-keys'
11-10 13:27:13.137 I/DEBUG   (104): Revision: '0'
11-10 13:27:13.137 I/DEBUG   (104): pid: 3963, tid: 3963, name: orp.couriermail  >>> com.newscorp.couriermail <<<
11-10 13:27:13.137 I/DEBUG   (104): signal 4 (SIGILL), code 1 (ILL_ILLOPC), fault addr 5ee44c78
11-10 13:27:13.237 I/DEBUG   (104):     r0 00000000  r1 00000000  r2 00000001  r3 9eef6d2c
11-10 13:27:13.237 I/DEBUG   (104):     r4 00000144  r5 5d9be960  r6 400b21f8  r7 5ec69cd0
11-10 13:27:13.237 I/DEBUG   (104):     r8 00000000  r9 befff51c  sl 00000004  fp 4001d670
11-10 13:27:13.237 I/DEBUG   (104):     ip 00000001  sp beffe518  lr 40046970  pc 5ee44c78  cpsr 20000030
11-10 13:27:13.237 I/DEBUG   (104):     d0  3ff0000000000000  d1  3fa999999999999a
11-10 13:27:13.237 I/DEBUG   (104):     d2  421000003f800000  d3  4278000042540000
11-10 13:27:13.237 I/DEBUG   (104):     d4  3e54d4d53e109091  d5  000000353e78f8f9
11-10 13:27:13.237 I/DEBUG   (104):     d6  000000240000003e  d7  3f800000000000ff
11-10 13:27:13.237 I/DEBUG   (104):     d8  0000000000000000  d9  0000000000000000
11-10 13:27:13.237 I/DEBUG   (104):     d10 0000000000000000  d11 0000000000000000
11-10 13:27:13.237 I/DEBUG   (104):     d12 0000000000000000  d13 0000000000000000
11-10 13:27:13.237 I/DEBUG   (104):     d14 0000000000000000  d15 0000000000000000
11-10 13:27:13.237 I/DEBUG   (104):     scr 20000010
11-10 13:27:13.247 I/DEBUG   (104): 
11-10 13:27:13.247 I/DEBUG   (104): backtrace:
11-10 13:27:13.247 I/DEBUG   (104):     #00  pc 000c8c78  /data/app-lib/com.newscorp.couriermail-1/librdpdf.so
11-10 13:27:13.247 I/DEBUG   (104):     #01  pc 0000ec24  /system/lib/libc.so (pthread_once+108)
11-10 13:27:13.247 I/DEBUG   (104):     #02  pc 000c8db7  /data/app-lib/com.newscorp.couriermail-1/librdpdf.so
11-10 13:27:13.247 I/DEBUG   (104):     #03  pc 000288a3  /data/app-lib/com.newscorp.couriermail-1/librdpdf.so
11-10 13:27:13.247 I/DEBUG   (104):     #04  pc 00003e78  /system/bin/linker
11-10 13:27:13.247 I/DEBUG   (104):     #05  pc 00004220  /system/bin/linker
11-10 13:27:13.247 I/DEBUG   (104):     #06  pc 0000439c  /system/bin/linker
11-10 13:27:13.247 I/DEBUG   (104):     #07  pc 000010ec  /system/bin/linker
11-10 13:27:13.247 I/DEBUG   (104):     #08  pc 0007194c  /system/lib/libdvm.so (dvmLoadNativeCode(char const*, Object*, char**)+532)
11-10 13:27:13.247 I/DEBUG   (104):     #09  pc 000a3ddc  /system/lib/libdvm.so
11-10 13:27:13.247 I/DEBUG   (104):     #10  pc 00027220  /system/lib/libdvm.so
11-10 13:27:13.247 I/DEBUG   (104):     #11  pc 0002c164  /system/lib/libdvm.so (dvmInterpret(Thread*, Method const*, JValue*)+184)
11-10 13:27:13.247 I/DEBUG   (104):     #12  pc 00094414  /system/lib/libdvm.so (dvmInvokeMethod(Object*, Method const*, ArrayObject*, ArrayObject*, ClassObject*, bool)+1344)
11-10 13:27:13.247 I/DEBUG   (104):     #13  pc 000a60b0  /system/lib/libdvm.so
11-10 13:27:13.247 I/DEBUG   (104):     #14  pc 00027220  /system/lib/libdvm.so
11-10 13:27:13.247 I/DEBUG   (104):     #15  pc 0002c164  /system/lib/libdvm.so (dvmInterpret(Thread*, Method const*, JValue*)+184)
11-10 13:27:13.247 I/DEBUG   (104):     #16  pc 00093918  /system/lib/libdvm.so (dvmCallMethodV(Thread*, Method const*, Object*, bool, JValue*, std::__va_list)+768)
11-10 13:27:13.247 I/DEBUG   (104):     #17  pc 00060194  /system/lib/libdvm.so
11-10 13:27:13.247 I/DEBUG   (104):     #18  pc 0004b33c  /system/lib/libandroid_runtime.so
11-10 13:27:13.247 I/DEBUG   (104):     #19  pc 0004c99c  /system/lib/libandroid_runtime.so (android::AndroidRuntime::start(char const*, char const*)+772)
11-10 13:27:13.247 I/DEBUG   (104):     #20  pc 00001330  /system/bin/app_process
11-10 13:27:13.247 I/DEBUG   (104):     #21  pc 0000dbdc  /system/lib/libc.so (__libc_init+100)
11-10 13:27:13.247 I/DEBUG   (104):     #22  pc 00000d24  /system/bin/app_process
11-10 13:27:13.247 I/DEBUG   (104): 
11-10 13:27:13.247 I/DEBUG   (104): stack:
11-10 13:27:13.247 I/DEBUG   (104):          beffe4d8  beffe528  [stack]
11-10 13:27:13.247 I/DEBUG   (104):          beffe4dc  0000001b  
11-10 13:27:13.247 I/DEBUG   (104):          beffe4e0  5ec69cc8  
11-10 13:27:13.247 I/DEBUG   (104):          beffe4e4  5ec69cd0  
11-10 13:27:13.247 I/DEBUG   (104):          beffe4e8  400b21f8  
11-10 13:27:13.247 I/DEBUG   (104):          beffe4ec  5ec69cd0  
11-10 13:27:13.247 I/DEBUG   (104):          beffe4f0  00000000  
11-10 13:27:13.247 I/DEBUG   (104):          beffe4f4  4004b8d8  /system/lib/libc.so (dlfree+996)
11-10 13:27:13.247 I/DEBUG   (104):          beffe4f8  00068698  
11-10 13:27:13.247 I/DEBUG   (104):          beffe4fc  00000144  
11-10 13:27:13.247 I/DEBUG   (104):          beffe500  00000144  
11-10 13:27:13.247 I/DEBUG   (104):          beffe504  5d9be960  
11-10 13:27:13.247 I/DEBUG   (104):          beffe508  400b21f8  
11-10 13:27:13.247 I/DEBUG   (104):          beffe50c  40046970  /system/lib/libc.so (free+24)
11-10 13:27:13.247 I/DEBUG   (104):          beffe510  e3a070ad  
11-10 13:27:13.247 I/DEBUG   (104):          beffe514  ef9000ad  
11-10 13:27:13.247 I/DEBUG   (104):     #00  beffe518  5d9be961  
11-10 13:27:13.247 I/DEBUG   (104):          beffe51c  636f7250  
11-10 13:27:13.247 I/DEBUG   (104):          beffe520  6f737365  
11-10 13:27:13.247 I/DEBUG   (104):          beffe524  203a0972  
11-10 13:27:13.247 I/DEBUG   (104):          beffe528  764d5241  
11-10 13:27:13.247 I/DEBUG   (104):          beffe52c  72502037  
11-10 13:27:13.247 I/DEBUG   (104):          beffe530  7365636f  
11-10 13:27:13.247 I/DEBUG   (104):          beffe534  20726f73  
11-10 13:27:13.247 I/DEBUG   (104):          beffe538  20766572  
11-10 13:27:13.247 I/DEBUG   (104):          beffe53c  76282030  
11-10 13:27:13.247 I/DEBUG   (104):          beffe540  0a296c37  
11-10 13:27:13.247 I/DEBUG   (104):          beffe544  636f7270  
11-10 13:27:13.247 I/DEBUG   (104):          beffe548  6f737365  
11-10 13:27:13.247 I/DEBUG   (104):          beffe54c  203a0972  
11-10 13:27:13.247 I/DEBUG   (104):          beffe550  6f420a30  
11-10 13:27:13.247 I/DEBUG   (104):          beffe554  494d6f67  /dev/ashmem/dalvik-heap (deleted)
11-10 13:27:13.247 I/DEBUG   (104):          ........  ........
11-10 13:27:13.247 I/DEBUG   (104):     #01  befff540  5ef258d8  /data/app-lib/com.newscorp.couriermail-1/librdpdf.so
11-10 13:27:13.247 I/DEBUG   (104):          befff544  00000001  
11-10 13:27:13.247 I/DEBUG   (104):          befff548  5ef08ff0  /data/app-lib/com.newscorp.couriermail-1/librdpdf.so
11-10 13:27:13.247 I/DEBUG   (104):          befff54c  5ee44dbb  /data/app-lib/com.newscorp.couriermail-1/librdpdf.so
11-10 13:27:13.247 I/DEBUG   (104):     #02  befff550  5eda48a1  /data/app-lib/com.newscorp.couriermail-1/librdpdf.so
11-10 13:27:13.247 I/DEBUG   (104):          befff554  5eda48a7  /data/app-lib/com.newscorp.couriermail-1/librdpdf.so
11-10 13:27:13.257 I/DEBUG   (104): 
11-10 13:27:13.257 I/DEBUG   (104): memory near r3:
11-10 13:27:13.257 I/DEBUG   (104):     9eef6d0c ffffffff ffffffff ffffffff ffffffff  
11-10 13:27:13.257 I/DEBUG   (104):     9eef6d1c ffffffff ffffffff ffffffff ffffffff  
11-10 13:27:13.257 I/DEBUG   (104):     9eef6d2c ffffffff ffffffff ffffffff ffffffff  
11-10 13:27:13.257 I/DEBUG   (104):     9eef6d3c ffffffff ffffffff ffffffff ffffffff  
11-10 13:27:13.257 I/DEBUG   (104):     9eef6d4c ffffffff ffffffff ffffffff ffffffff  
11-10 13:27:13.257 I/DEBUG   (104):     9eef6d5c ffffffff ffffffff ffffffff ffffffff  
11-10 13:27:13.257 I/DEBUG   (104):     9eef6d6c ffffffff ffffffff ffffffff ffffffff  
11-10 13:27:13.257 I/DEBUG   (104):     9eef6d7c ffffffff ffffffff ffffffff ffffffff  
11-10 13:27:13.257 I/DEBUG   (104):     9eef6d8c ffffffff ffffffff ffffffff ffffffff  
11-10 13:27:13.257 I/DEBUG   (104):     9eef6d9c ffffffff ffffffff ffffffff ffffffff  
11-10 13:27:13.257 I/DEBUG   (104):     9eef6dac ffffffff ffffffff ffffffff ffffffff  
11-10 13:27:13.257 I/DEBUG   (104):     9eef6dbc ffffffff ffffffff ffffffff ffffffff  
11-10 13:27:13.257 I/DEBUG   (104):     9eef6dcc ffffffff ffffffff ffffffff ffffffff  
11-10 13:27:13.257 I/DEBUG   (104):     9eef6ddc ffffffff ffffffff ffffffff ffffffff  
11-10 13:27:13.257 I/DEBUG   (104):     9eef6dec ffffffff ffffffff ffffffff ffffffff  
11-10 13:27:13.257 I/DEBUG   (104):     9eef6dfc ffffffff ffffffff ffffffff ffffffff  
11-10 13:27:13.257 I/DEBUG   (104): 
11-10 13:27:13.257 I/DEBUG   (104): memory near r5:
11-10 13:27:13.257 I/DEBUG   (104):     5d9be940 41c222e0 400b2050 536e6570 6f534c53  
11-10 13:27:13.257 I/DEBUG   (104):     5d9be950 74656b63 6c706d49 6d49003b 00000013  
11-10 13:27:13.257 I/DEBUG   (104):     5d9be960 5ec60037 400b2030 00000010 00000023  
11-10 13:27:13.257 I/DEBUG   (104):     5d9be970 41c222e0 400b2050 6c43656c 746e6569  
11-10 13:27:13.257 I/DEBUG   (104):     5d9be980 73736553 436e6f69 65686361 00000011  
11-10 13:27:13.257 I/DEBUG   (104):     5d9be990 5d9bea88 5d9be7e8 00000010 00000022  
11-10 13:27:13.257 I/DEBUG   (104):     5d9be9a0 41c222e0 400b2070 682e6568 6f6d7261  
11-10 13:27:13.257 I/DEBUG   (104):     5d9be9b0 782e796e 2e74656e 766f7270 00000023  
11-10 13:27:13.257 I/DEBUG   (104):     5d9be9c0 41c222e0 41c223b8 2f656863 6d726168  
11-10 13:27:13.257 I/DEBUG   (104):     5d9be9d0 2f796e6f 74656e78 6f72702f 00000023  
11-10 13:27:13.257 I/DEBUG   (104):     5d9be9e0 41c222e0 400b2060 682e6568 6f6d7261  
11-10 13:27:13.257 I/DEBUG   (104):     5d9be9f0 782e796e 2e74656e 766f7270 00000023  
11-10 13:27:13.257 I/DEBUG   (104):     5d9bea00 41c222e0 400b20c0 682e6568 6f6d7261  
11-10 13:27:13.257 I/DEBUG   (104):     5d9bea10 782e796e 2e74656e 766f7270 00000053  
11-10 13:27:13.257 I/DEBUG   (104):     5d9bea20 726f4c5b 70612f67 65686361 7261682f  
11-10 13:27:13.257 I/DEBUG   (104):     5d9bea30 796e6f6d 656e782f 72702f74 6469766f  
11-10 13:27:13.257 I/DEBUG   (104): 
11-10 13:27:13.257 I/DEBUG   (104): memory near r6:
11-10 13:27:13.257 I/DEBUG   (104):     400b21d8 01357778 00001000 00001000 00040000  
11-10 13:27:13.257 I/DEBUG   (104):     400b21e8 00200000 00000003 befffb4c befffbf6  
11-10 13:27:13.257 I/DEBUG   (104):     400b21f8 69402ec6 befffafc 00000000 00000000  
11-10 13:27:13.257 I/DEBUG   (104):     400b2208 4001dcc8 00000007 00000008 5ec5e280  
11-10 13:27:13.257 I/DEBUG   (104):     400b2218 00000000 40004000 00000009 0000000a  
11-10 13:27:13.257 I/DEBUG   (104):     400b2228 00000000 00000000 00000000 00000000  
11-10 13:27:13.257 I/DEBUG   (104):     400b2238 00000000 00000000 00000000 00000000  
11-10 13:27:13.257 I/DEBUG   (104):     400b2248 00000000 00000000 00000000 00000000  
11-10 13:27:13.257 I/DEBUG   (104):     400b2258 00000000 00000000 00000000 00000000  
11-10 13:27:13.257 I/DEBUG   (104):     400b2268 00000000 00000000 00000000 00000000  
11-10 13:27:13.257 I/DEBUG   (104):     400b2278 00000000 00000000 00000000 00000000  
11-10 13:27:13.257 I/DEBUG   (104):     400b2288 00000000 00000000 006b497d 00000000  
11-10 13:27:13.257 I/DEBUG   (104):     400b2298 00000000 00000000 00004000 00000000  
11-10 13:27:13.257 I/DEBUG   (104):     400b22a8 00000000 00000000 00004000 00000000  
11-10 13:27:13.257 I/DEBUG   (104):     400b22b8 00000000 00000000 00004000 00000000  
11-10 13:27:13.257 I/DEBUG   (104):     400b22c8 00000000 00000000 00004000 00000000  
11-10 13:27:13.257 I/DEBUG   (104): 
11-10 13:27:13.257 I/DEBUG   (104): memory near r7:
11-10 13:27:13.257 I/DEBUG   (104):     5ec69cb0 0b000106 5c3a1020 00000000 00000003  
11-10 13:27:13.257 I/DEBUG   (104):     5ec69cc0 450219ac 817ad559 d6ab2340 00000021  
11-10 13:27:13.257 I/DEBUG   (104):     5ec69cd0 400b2040 400b2040 7365636f 20726f73  
11-10 13:27:13.257 I/DEBUG   (104):     5ec69ce0 20766572 76282030 00000020 00000022  
11-10 13:27:13.257 I/DEBUG   (104):     5ec69cf0 4204d9b8 400b2040 70707573 2e74726f  
11-10 13:27:13.257 I/DEBUG   (104):     5ec69d00 612e3476 682e7070 00000020 00000043  
11-10 13:27:13.257 I/DEBUG   (104):     5ec69d10 7461642f 70612f61 696c2d70 6f632f62  
11-10 13:27:13.257 I/DEBUG   (104):     5ec69d20 656e2e6d 6f637377 632e7072 6972756f  
11-10 13:27:13.257 I/DEBUG   (104):     5ec69d30 616d7265 312d6c69 62696c2f 64706472  
11-10 13:27:13.257 I/DEBUG   (104):     5ec69d40 6f732e66 746e6500 642f632f 00000033  
11-10 13:27:13.257 I/DEBUG   (104):     5ec69d50 00000000 00000000 420f4d48 5ec4be00  
11-10 13:27:13.257 I/DEBUG   (104):     5ec69d60 00000000 5ec4c460 00000000 00000000  
11-10 13:27:13.257 I/DEBUG   (104):     5ec69d70 6d6f634c 77656e2f 726f6373 00003251  
11-10 13:27:13.257 I/DEBUG   (104):     5ec69d80 6c632f69 746e6569 003b682f 00003241  
11-10 13:27:13.257 I/DEBUG   (104):     5ec69d90 6f732e66 006e0000 0065006e 00000021  
11-10 13:27:13.257 I/DEBUG   (104):     5ec69da0 400b2040 400b2040 70726f63 6970612e  
11-10 13:27:13.257 I/DEBUG   (104): 
11-10 13:27:13.257 I/DEBUG   (104): memory near r9:
11-10 13:27:13.257 I/DEBUG   (104):     befff4fc 000000de 000000c5 00000031 000000fe  
11-10 13:27:13.257 I/DEBUG   (104):     befff50c 00000018 400aefd8 00001000 41c04da0  
11-10 13:27:13.257 I/DEBUG   (104):     befff51c 69402ec6 400b2d94 5ef258ec 5ee44b79  
11-10 13:27:13.257 I/DEBUG   (104):     befff52c 00000000 00000007 00000001 40018890  
11-10 13:27:13.257 I/DEBUG   (104):     befff53c 40047c28 5ef258d8 00000001 5ef08ff0  
11-10 13:27:13.257 I/DEBUG   (104):     befff54c 5ee44dbb 5eda48a1 5eda48a7 00000000  
11-10 13:27:13.257 I/DEBUG   (104):     befff55c 40007e7c 5ef29fac 5ec6d128 4001cfe8  
11-10 13:27:13.257 I/DEBUG   (104):     befff56c 4001d670 40018890 5ec6d004 400194dc  
11-10 13:27:13.257 I/DEBUG   (104):     befff57c 4001d798 4001d670 40018890 40019410  
11-10 13:27:13.257 I/DEBUG   (104):     befff58c 4001d670 421535d8 00000000 5ef0ad20  
11-10 13:27:13.257 I/DEBUG   (104):     befff59c 5ec6d004 4001cfe8 4001d670 40018890  
11-10 13:27:13.257 I/DEBUG   (104):     befff5ac 40019490 4001d0a8 40008224 00000000  
11-10 13:27:13.257 I/DEBUG   (104):     befff5bc 5ec69d10 40c6a1a0 4001d670 00000000  
11-10 13:27:13.257 I/DEBUG   (104):     befff5cc 00000000 5ec6d004 4204d9b8 40c6a1a0  
11-10 13:27:13.257 I/DEBUG   (104):     befff5dc 00000001 00000000 befff654 00000001  
11-10 13:27:13.257 I/DEBUG   (104):     befff5ec 400083a0 00000f7b 5ec69d10 00000001  
11-10 13:27:13.257 I/DEBUG   (104): 
11-10 13:27:13.257 I/DEBUG   (104): memory near fp:
11-10 13:27:13.257 I/DEBUG   (104):     4001d650 4001dd05 00000000 00000000 00000000  
11-10 13:27:13.257 I/DEBUG   (104):     4001d660 00000000 00000000 00000000 4001b004  
11-10 13:27:13.257 I/DEBUG   (104):     4001d670 00000000 7379732f 2f6d6574 2f6e6962  
11-10 13:27:13.257 I/DEBUG   (104):     4001d680 6b6e696c 00007265 00000000 00000000  
11-10 13:27:13.257 I/DEBUG   (104):     4001d690 00000000 00000000 00000000 00000000  
11-10 13:27:13.257 I/DEBUG   (104):     4001d6a0 00000000 00000000 00000000 00000000  
11-10 13:27:13.257 I/DEBUG   (104):     4001d6b0 00000000 00000000 00000000 00000000  
11-10 13:27:13.257 I/DEBUG   (104):     4001d6c0 00000000 00000000 00000000 00000000  
11-10 13:27:13.257 I/DEBUG   (104):     4001d6d0 00000000 00000000 00000000 00000000  
11-10 13:27:13.257 I/DEBUG   (104):     4001d6e0 00000000 00000000 00000000 00000000  
11-10 13:27:13.257 I/DEBUG   (104):     4001d6f0 00000000 00000000 00000000 00000000  
11-10 13:27:13.257 I/DEBUG   (104):     4001d700 40004000 00000000 00000000 4001ced8  
11-10 13:27:13.257 I/DEBUG   (104):     4001d710 00000000 00000000 00000000 00000000  
11-10 13:27:13.257 I/DEBUG   (104):     4001d720 00000000 00000000 00000000 00000000  
11-10 13:27:13.257 I/DEBUG   (104):     4001d730 00000000 00000000 00000000 00000000  
11-10 13:27:13.257 I/DEBUG   (104):     4001d740 00000000 00000000 00000000 00000000  
11-10 13:27:13.257 I/DEBUG   (104): 
11-10 13:27:13.257 I/DEBUG   (104): memory near sp:
11-10 13:27:13.257 I/DEBUG   (104):     beffe4f8 00068698 00000144 00000144 5d9be960  
11-10 13:27:13.257 I/DEBUG   (104):     beffe508 400b21f8 40046970 e3a070ad ef9000ad  
11-10 13:27:13.257 I/DEBUG   (104):     beffe518 5d9be961 636f7250 6f737365 203a0972  
11-10 13:27:13.257 I/DEBUG   (104):     beffe528 764d5241 72502037 7365636f 20726f73  
11-10 13:27:13.257 I/DEBUG   (104):     beffe538 20766572 76282030 0a296c37 636f7270  
11-10 13:27:13.257 I/DEBUG   (104):     beffe548 6f737365 203a0972 6f420a30 494d6f67  
11-10 13:27:13.257 I/DEBUG   (104):     beffe558 3a095350 36393920 0a34312e 6f72700a  
11-10 13:27:13.257 I/DEBUG   (104):     beffe568 73736563 3a09726f 420a3120 4d6f676f  
11-10 13:27:13.257 I/DEBUG   (104):     beffe578 09535049 3939203a 34312e36 65460a0a  
11-10 13:27:13.257 I/DEBUG   (104):     beffe588 72757461 3a097365 70777320 6c616820  
11-10 13:27:13.257 I/DEBUG   (104):     beffe598 68742066 20626d75 74736166 746c756d  
11-10 13:27:13.257 I/DEBUG   (104):     beffe5a8 70667620 73646520 66762070 20337670  
11-10 13:27:13.257 I/DEBUG   (104):     beffe5b8 76706676 36316433 50430a20 6d692055  
11-10 13:27:13.257 I/DEBUG   (104):     beffe5c8 6d656c70 65746e65 203a0972 31347830  
11-10 13:27:13.257 I/DEBUG   (104):     beffe5d8 5550430a 63726120 65746968 72757463  
11-10 13:27:13.257 I/DEBUG   (104):     beffe5e8 37203a65 5550430a 72617620 746e6169  
11-10 13:27:13.257 I/DEBUG   (104): 
11-10 13:27:13.257 I/DEBUG   (104): code around pc:
11-10 13:27:13.257 I/DEBUG   (104):     5ee44c58 44794638 ff3af7ff 46384680 e9c2f750  
11-10 13:27:13.257 I/DEBUG   (104):     5ee44c68 0f00f1b8 4b44d109 1b33eddf edd3447b  
11-10 13:27:13.257 I/DEBUG   (104):     5ee44c78 ef600b02 edc301b1 4b400b02 1b30eddf  
11-10 13:27:13.257 I/DEBUG   (104):     5ee44c88 edd3447b ef600b02 edc301b1 46280b02  
11-10 13:27:13.257 I/DEBUG   (104):     5ee44c98 e9a8f750 46214a3a 447aa801 fed6f7ff  
11-10 13:27:13.257 I/DEBUG   (104):     5ee44ca8 28004604 4937d097 f7ff4479 b360ff0f  
11-10 13:27:13.257 I/DEBUG   (104):     5ee44cb8 eddf4b35 447b1b25 0b02edd3 01b1ef60  
11-10 13:27:13.257 I/DEBUG   (104):     5ee44cc8 0b02edc3 46204931 f7ff4479 b148feff  
11-10 13:27:13.257 I/DEBUG   (104):     5ee44cd8 eddf4b2f 447b1b1f 0b02edd3 01b1ef60  
11-10 13:27:13.257 I/DEBUG   (104):     5ee44ce8 0b02edc3 f7504620 e774e97e ddce2805  
11-10 13:27:13.257 I/DEBUG   (104):     5ee44cf8 4a28e7c3 4621a801 f7ff447a 6128fe59  
11-10 13:27:13.257 I/DEBUG   (104):     5ee44d08 d1832800 612b2301 4923e780 44794620  
11-10 13:27:13.257 I/DEBUG   (104):     5ee44d18 fedcf7ff d0d52800 eddf4b20 447b1b0b  
11-10 13:27:13.257 I/DEBUG   (104):     5ee44d28 0b02edd3 01b1ef60 0b02edc3 f750e7ca  
11-10 13:27:13.257 I/DEBUG   (104):     5ee44d38 bf00e91e 8000f3af 00000001 00000000  
11-10 13:27:13.257 I/DEBUG   (104):     5ee44d48 00000008 00000000 00000002 00000000  
11-10 13:27:13.257 I/DEBUG   (104): 
11-10 13:27:13.257 I/DEBUG   (104): code around lr:
11-10 13:27:13.257 I/DEBUG   (104):     40046950 e8bd8008 000686b8 e92d4008 e59f3010  
11-10 13:27:13.257 I/DEBUG   (104):     40046960 e08f1003 e5912000 e592c004 e12fff3c  
11-10 13:27:13.257 I/DEBUG   (104):     40046970 e8bd8008 00068698 e92d4008 e59f3010  
11-10 13:27:13.257 I/DEBUG   (104):     40046980 e08f2003 e592c000 e59c3008 e12fff33  
11-10 13:27:13.257 I/DEBUG   (104):     40046990 e8bd8008 00068678 e92d4008 e59f3010  
11-10 13:27:13.257 I/DEBUG   (104):     400469a0 e08f2003 e592c000 e59c300c e12fff33  
11-10 13:27:13.257 I/DEBUG   (104):     400469b0 e8bd8008 00068658 e92d4008 e59f3010  
11-10 13:27:13.257 I/DEBUG   (104):     400469c0 e08f2003 e592c000 e59c3010 e12fff33  
11-10 13:27:13.257 I/DEBUG   (104):     400469d0 e8bd8008 00068638 e59f0034 e59f1034  
11-10 13:27:13.267 I/DEBUG   (104):     400469e0 e92d4008 e08f0000 e08f1001 eb000471  
11-10 13:27:13.267 I/DEBUG   (104):     400469f0 e3500000 08bd8008 e59f201c e3a00006  
11-10 13:27:13.267 I/DEBUG   (104):     40046a00 e59f3018 e08f1002 e08f2003 e8bd4008  
11-10 13:27:13.267 I/DEBUG   (104):     40046a10 ea001c81 000699cc fffff700 0005d624  
11-10 13:27:13.267 I/DEBUG   (104):     40046a20 0005d938 e59f0034 e59f1034 e92d4008  
11-10 13:27:13.267 I/DEBUG   (104):     40046a30 e08f0000 e08f1001 eb00045e e3500000  
11-10 13:27:13.267 I/DEBUG   (104):     40046a40 08bd8008 e59f201c e3a00006 e59f3018  
11-10 13:27:13.267 I/DEBUG   (104): 
11-10 13:27:13.267 I/DEBUG   (104): memory map around fault addr 5ee44c78:
11-10 13:27:13.267 I/DEBUG   (104):     5ec7d000-5ed7c000 rw- 
11-10 13:27:13.267 I/DEBUG   (104):     5ed7c000-5ef05000 r-x /data/app-lib/com.newscorp.couriermail-1/librdpdf.so
11-10 13:27:13.267 I/DEBUG   (104):     5ef05000-5ef06000 --- 
11-10 13:27:13.407 I/BootReceiver(753): Copying /data/tombstones/tombstone_08 to DropBox (SYSTEM_TOMBSTONE)
11-10 13:27:13.447 D/Zygote  (106): Process 3963 terminated by signal (4)
11-10 13:27:13.477 D/dalvikvm(753): GC_FOR_ALLOC freed 604K, 18% free 13360K/16184K, paused 60ms, total 60ms
11-10 13:27:13.477 I/ActivityManager(753): Process com.newscorp.couriermail (pid 3963) has died.
11-10 13:27:13.477 W/ActivityManager(753): Force removing ActivityRecord{426d9e98 u0 com.newscorp.couriermail/com.newscorp.app.EditionActivity}: app died, no saved state
11-10 13:27:13.547 D/dalvikvm(753): GC_FOR_ALLOC freed 231K, 17% free 13445K/16184K, paused 63ms, total 65ms
11-10 13:27:13.607 D/dalvikvm(753): GC_FOR_ALLOC freed 599K, 20% free 13039K/16184K, paused 58ms, total 58ms
11-10 13:27:13.607 W/ActivityManager(753): Process com.newscorp.couriermail has crashed too many times: killing!
11-10 13:27:13.827 I/ActivityManager(753): Exiting empty application process com.newscorp.couriermail (null)
11-10 13:27:35.097 W/Sidekick_GmmLocationProviderImpl(2500): Unable to bind to GMM NLP
11-10 13:27:35.097 W/ActivityManager(753): Unable to start service Intent { act=com.google.android.location.internal.GMM_NLP (has extras) } U=0: not found
11-10 13:27:42.647 D/EthernetService(753): interfaceLinkStateChanged for wlan0, up = true
11-10 13:27:42.777 I/GCoreUlr(1035): Successfully inserted location
11-10 13:27:42.777 I/GCoreUlr(1035): Not calling LocationReportingService, hasMoved: false, elapsed millis: 1811393, request: Tablet
11-10 13:27:51.247 I/ActivityManager(753): Start proc com.android.providers.calendar for content provider com.android.providers.calendar/.CalendarProvider2: pid=3996 uid=10005 gids={50005, 3003, 1015, 1028}
11-10 13:27:51.257 D/dalvikvm(106): GC_EXPLICIT freed 39K, 2% free 4266K/4344K, paused 2ms+2ms, total 25ms
11-10 13:27:51.277 D/dalvikvm(106): GC_EXPLICIT freed <1K, 2% free 4266K/4344K, paused 1ms+2ms, total 18ms
11-10 13:27:51.297 D/dalvikvm(106): GC_EXPLICIT freed <1K, 2% free 4266K/4344K, paused 1ms+1ms, total 18ms
11-10 13:27:52.227 D/audio_hw_primary(108): outpcm open: card=0, device=0, rate=44100
11-10 13:27:52.357 I/CalendarProvider2(3996): Sending notification intent: Intent { act=android.intent.action.PROVIDER_CHANGED dat=content://com.android.calendar }
11-10 13:27:52.357 W/ContentResolver(3996): Failed to get type for: content://com.android.calendar (Unknown URL content://com.android.calendar)
11-10 13:27:52.367 I/ActivityManager(753): Start proc com.google.android.calendar for broadcast com.google.android.calendar/com.android.calendar.alerts.AlertReceiver: pid=4013 uid=10027 gids={50027, 3003, 1028}
11-10 13:27:52.367 I/ActivityManager(753): No longer want com.android.musicfx (pid 3519): empty #14
11-10 13:27:52.567 D/AlertReceiver(4013): onReceive: a=android.intent.action.PROVIDER_CHANGED Intent { act=android.intent.action.PROVIDER_CHANGED dat=content://com.android.calendar flg=0x10 cmp=com.google.android.calendar/com.android.calendar.alerts.AlertReceiver }
11-10 13:27:52.577 D/AlertService(4013): 0 Action = android.intent.action.PROVIDER_CHANGED
11-10 13:27:53.587 W/InputMethodManagerService(753): Got RemoteException sending setActive(false) notification to pid 3352 uid 10096
11-10 13:27:55.527 I/ActivityManager(753): START u0 {act=android.intent.action.MAIN cat=[android.intent.category.LAUNCHER] flg=0x10200000 pkg=com.nolanlawson.logcat cmp=com.nolanlawson.logcat/.LogcatActivity bnds=[665,207][761,303]} from pid 1066
11-10 13:27:55.577 V/TabletStatusBar(870): setLightsOn(true)
11-10 13:27:57.577 D/AlertService(4013): Beginning updateAlertNotification
11-10 13:27:57.587 D/AlertService(4013): No fired or scheduled alerts
11-10 13:27:57.597 D/AlertService(4013): Scheduling next alarm with AlarmScheduler. sEventReminderReceived: null
11-10 13:27:57.617 D/AlarmScheduler(4013): No events found starting within 1 week.
11-10 13:27:57.627 I/ActivityManager(753): No longer want android.process.acore (pid 3449): empty #14
11-10 13:27:57.687 D/dalvikvm(3652): GC_CONCURRENT freed 1364K, 29% free 11334K/15912K, paused 3ms+9ms, total 56ms
11-10 13:27:58.097 D/dalvikvm(3652): GC_CONCURRENT freed 519K, 20% free 12769K/15912K, paused 3ms+2ms, total 32ms
11-10 13:27:58.097 D/dalvikvm(3652): WAIT_FOR_CONCURRENT_GC blocked 28ms
11-10 13:27:58.127 D/dalvikvm(3652): GC_FOR_ALLOC freed 4K, 13% free 13967K/15912K, paused 24ms, total 24ms
11-10 13:27:58.157 D/dalvikvm(3652): GC_FOR_ALLOC freed <1K, 13% free 14067K/16016K, paused 25ms, total 25ms
11-10 13:27:58.187 D/dalvikvm(3652): GC_FOR_ALLOC freed <1K, 13% free 14168K/16120K, paused 24ms, total 24ms
11-10 13:27:58.207 D/dalvikvm(3652): GC_FOR_ALLOC freed <1K, 13% free 14268K/16224K, paused 24ms, total 25ms
11-10 13:27:58.637 V/audio_hw_primary(108): do_out_standby+
11-10 13:27:58.637 D/audio_hw_primary(108): do_out_standby++
11-10 13:27:58.637 V/audio_hw_primary(108): do_out_standby-
11-10 13:28:32.047 D/dalvikvm(2500): GC_CONCURRENT freed 408K, 9% free 4943K/5388K, paused 4ms+8ms, total 39ms
11-10 13:28:32.497 W/GAV2    (2500): Thread[Thread-169,5,main]: dispatch call queued.  Need to call GAServiceManager.getInstance().initialize().
11-10 13:28:32.497 I/Velvet.VelvetFactory(2500): refreshing search history.
11-10 13:28:32.667 D/dalvikvm(2500): GC_CONCURRENT freed 346K, 8% free 5005K/5392K, paused 3ms+5ms, total 25ms
11-10 13:28:42.657 D/EthernetService(753): interfaceLinkStateChanged for wlan0, up = true
11-10 13:28:42.737 D/dalvikvm(1035): GC_CONCURRENT freed 729K, 12% free 6387K/7232K, paused 3ms+3ms, total 63ms
11-10 13:28:42.737 D/dalvikvm(1035): WAIT_FOR_CONCURRENT_GC blocked 21ms
11-10 13:28:42.767 W/SystemClock(1035): time going backwards: prev 1982705994003(ioctl) vs now 1982705658003(ioctl), tid=1215
11-10 13:28:42.817 D/dalvikvm(1084): GC_EXPLICIT freed 202K, 9% free 5194K/5660K, paused 2ms+3ms, total 36ms
11-10 13:28:42.847 I/GCoreUlr(1035): Successfully inserted location
11-10 13:28:42.847 I/GCoreUlr(1035): Not calling LocationReportingService, hasMoved: false, elapsed millis: 1871465, request: Tablet
11-10 13:29:13.197 V/        (753): virtual int MPLSensor::enable(int32_t, int)
11-10 13:29:13.197 V/        (753): handle : 4 en: 1
11-10 13:29:13.197 E/        (753): handle : 4 en: 1
11-10 13:29:13.197 V/        (753): sensor state change what=4
11-10 13:29:13.197 V/        (753): void set_power_states(int, bool)
11-10 13:29:13.197 V/        (753):  enabled_sensors: 16 dmp_started: 0
11-10 13:29:13.197 V/        (753): Starting DMP
11-10 13:29:13.197 I/MPL-mldl_cfg_mpu:(753): inv_mpu_resume: Resuming to 0070
11-10 13:29:13.197 V/        (753): virtual int MPLSensor::setDelay(int32_t, int64_t)
11-10 13:29:13.197 E/        (753):  setDelay handle: 4 rate 200
11-10 13:29:13.197 V/        (753): virtual int MPLSensor::update_delay()
11-10 13:29:13.197 V/        (753): set fifo rate: 39 200000000
11-10 13:29:13.197 I/MPL-fifo(753): Actual ODR: 25000 mHz
11-10 13:29:13.197 V/        (753): virtual int MPLSensor::setDelay(int32_t, int64_t)
11-10 13:29:13.197 E/        (753):  setDelay handle: 4 rate 20
11-10 13:29:13.197 V/        (753): virtual int MPLSensor::update_delay()
11-10 13:29:13.197 V/        (753): set fifo rate: 3 20000000
11-10 13:29:13.197 I/MPL-fifo(753): Actual ODR: 50000 mHz
11-10 13:29:16.597 V/        (753): virtual int MPLSensor::enable(int32_t, int)
11-10 13:29:16.597 V/        (753): handle : 4 en: 0
11-10 13:29:16.597 E/        (753): handle : 4 en: 0
11-10 13:29:16.597 V/        (753): sensor state change what=4
11-10 13:29:16.597 V/        (753): void set_power_states(int, bool)
11-10 13:29:16.597 V/        (753):  enabled_sensors: 0 dmp_started: 1
11-10 13:29:16.597 V/        (753): Stopping DMP
11-10 13:29:16.597 I/MPL-mldl_cfg_mpu:(753): inv_mpu_suspend: suspending sensors to 0000
11-10 13:29:16.597 I/MPL-mldl_cfg_mpu:(753): inv_mpu_suspend: Will resume next to 0070
11-10 13:29:16.597 V/        (753): virtual int MPLSensor::update_delay()
11-10 13:29:16.607 V/        (753): virtual int MPLSensor::setDelay(int32_t, int64_t)
11-10 13:29:16.607 E/        (753):  setDelay handle: 4 rate 20
11-10 13:29:16.607 V/        (753): virtual int MPLSensor::update_delay()
11-10 13:29:16.637 D/dalvikvm(1035): GC_FOR_ALLOC freed 319K, 12% free 6386K/7232K, paused 26ms, total 27ms
11-10 13:29:16.667 D/dalvikvm(1035): GC_FOR_ALLOC freed 129K, 13% free 6358K/7232K, paused 24ms, total 24ms
11-10 13:29:31.117 W/Sidekick_GmmLocationProviderImpl(2500): Unable to bind to GMM NLP
11-10 13:29:31.117 W/ActivityManager(753): Unable to start service Intent { act=com.google.android.location.internal.GMM_NLP (has extras) } U=0: not found
11-10 13:29:42.647 D/EthernetService(753): interfaceLinkStateChanged for wlan0, up = true
11-10 13:29:42.777 I/GCoreUlr(1035): Successfully inserted location
11-10 13:29:42.777 I/GCoreUlr(1035): Not calling LocationReportingService, hasMoved: false, elapsed millis: 1931389, request: Tablet
11-10 13:30:03.807 D/dalvikvm(1035): GC_CONCURRENT freed 705K, 12% free 6373K/7232K, paused 2ms+3ms, total 28ms
11-10 13:30:03.807 D/dalvikvm(1035): WAIT_FOR_CONCURRENT_GC blocked 16ms
11-10 13:30:42.667 D/EthernetService(753): interfaceLinkStateChanged for wlan0, up = true
11-10 13:30:42.837 I/GCoreUlr(1035): Successfully inserted location
11-10 13:30:42.837 I/GCoreUlr(1035): Not calling LocationReportingService, hasMoved: false, elapsed millis: 1991448, request: Tablet
11-10 13:30:42.847 D/dalvikvm(1035): GC_CONCURRENT freed 618K, 12% free 6368K/7228K, paused 3ms+3ms, total 35ms
11-10 13:30:42.937 D/dalvikvm(3652): GC_CONCURRENT freed 1591K, 11% free 14626K/16312K, paused 3ms+7ms, total 63ms
11-10 13:31:03.937 W/Sidekick_GmmLocationProviderImpl(2500): Unable to bind to GMM NLP
11-10 13:31:03.937 W/ActivityManager(753): Unable to start service Intent { act=com.google.android.location.internal.GMM_NLP (has extras) } U=0: not found
11-10 13:31:42.677 D/EthernetService(753): interfaceLinkStateChanged for wlan0, up = true
11-10 13:31:42.797 I/GCoreUlr(1035): Successfully inserted location
11-10 13:31:42.797 I/GCoreUlr(1035): Not calling LocationReportingService, hasMoved: false, elapsed millis: 2051412, request: Tablet
11-10 13:32:04.027 W/Sidekick_GmmLocationProviderImpl(2500): Unable to bind to GMM NLP
11-10 13:32:04.027 W/ActivityManager(753): Unable to start service Intent { act=com.google.android.location.internal.GMM_NLP (has extras) } U=0: not found
11-10 13:32:11.987 V/        (753): virtual int MPLSensor::enable(int32_t, int)
11-10 13:32:11.987 V/        (753): handle : 4 en: 1
11-10 13:32:11.987 E/        (753): handle : 4 en: 1
11-10 13:32:11.987 V/        (753): sensor state change what=4
11-10 13:32:11.987 V/        (753): void set_power_states(int, bool)
11-10 13:32:11.987 V/        (753):  enabled_sensors: 16 dmp_started: 0
11-10 13:32:11.987 V/        (753): Starting DMP
11-10 13:32:11.987 I/MPL-mldl_cfg_mpu:(753): inv_mpu_resume: Resuming to 0070
11-10 13:32:11.987 V/        (753): virtual int MPLSensor::setDelay(int32_t, int64_t)
11-10 13:32:11.987 E/        (753):  setDelay handle: 4 rate 200
11-10 13:32:11.987 V/        (753): virtual int MPLSensor::update_delay()
11-10 13:32:11.987 V/        (753): set fifo rate: 39 200000000
11-10 13:32:11.987 I/MPL-fifo(753): Actual ODR: 25000 mHz
11-10 13:32:11.987 V/        (753): virtual int MPLSensor::setDelay(int32_t, int64_t)
11-10 13:32:11.987 E/        (753):  setDelay handle: 4 rate 20
11-10 13:32:11.987 V/        (753): virtual int MPLSensor::update_delay()
11-10 13:32:11.987 V/        (753): set fifo rate: 3 20000000
11-10 13:32:11.987 I/MPL-fifo(753): Actual ODR: 50000 mHz
11-10 13:32:15.387 V/        (753): virtual int MPLSensor::enable(int32_t, int)
11-10 13:32:15.387 V/        (753): handle : 4 en: 0
11-10 13:32:15.387 E/        (753): handle : 4 en: 0
11-10 13:32:15.387 V/        (753): sensor state change what=4
11-10 13:32:15.387 V/        (753): void set_power_states(int, bool)
11-10 13:32:15.387 V/        (753):  enabled_sensors: 0 dmp_started: 1
11-10 13:32:15.387 V/        (753): Stopping DMP
11-10 13:32:15.387 I/MPL-mldl_cfg_mpu:(753): inv_mpu_suspend: suspending sensors to 0000
11-10 13:32:15.397 I/MPL-mldl_cfg_mpu:(753): inv_mpu_suspend: Will resume next to 0070
11-10 13:32:15.397 V/        (753): virtual int MPLSensor::update_delay()
11-10 13:32:15.397 V/        (753): virtual int MPLSensor::setDelay(int32_t, int64_t)
11-10 13:32:15.397 E/        (753):  setDelay handle: 4 rate 20
11-10 13:32:15.397 V/        (753): virtual int MPLSensor::update_delay()
11-10 13:32:15.477 D/dalvikvm(1035): GC_FOR_ALLOC freed 525K, 12% free 6403K/7228K, paused 73ms, total 74ms
11-10 13:32:15.507 D/dalvikvm(1035): GC_FOR_ALLOC freed 153K, 12% free 6376K/7240K, paused 26ms, total 27ms
11-10 13:32:15.517 I/GCoreUlr(1035): Received powerMode change from NLP: com.google.android.location.activity.LOW_POWER_MODE_ENABLED
11-10 13:32:15.517 I/GCoreUlr(1035): Starting service, intent=Intent { act=com.google.android.location.reporting.ACTION_UPDATE_ACTIVE_STATE cmp=com.google.android.gms/com.google.android.location.reporting.service.DispatchingService }, extras=null
11-10 13:32:15.577 I/GCoreUlr(1035): Ensuring that reporting is active for [account#-13#]
11-10 13:32:15.577 I/GCoreUlr(1035): Starting service, intent=Intent { act=com.google.android.location.reporting.ACTION_LOCATION_STATUS cmp=com.google.android.gms/com.google.android.location.reporting.service.DispatchingService (has extras) }, extras=Bundle[{status=LocationStatus[cell status: STATUS_UNKNOWN, wifi status: STATUS_UNKNOWN, elapsed realtime ns: 0]}]
11-10 13:32:15.657 I/GCoreUlr(1035): GMS FLP location and AR updates requested: {"timestampMs":1415588535560,"description":"stationary","samplePeriodMs":1080000,"sampleSource":"internal","sampleReason":"stationary"}
11-10 13:32:15.757 D/dalvikvm(753): GC_EXPLICIT freed 2021K, 21% free 12912K/16184K, paused 3ms+8ms, total 81ms
11-10 13:32:42.697 D/EthernetService(753): interfaceLinkStateChanged for wlan0, up = true
11-10 13:32:42.817 D/dalvikvm(1035): GC_CONCURRENT freed 569K, 12% free 6414K/7240K, paused 3ms+3ms, total 35ms
11-10 13:32:42.877 I/GCoreUlr(1035): Successfully inserted location
11-10 13:32:42.877 I/GCoreUlr(1035): Not calling LocationReportingService, hasMoved: false, elapsed millis: 2111493, request: Tablet
11-10 13:33:04.077 W/Sidekick_GmmLocationProviderImpl(2500): Unable to bind to GMM NLP
11-10 13:33:04.077 W/ActivityManager(753): Unable to start service Intent { act=com.google.android.location.internal.GMM_NLP (has extras) } U=0: not found
11-10 13:34:04.137 W/Sidekick_GmmLocationProviderImpl(2500): Unable to bind to GMM NLP
11-10 13:34:04.137 W/ActivityManager(753): Unable to start service Intent { act=com.google.android.location.internal.GMM_NLP (has extras) } U=0: not found
11-10 13:34:49.537 D/EthernetService(753): interfaceLinkStateChanged for wlan0, up = true
11-10 13:34:49.647 D/dalvikvm(2500): GC_CONCURRENT freed 401K, 9% free 5029K/5472K, paused 4ms+3ms, total 31ms
11-10 13:35:13.637 V/        (753): virtual int MPLSensor::enable(int32_t, int)
11-10 13:35:13.637 V/        (753): handle : 4 en: 1
11-10 13:35:13.637 E/        (753): handle : 4 en: 1
11-10 13:35:13.637 V/        (753): sensor state change what=4
11-10 13:35:13.637 V/        (753): void set_power_states(int, bool)
11-10 13:35:13.637 V/        (753):  enabled_sensors: 16 dmp_started: 0
11-10 13:35:13.637 V/        (753): Starting DMP
11-10 13:35:13.637 I/MPL-mldl_cfg_mpu:(753): inv_mpu_resume: Resuming to 0070
11-10 13:35:13.637 V/        (753): virtual int MPLSensor::setDelay(int32_t, int64_t)
