11-10 12:57:39.740 V/        (753): virtual int MPLSensor::update_delay()
11-10 12:57:39.780 D/dalvikvm(1035): GC_CONCURRENT freed 601K, 11% free 6343K/7124K, paused 2ms+3ms, total 25ms
11-10 12:57:39.780 D/dalvikvm(1035): WAIT_FOR_CONCURRENT_GC blocked 20ms
11-10 12:58:02.248 I/wpa_supplicant(846): rfkill: WLAN unblocked
11-10 12:58:02.248 I/wpa_supplicant(846): rfkill: WLAN unblocked
11-10 12:58:28.780 I/wpa_supplicant(846): rfkill: WLAN unblocked
11-10 12:58:28.780 I/wpa_supplicant(846): rfkill: WLAN unblocked
11-10 12:58:30.110 I/wpa_supplicant(846): rfkill: WLAN unblocked
11-10 12:58:30.110 I/wpa_supplicant(846): rfkill: WLAN unblocked
11-10 12:58:32.040 D/EthernetService(753): interfaceLinkStateChanged for wlan0, up = true
11-10 12:58:32.060 I/dalvikvm(1035): Jit: resizing JitTable from 4096 to 8192
11-10 12:58:32.150 I/GCoreUlr(1035): Successfully inserted location
11-10 12:58:32.160 I/GCoreUlr(1035): Not calling LocationReportingService, hasMoved: false, elapsed millis: 60765, request: Tablet
11-10 12:58:53.764 I/wpa_supplicant(846): rfkill: WLAN unblocked
11-10 12:58:53.764 I/wpa_supplicant(846): rfkill: WLAN unblocked
11-10 12:58:53.774 W/Sidekick_GmmLocationProviderImpl(2500): Unable to bind to GMM NLP
11-10 12:58:53.774 W/ActivityManager(753): Unable to start service Intent { act=com.google.android.location.internal.GMM_NLP (has extras) } U=0: not found
11-10 12:59:31.647 I/wpa_supplicant(846): rfkill: WLAN unblocked
11-10 12:59:31.647 I/wpa_supplicant(846): rfkill: WLAN unblocked
11-10 12:59:32.427 D/EthernetService(753): interfaceLinkStateChanged for wlan0, up = true
11-10 12:59:32.487 D/dalvikvm(1035): GC_CONCURRENT freed 700K, 12% free 6354K/7156K, paused 3ms+3ms, total 32ms
11-10 12:59:32.567 D/dalvikvm(753): GC_EXPLICIT freed 1081K, 15% free 11960K/14004K, paused 2ms+5ms, total 68ms
11-10 12:59:32.637 I/GCoreUlr(1035): Successfully inserted location
11-10 12:59:32.637 I/GCoreUlr(1035): Not calling LocationReportingService, hasMoved: false, elapsed millis: 121251, request: Tablet
11-10 13:00:31.647 I/wpa_supplicant(846): rfkill: WLAN unblocked
11-10 13:00:31.647 I/wpa_supplicant(846): rfkill: WLAN unblocked
11-10 13:00:31.697 V/        (753): virtual int MPLSensor::enable(int32_t, int)
11-10 13:00:31.697 V/        (753): handle : 4 en: 1
11-10 13:00:31.697 E/        (753): handle : 4 en: 1
11-10 13:00:31.697 V/        (753): sensor state change what=4
11-10 13:00:31.697 V/        (753): void set_power_states(int, bool)
11-10 13:00:31.697 V/        (753):  enabled_sensors: 16 dmp_started: 0
11-10 13:00:31.697 V/        (753): Starting DMP
11-10 13:00:31.697 I/MPL-mldl_cfg_mpu:(753): inv_mpu_resume: Resuming to 0070
11-10 13:00:31.697 V/        (753): virtual int MPLSensor::setDelay(int32_t, int64_t)
11-10 13:00:31.697 E/        (753):  setDelay handle: 4 rate 200
11-10 13:00:31.697 V/        (753): virtual int MPLSensor::update_delay()
11-10 13:00:31.697 V/        (753): set fifo rate: 39 200000000
11-10 13:00:31.697 I/MPL-fifo(753): Actual ODR: 25000 mHz
11-10 13:00:31.697 V/        (753): virtual int MPLSensor::setDelay(int32_t, int64_t)
11-10 13:00:31.697 E/        (753):  setDelay handle: 4 rate 20
11-10 13:00:31.697 V/        (753): virtual int MPLSensor::update_delay()
11-10 13:00:31.697 V/        (753): set fifo rate: 3 20000000
11-10 13:00:31.697 I/MPL-fifo(753): Actual ODR: 50000 mHz
11-10 13:00:32.457 D/EthernetService(753): interfaceLinkStateChanged for wlan0, up = true
11-10 13:00:32.557 D/dalvikvm(1035): GC_CONCURRENT freed 712K, 12% free 6330K/7156K, paused 2ms+3ms, total 50ms
11-10 13:00:32.577 I/GCoreUlr(1035): Successfully inserted location
11-10 13:00:32.577 I/GCoreUlr(1035): Not calling LocationReportingService, hasMoved: false, elapsed millis: 181197, request: Tablet
11-10 13:00:35.087 V/        (753): virtual int MPLSensor::enable(int32_t, int)
11-10 13:00:35.087 V/        (753): handle : 4 en: 0
11-10 13:00:35.087 E/        (753): handle : 4 en: 0
11-10 13:00:35.087 V/        (753): sensor state change what=4
11-10 13:00:35.087 V/        (753): void set_power_states(int, bool)
11-10 13:00:35.087 V/        (753):  enabled_sensors: 0 dmp_started: 1
11-10 13:00:35.087 V/        (753): Stopping DMP
11-10 13:00:35.087 I/MPL-mldl_cfg_mpu:(753): inv_mpu_suspend: suspending sensors to 0000
11-10 13:00:35.087 I/MPL-mldl_cfg_mpu:(753): inv_mpu_suspend: Will resume next to 0070
11-10 13:00:35.087 V/        (753): virtual int MPLSensor::update_delay()
11-10 13:00:35.087 V/        (753): virtual int MPLSensor::setDelay(int32_t, int64_t)
11-10 13:00:35.087 E/        (753):  setDelay handle: 4 rate 20
11-10 13:00:35.087 V/        (753): virtual int MPLSensor::update_delay()
11-10 13:00:35.127 D/dalvikvm(1035): GC_FOR_ALLOC freed 228K, 12% free 6322K/7156K, paused 21ms, total 22ms
11-10 13:00:41.438 I/wpa_supplicant(846): rfkill: WLAN unblocked
11-10 13:00:41.438 I/wpa_supplicant(846): rfkill: WLAN unblocked
11-10 13:00:54.077 I/wpa_supplicant(846): rfkill: WLAN unblocked
11-10 13:00:54.077 I/wpa_supplicant(846): rfkill: WLAN unblocked
11-10 13:01:06.715 I/wpa_supplicant(846): rfkill: WLAN unblocked
11-10 13:01:06.715 I/wpa_supplicant(846): rfkill: WLAN unblocked
11-10 13:01:31.637 I/wpa_supplicant(846): rfkill: WLAN unblocked
11-10 13:01:31.637 I/wpa_supplicant(846): rfkill: WLAN unblocked
11-10 13:01:32.497 D/EthernetService(753): interfaceLinkStateChanged for wlan0, up = true
11-10 13:01:32.597 I/GCoreUlr(1035): Successfully inserted location
11-10 13:01:32.607 I/GCoreUlr(1035): Not calling LocationReportingService, hasMoved: false, elapsed millis: 241218, request: Tablet
11-10 13:01:33.127 D/dalvikvm(1035): GC_CONCURRENT freed 693K, 12% free 6337K/7156K, paused 3ms+3ms, total 53ms
11-10 13:01:33.127 D/dalvikvm(1035): WAIT_FOR_CONCURRENT_GC blocked 8ms
11-10 13:01:38.637 I/wpa_supplicant(846): rfkill: WLAN unblocked
11-10 13:01:38.637 I/wpa_supplicant(846): rfkill: WLAN unblocked
11-10 13:01:57.798 I/wpa_supplicant(846): rfkill: WLAN unblocked
11-10 13:01:57.798 I/wpa_supplicant(846): rfkill: WLAN unblocked
11-10 13:01:57.828 I/wpa_supplicant(846): wlan0: WPA: Group rekeying completed with c4:0a:cb:24:a3:41 [GTK=CCMP]
11-10 13:01:57.828 I/wpa_supplicant(846): wlan0: WPA: Group rekeying completed with c4:0a:cb:24:a3:41 [GTK=CCMP]
11-10 13:02:31.647 I/wpa_supplicant(846): rfkill: WLAN unblocked
11-10 13:02:31.647 I/wpa_supplicant(846): rfkill: WLAN unblocked
11-10 13:02:32.487 D/EthernetService(753): interfaceLinkStateChanged for wlan0, up = true
11-10 13:02:32.587 I/GCoreUlr(1035): Successfully inserted location
11-10 13:02:32.587 I/GCoreUlr(1035): Not calling LocationReportingService, hasMoved: false, elapsed millis: 301200, request: Tablet
11-10 13:02:34.797 I/wpa_supplicant(846): rfkill: WLAN unblocked
11-10 13:02:34.797 I/wpa_supplicant(846): rfkill: WLAN unblocked
11-10 13:02:37.917 I/wpa_supplicant(846): rfkill: WLAN unblocked
11-10 13:02:37.917 I/wpa_supplicant(846): rfkill: WLAN unblocked
11-10 13:03:30.637 I/wpa_supplicant(846): rfkill: WLAN unblocked
11-10 13:03:30.637 I/wpa_supplicant(846): rfkill: WLAN unblocked
11-10 13:03:30.667 V/        (753): virtual int MPLSensor::enable(int32_t, int)
11-10 13:03:30.667 V/        (753): handle : 4 en: 1
11-10 13:03:30.667 E/        (753): handle : 4 en: 1
11-10 13:03:30.667 V/        (753): sensor state change what=4
11-10 13:03:30.667 V/        (753): void set_power_states(int, bool)
11-10 13:03:30.667 V/        (753):  enabled_sensors: 16 dmp_started: 0
11-10 13:03:30.667 V/        (753): Starting DMP
11-10 13:03:30.667 I/MPL-mldl_cfg_mpu:(753): inv_mpu_resume: Resuming to 0070
11-10 13:03:30.667 V/        (753): virtual int MPLSensor::setDelay(int32_t, int64_t)
11-10 13:03:30.667 E/        (753):  setDelay handle: 4 rate 200
11-10 13:03:30.667 V/        (753): virtual int MPLSensor::update_delay()
11-10 13:03:30.667 V/        (753): set fifo rate: 39 200000000
11-10 13:03:30.667 I/MPL-fifo(753): Actual ODR: 25000 mHz
11-10 13:03:30.667 V/        (753): virtual int MPLSensor::setDelay(int32_t, int64_t)
11-10 13:03:30.667 E/        (753):  setDelay handle: 4 rate 20
11-10 13:03:30.667 V/        (753): virtual int MPLSensor::update_delay()
11-10 13:03:30.667 V/        (753): set fifo rate: 3 20000000
11-10 13:03:30.667 I/MPL-fifo(753): Actual ODR: 50000 mHz
11-10 13:03:32.497 D/EthernetService(753): interfaceLinkStateChanged for wlan0, up = true
11-10 13:03:32.547 D/dalvikvm(1035): GC_CONCURRENT freed 599K, 11% free 6367K/7152K, paused 3ms+4ms, total 32ms
11-10 13:03:32.627 I/GCoreUlr(1035): Successfully inserted location
11-10 13:03:32.627 I/GCoreUlr(1035): Not calling LocationReportingService, hasMoved: false, elapsed millis: 361243, request: Tablet
11-10 13:03:34.067 V/        (753): virtual int MPLSensor::enable(int32_t, int)
11-10 13:03:34.067 V/        (753): handle : 4 en: 0
11-10 13:03:34.067 E/        (753): handle : 4 en: 0
11-10 13:03:34.067 V/        (753): sensor state change what=4
11-10 13:03:34.067 V/        (753): void set_power_states(int, bool)
11-10 13:03:34.067 V/        (753):  enabled_sensors: 0 dmp_started: 1
11-10 13:03:34.067 V/        (753): Stopping DMP
11-10 13:03:34.067 I/MPL-mldl_cfg_mpu:(753): inv_mpu_suspend: suspending sensors to 0000
11-10 13:03:34.067 I/MPL-mldl_cfg_mpu:(753): inv_mpu_suspend: Will resume next to 0070
11-10 13:03:34.067 V/        (753): virtual int MPLSensor::update_delay()
11-10 13:03:34.067 V/        (753): virtual int MPLSensor::setDelay(int32_t, int64_t)
11-10 13:03:34.067 E/        (753):  setDelay handle: 4 rate 20
11-10 13:03:34.067 V/        (753): virtual int MPLSensor::update_delay()
11-10 13:03:34.107 D/dalvikvm(1035): GC_FOR_ALLOC freed 609K, 12% free 6347K/7192K, paused 23ms, total 23ms
11-10 13:03:54.698 I/wpa_supplicant(846): rfkill: WLAN unblocked
11-10 13:03:54.698 I/wpa_supplicant(846): rfkill: WLAN unblocked
11-10 13:04:16.101 I/wpa_supplicant(846): rfkill: WLAN unblocked
11-10 13:04:16.101 I/wpa_supplicant(846): rfkill: WLAN unblocked
11-10 13:04:31.647 I/wpa_supplicant(846): rfkill: WLAN unblocked
11-10 13:04:31.647 I/wpa_supplicant(846): rfkill: WLAN unblocked
11-10 13:04:32.537 D/EthernetService(753): interfaceLinkStateChanged for wlan0, up = true
11-10 13:04:32.627 I/GCoreUlr(1035): Successfully inserted location
11-10 13:04:32.627 I/GCoreUlr(1035): Not calling LocationReportingService, hasMoved: false, elapsed millis: 421241, request: Tablet
11-10 13:04:37.320 I/wpa_supplicant(846): rfkill: WLAN unblocked
11-10 13:04:37.320 I/wpa_supplicant(846): rfkill: WLAN unblocked
11-10 13:04:58.728 I/wpa_supplicant(846): rfkill: WLAN unblocked
11-10 13:04:58.728 I/wpa_supplicant(846): rfkill: WLAN unblocked
11-10 13:05:01.178 I/wpa_supplicant(846): rfkill: WLAN unblocked
11-10 13:05:01.178 I/wpa_supplicant(846): rfkill: WLAN unblocked
11-10 13:05:20.122 I/wpa_supplicant(846): rfkill: WLAN unblocked
11-10 13:05:20.122 I/wpa_supplicant(846): rfkill: WLAN unblocked
11-10 13:05:20.142 W/Sidekick_GmmLocationProviderImpl(2500): Unable to bind to GMM NLP
11-10 13:05:20.142 W/ActivityManager(753): Unable to start service Intent { act=com.google.android.location.internal.GMM_NLP (has extras) } U=0: not found
11-10 13:05:31.637 I/wpa_supplicant(846): rfkill: WLAN unblocked
11-10 13:05:31.637 I/wpa_supplicant(846): rfkill: WLAN unblocked
11-10 13:05:32.517 D/EthernetService(753): interfaceLinkStateChanged for wlan0, up = true
11-10 13:05:32.567 D/dalvikvm(1035): GC_CONCURRENT freed 638K, 12% free 6373K/7192K, paused 3ms+3ms, total 40ms
11-10 13:05:32.627 I/GCoreUlr(1035): Successfully inserted location
11-10 13:05:32.627 I/GCoreUlr(1035): Not calling LocationReportingService, hasMoved: false, elapsed millis: 481241, request: Tablet
11-10 13:05:34.847 I/wpa_supplicant(846): rfkill: WLAN unblocked
11-10 13:05:34.847 I/wpa_supplicant(846): rfkill: WLAN unblocked
11-10 13:05:37.927 I/wpa_supplicant(846): rfkill: WLAN unblocked
11-10 13:05:37.927 I/wpa_supplicant(846): rfkill: WLAN unblocked
11-10 13:05:41.326 I/wpa_supplicant(846): rfkill: WLAN unblocked
11-10 13:05:41.326 I/wpa_supplicant(846): rfkill: WLAN unblocked
11-10 13:06:02.739 I/wpa_supplicant(846): rfkill: WLAN unblocked
11-10 13:06:02.739 I/wpa_supplicant(846): rfkill: WLAN unblocked
11-10 13:06:18.637 I/wpa_supplicant(846): rfkill: WLAN unblocked
11-10 13:06:18.637 I/wpa_supplicant(846): rfkill: WLAN unblocked
11-10 13:06:19.487 D/EthernetService(753): interfaceLinkStateChanged for wlan0, up = true
11-10 13:06:21.817 I/wpa_supplicant(846): rfkill: WLAN unblocked
11-10 13:06:21.817 I/wpa_supplicant(846): rfkill: WLAN unblocked
11-10 13:06:29.637 I/wpa_supplicant(846): rfkill: WLAN unblocked
11-10 13:06:29.637 I/wpa_supplicant(846): rfkill: WLAN unblocked
11-10 13:06:29.667 V/        (753): virtual int MPLSensor::enable(int32_t, int)
11-10 13:06:29.667 V/        (753): handle : 4 en: 1
11-10 13:06:29.667 E/        (753): handle : 4 en: 1
11-10 13:06:29.667 V/        (753): sensor state change what=4
11-10 13:06:29.667 V/        (753): void set_power_states(int, bool)
11-10 13:06:29.667 V/        (753):  enabled_sensors: 16 dmp_started: 0
11-10 13:06:29.667 V/        (753): Starting DMP
11-10 13:06:29.667 I/MPL-mldl_cfg_mpu:(753): inv_mpu_resume: Resuming to 0070
11-10 13:06:29.667 V/        (753): virtual int MPLSensor::setDelay(int32_t, int64_t)
11-10 13:06:29.667 E/        (753):  setDelay handle: 4 rate 200
11-10 13:06:29.667 V/        (753): virtual int MPLSensor::update_delay()
11-10 13:06:29.667 V/        (753): set fifo rate: 39 200000000
11-10 13:06:29.667 I/MPL-fifo(753): Actual ODR: 25000 mHz
11-10 13:06:29.667 V/        (753): virtual int MPLSensor::setDelay(int32_t, int64_t)
11-10 13:06:29.667 E/        (753):  setDelay handle: 4 rate 20
11-10 13:06:29.667 V/        (753): virtual int MPLSensor::update_delay()
11-10 13:06:29.667 V/        (753): set fifo rate: 3 20000000
11-10 13:06:29.667 I/MPL-fifo(753): Actual ODR: 50000 mHz
11-10 13:06:31.797 D/dalvikvm(1035): GC_CONCURRENT freed 652K, 9% free 6535K/7152K, paused 2ms+3ms, total 40ms
11-10 13:06:31.847 I/GCoreUlr(1035): Successfully inserted location
11-10 13:06:31.847 I/GCoreUlr(1035): Not calling LocationReportingService, hasMoved: false, elapsed millis: 540467, request: Tablet
11-10 13:06:33.067 V/        (753): virtual int MPLSensor::enable(int32_t, int)
11-10 13:06:33.067 V/        (753): handle : 4 en: 0
11-10 13:06:33.067 E/        (753): handle : 4 en: 0
11-10 13:06:33.067 V/        (753): sensor state change what=4
11-10 13:06:33.067 V/        (753): void set_power_states(int, bool)
11-10 13:06:33.067 V/        (753):  enabled_sensors: 0 dmp_started: 1
11-10 13:06:33.067 V/        (753): Stopping DMP
11-10 13:06:33.067 I/MPL-mldl_cfg_mpu:(753): inv_mpu_suspend: suspending sensors to 0000
11-10 13:06:33.067 I/MPL-mldl_cfg_mpu:(753): inv_mpu_suspend: Will resume next to 0070
11-10 13:06:33.067 V/        (753): virtual int MPLSensor::update_delay()
11-10 13:06:33.067 V/        (753): virtual int MPLSensor::setDelay(int32_t, int64_t)
11-10 13:06:33.067 E/        (753):  setDelay handle: 4 rate 20
11-10 13:06:33.067 V/        (753): virtual int MPLSensor::update_delay()
11-10 13:06:33.087 I/GCoreUlr(1035): Received powerMode change from NLP: com.google.android.location.activity.LOW_POWER_MODE_ENABLED
11-10 13:06:33.087 I/GCoreUlr(1035): Starting service, intent=Intent { act=com.google.android.location.reporting.ACTION_UPDATE_ACTIVE_STATE cmp=com.google.android.gms/com.google.android.location.reporting.service.DispatchingService }, extras=null
11-10 13:06:33.127 I/GCoreUlr(1035): Ensuring that reporting is active for [account#-13#]
11-10 13:06:33.147 D/dalvikvm(1084): GC_EXPLICIT freed 164K, 9% free 5178K/5648K, paused 2ms+3ms, total 23ms
11-10 13:06:33.157 I/GCoreUlr(1035): Starting service, intent=Intent { act=com.google.android.location.reporting.ACTION_LOCATION_STATUS cmp=com.google.android.gms/com.google.android.location.reporting.service.DispatchingService (has extras) }, extras=Bundle[{status=LocationStatus[cell status: STATUS_UNKNOWN, wifi status: STATUS_UNKNOWN, elapsed realtime ns: 0]}]
11-10 13:06:33.227 D/dalvikvm(753): GC_EXPLICIT freed 1238K, 15% free 11981K/14004K, paused 2ms+6ms, total 68ms
11-10 13:06:33.257 I/GCoreUlr(1035): GMS FLP location and AR updates requested: {"timestampMs":1415586993123,"description":"stationary","samplePeriodMs":1080000,"sampleSource":"internal","sampleReason":"stationary"}
11-10 13:06:44.218 I/wpa_supplicant(846): rfkill: WLAN unblocked
11-10 13:06:44.218 I/wpa_supplicant(846): rfkill: WLAN unblocked
11-10 13:07:05.621 I/wpa_supplicant(846): rfkill: WLAN unblocked
11-10 13:07:05.621 I/wpa_supplicant(846): rfkill: WLAN unblocked
11-10 13:07:26.865 I/wpa_supplicant(846): rfkill: WLAN unblocked
11-10 13:07:26.865 I/wpa_supplicant(846): rfkill: WLAN unblocked
11-10 13:07:31.637 I/wpa_supplicant(846): rfkill: WLAN unblocked
11-10 13:07:31.637 I/wpa_supplicant(846): rfkill: WLAN unblocked
11-10 13:07:32.537 D/EthernetService(753): interfaceLinkStateChanged for wlan0, up = true
11-10 13:07:32.587 D/dalvikvm(1035): GC_CONCURRENT freed 807K, 13% free 6439K/7352K, paused 2ms+4ms, total 33ms
11-10 13:07:32.677 I/GCoreUlr(1035): Successfully inserted location
11-10 13:07:32.677 I/GCoreUlr(1035): Not calling LocationReportingService, hasMoved: false, elapsed millis: 601296, request: Tablet
11-10 13:07:34.937 I/wpa_supplicant(846): rfkill: WLAN unblocked
11-10 13:07:34.937 I/wpa_supplicant(846): rfkill: WLAN unblocked
11-10 13:07:36.797 I/wpa_supplicant(846): rfkill: WLAN unblocked
11-10 13:07:36.797 I/wpa_supplicant(846): rfkill: WLAN unblocked
11-10 13:07:48.259 I/wpa_supplicant(846): rfkill: WLAN unblocked
11-10 13:07:48.259 I/wpa_supplicant(846): rfkill: WLAN unblocked
11-10 13:08:09.672 I/wpa_supplicant(846): rfkill: WLAN unblocked
11-10 13:08:09.672 I/wpa_supplicant(846): rfkill: WLAN unblocked
11-10 13:08:31.085 I/wpa_supplicant(846): rfkill: WLAN unblocked
11-10 13:08:31.085 I/wpa_supplicant(846): rfkill: WLAN unblocked
11-10 13:08:52.498 I/wpa_supplicant(846): rfkill: WLAN unblocked
11-10 13:08:52.498 I/wpa_supplicant(846): rfkill: WLAN unblocked
11-10 13:09:13.703 I/wpa_supplicant(846): rfkill: WLAN unblocked
11-10 13:09:13.703 I/wpa_supplicant(846): rfkill: WLAN unblocked
11-10 13:09:31.647 I/wpa_supplicant(846): rfkill: WLAN unblocked
11-10 13:09:31.647 I/wpa_supplicant(846): rfkill: WLAN unblocked
11-10 13:09:31.657 V/        (753): virtual int MPLSensor::enable(int32_t, int)
11-10 13:09:31.657 V/        (753): handle : 4 en: 1
11-10 13:09:31.657 E/        (753): handle : 4 en: 1
11-10 13:09:31.657 V/        (753): sensor state change what=4
11-10 13:09:31.657 V/        (753): void set_power_states(int, bool)
11-10 13:09:31.657 V/        (753):  enabled_sensors: 16 dmp_started: 0
11-10 13:09:31.657 V/        (753): Starting DMP
11-10 13:09:31.667 I/MPL-mldl_cfg_mpu:(753): inv_mpu_resume: Resuming to 0070
11-10 13:09:31.667 V/        (753): virtual int MPLSensor::setDelay(int32_t, int64_t)
11-10 13:09:31.667 E/        (753):  setDelay handle: 4 rate 200
11-10 13:09:31.667 V/        (753): virtual int MPLSensor::update_delay()
11-10 13:09:31.667 V/        (753): set fifo rate: 39 200000000
11-10 13:09:31.667 I/MPL-fifo(753): Actual ODR: 25000 mHz
11-10 13:09:31.667 V/        (753): virtual int MPLSensor::setDelay(int32_t, int64_t)
11-10 13:09:31.667 E/        (753):  setDelay handle: 4 rate 20
11-10 13:09:31.667 V/        (753): virtual int MPLSensor::update_delay()
11-10 13:09:31.667 V/        (753): set fifo rate: 3 20000000
11-10 13:09:31.667 I/MPL-fifo(753): Actual ODR: 50000 mHz
11-10 13:09:32.147 V/        (753): virtual int MPLSensor::enable(int32_t, int)
11-10 13:09:32.147 V/        (753): handle : 4 en: 0
11-10 13:09:32.147 E/        (753): handle : 4 en: 0
11-10 13:09:32.147 V/        (753): sensor state change what=4
11-10 13:09:32.147 V/        (753): void set_power_states(int, bool)
11-10 13:09:32.147 V/        (753):  enabled_sensors: 0 dmp_started: 1
11-10 13:09:32.147 V/        (753): Stopping DMP
11-10 13:09:32.147 I/MPL-mldl_cfg_mpu:(753): inv_mpu_suspend: suspending sensors to 0000
11-10 13:09:32.157 I/MPL-mldl_cfg_mpu:(753): inv_mpu_suspend: Will resume next to 0070
11-10 13:09:32.157 V/        (753): virtual int MPLSensor::update_delay()
11-10 13:09:32.157 V/        (753): virtual int MPLSensor::setDelay(int32_t, int64_t)
11-10 13:09:32.157 E/        (753):  setDelay handle: 4 rate 20
11-10 13:09:32.157 V/        (753): virtual int MPLSensor::update_delay()
11-10 13:09:35.098 I/wpa_supplicant(846): rfkill: WLAN unblocked
11-10 13:09:35.098 I/wpa_supplicant(846): rfkill: WLAN unblocked
11-10 13:09:56.509 I/wpa_supplicant(846): rfkill: WLAN unblocked
11-10 13:09:56.509 I/wpa_supplicant(846): rfkill: WLAN unblocked
11-10 13:10:17.817 I/wpa_supplicant(846): rfkill: WLAN unblocked
11-10 13:10:17.817 I/wpa_supplicant(846): rfkill: WLAN unblocked
11-10 13:10:39.230 I/wpa_supplicant(846): rfkill: WLAN unblocked
11-10 13:10:39.230 I/wpa_supplicant(846): rfkill: WLAN unblocked
11-10 13:10:40.080 D/GeckoHardwareUtils(2634): HardwareUtils already inited.
11-10 13:10:40.080 I/ActivityManager(753): Start proc com.sonelli.juicessh for broadcast com.sonelli.juicessh/.services.CloudSync$Receiver: pid=3093 uid=10094 gids={50094, 3003, 1015, 1028}
11-10 13:10:40.090 D/GeckoHardwareUtils(2634): HardwareUtils already inited.
11-10 13:10:40.110 E/JuiceSSH/ExceptionHandler(3093): Crashlytics must be initialized by calling Crashlytics.start(Context) prior to logging messages.
11-10 13:10:40.110 D/JuiceSSH/ExceptionHandler(3093): Registering default exception handler
11-10 13:10:40.110 E/JuiceSSH/ExceptionHandler(3093): Crashlytics must be initialized by calling Crashlytics.start(Context) prior to logging messages.
11-10 13:10:40.110 D/JuiceSSH/ExceptionHandler(3093): Setting up SpongyCastle security provider
11-10 13:10:40.150 D/dalvikvm(3093): GC_CONCURRENT freed 280K, 7% free 4499K/4816K, paused 1ms+1ms, total 18ms
11-10 13:10:40.150 D/dalvikvm(3093): WAIT_FOR_CONCURRENT_GC blocked 7ms
11-10 13:10:40.170 E/JuiceSSH/ExceptionHandler(3093): Crashlytics must be initialized by calling Crashlytics.start(Context) prior to logging messages.
11-10 13:10:40.170 D/JuiceSSH/ExceptionHandler(3093): Applying fix for SecureRandom()
11-10 13:10:40.200 D/dalvikvm(3093): GC_CONCURRENT freed 230K, 6% free 4706K/4980K, paused 1ms+2ms, total 16ms
11-10 13:10:40.260 D/dalvikvm(3093): GC_CONCURRENT freed 332K, 8% free 4868K/5244K, paused 3ms+2ms, total 19ms
11-10 13:10:40.330 D/dalvikvm(3093): GC_CONCURRENT freed 318K, 7% free 5026K/5388K, paused 1ms+2ms, total 18ms
11-10 13:10:40.330 E/JuiceSSH/CloudSync(3093): Crashlytics must be initialized by calling Crashlytics.start(Context) prior to logging messages.
11-10 13:10:40.330 V/JuiceSSH/CloudSync(3093): Waking up for a CloudSync
11-10 13:10:40.350 E/JuiceSSH/Model/User(3093): Crashlytics must be initialized by calling Crashlytics.start(Context) prior to logging messages.
11-10 13:10:40.350 D/JuiceSSH/Model/User(3093): Generating account hash
11-10 13:10:40.390 I/DaoManager(3093): Loaded configuration for class com.sonelli.juicessh.models.ConfigField
11-10 13:10:40.390 I/DaoManager(3093): Loaded configuration for class com.sonelli.juicessh.models.ConfigValue
11-10 13:10:40.390 I/DaoManager(3093): Loaded configuration for class com.sonelli.juicessh.models.Connection
11-10 13:10:40.390 I/DaoManager(3093): Loaded configuration for class com.sonelli.juicessh.models.ConnectionCounter
11-10 13:10:40.390 I/DaoManager(3093): Loaded configuration for class com.sonelli.juicessh.models.ConnectionGroup
11-10 13:10:40.390 I/DaoManager(3093): Loaded configuration for class com.sonelli.juicessh.models.ConnectionGroupMembership
11-10 13:10:40.390 I/DaoManager(3093): Loaded configuration for class com.sonelli.juicessh.models.ConnectionIdentity
11-10 13:10:40.390 I/DaoManager(3093): Loaded configuration for class com.sonelli.juicessh.models.DeletedItem
11-10 13:10:40.390 I/DaoManager(3093): Loaded configuration for class com.sonelli.juicessh.models.ec2link.Ec2Connection
11-10 13:10:40.390 I/DaoManager(3093): Loaded configuration for class com.sonelli.juicessh.models.ec2link.Ec2Filter
11-10 13:10:40.390 I/DaoManager(3093): Loaded configuration for class com.sonelli.juicessh.models.ec2link.Ec2GroupMapping
11-10 13:10:40.390 I/DaoManager(3093): Loaded configuration for class com.sonelli.juicessh.models.ec2link.Ec2Mapping
11-10 13:10:40.390 I/DaoManager(3093): Loaded configuration for class com.sonelli.juicessh.models.ec2link.Ec2Profile
11-10 13:10:40.390 I/DaoManager(3093): Loaded configuration for class com.sonelli.juicessh.models.Host
11-10 13:10:40.390 I/DaoManager(3093): Loaded configuration for class com.sonelli.juicessh.models.Identity
11-10 13:10:40.390 I/DaoManager(3093): Loaded configuration for class com.sonelli.juicessh.models.PluginLog
11-10 13:10:40.390 I/DaoManager(3093): Loaded configuration for class com.sonelli.juicessh.models.PortForward
11-10 13:10:40.390 I/DaoManager(3093): Loaded configuration for class com.sonelli.juicessh.models.Purchase
11-10 13:10:40.390 I/DaoManager(3093): Loaded configuration for class com.sonelli.juicessh.models.Share
11-10 13:10:40.390 I/DaoManager(3093): Loaded configuration for class com.sonelli.juicessh.models.Snippet
11-10 13:10:40.390 I/DaoManager(3093): Loaded configuration for class com.sonelli.juicessh.models.Team
11-10 13:10:40.390 I/DaoManager(3093): Loaded configuration for class com.sonelli.juicessh.models.TeamEncryption
11-10 13:10:40.390 I/DaoManager(3093): Loaded configuration for class com.sonelli.juicessh.models.TeamMembership
11-10 13:10:40.390 I/DaoManager(3093): Loaded configuration for class com.sonelli.juicessh.models.User
11-10 13:10:40.410 D/dalvikvm(3093): GC_CONCURRENT freed 330K, 7% free 5192K/5576K, paused 2ms+3ms, total 31ms
11-10 13:10:40.410 D/dalvikvm(3093): WAIT_FOR_CONCURRENT_GC blocked 2ms
11-10 13:10:40.490 E/JuiceSSH/CloudSync(3093): Crashlytics must be initialized by calling Crashlytics.start(Context) prior to logging messages.
11-10 13:10:40.490 D/JuiceSSH/CloudSync(3093): Cloudsync requested but not enabled
11-10 13:10:40.490 E/JuiceSSH/Ec2Link(3093): Crashlytics must be initialized by calling Crashlytics.start(Context) prior to logging messages.
11-10 13:10:40.490 V/JuiceSSH/Ec2Link(3093): Waking up for an Ec2Link sync
11-10 13:10:40.510 E/JuiceSSH/Ec2Link(3093): Crashlytics must be initialized by calling Crashlytics.start(Context) prior to logging messages.
11-10 13:10:40.510 D/JuiceSSH/Ec2Link(3093): Ec2Link sync requested but no sync profiles configured
11-10 13:10:40.510 E/JuiceSSH/Ec2Link(3093): Crashlytics must be initialized by calling Crashlytics.start(Context) prior to logging messages.
11-10 13:10:40.510 V/JuiceSSH/Ec2Link(3093): Releasing Ec2Link wakelock
11-10 13:10:40.520 I/ActivityManager(753): No longer want com.google.android.partnersetup (pid 2517): empty #14
11-10 13:11:00.644 I/wpa_supplicant(846): rfkill: WLAN unblocked
11-10 13:11:00.644 I/wpa_supplicant(846): rfkill: WLAN unblocked
11-10 13:11:01.974 I/wpa_supplicant(846): rfkill: WLAN unblocked
11-10 13:11:01.974 I/wpa_supplicant(846): rfkill: WLAN unblocked
11-10 13:11:04.454 D/EthernetService(753): interfaceLinkStateChanged for wlan0, up = true
11-10 13:11:04.524 D/dalvikvm(1035): GC_CONCURRENT freed 814K, 13% free 6373K/7296K, paused 2ms+3ms, total 28ms
11-10 13:11:04.524 D/dalvikvm(1035): WAIT_FOR_CONCURRENT_GC blocked 20ms
11-10 13:11:06.804 I/wpa_supplicant(846): rfkill: WLAN unblocked
11-10 13:11:06.804 I/wpa_supplicant(846): rfkill: WLAN unblocked
11-10 13:11:09.924 I/wpa_supplicant(846): rfkill: WLAN unblocked
11-10 13:11:09.924 I/wpa_supplicant(846): rfkill: WLAN unblocked
11-10 13:11:22.057 I/wpa_supplicant(846): rfkill: WLAN unblocked
11-10 13:11:22.057 I/wpa_supplicant(846): rfkill: WLAN unblocked
11-10 13:11:29.637 I/wpa_supplicant(846): rfkill: WLAN unblocked
11-10 13:11:29.637 I/wpa_supplicant(846): rfkill: WLAN unblocked
11-10 13:11:30.187 D/GCM     (1084): Message class com.google.e.a.a.h
11-10 13:11:30.697 D/ConnectivityService(753): handleInetConditionHoldEnd: net=1, condition=100, published condition=100
11-10 13:11:31.357 D/dalvikvm(2500): GC_CONCURRENT freed 341K, 8% free 4790K/5168K, paused 3ms+2ms, total 24ms
11-10 13:11:33.177 W/GAV2    (2500): Thread[Thread-172,5,main]: dispatch call queued.  Need to call GAServiceManager.getInstance().initialize().
11-10 13:11:33.187 D/dalvikvm(2500): GC_CONCURRENT freed 301K, 7% free 4892K/5232K, paused 2ms+2ms, total 24ms
11-10 13:11:43.493 I/wpa_supplicant(846): rfkill: WLAN unblocked
11-10 13:11:43.493 I/wpa_supplicant(846): rfkill: WLAN unblocked
11-10 13:12:04.674 I/wpa_supplicant(846): rfkill: WLAN unblocked
11-10 13:12:04.674 I/wpa_supplicant(846): rfkill: WLAN unblocked
11-10 13:12:26.088 I/wpa_supplicant(846): rfkill: WLAN unblocked
11-10 13:12:26.088 I/wpa_supplicant(846): rfkill: WLAN unblocked
11-10 13:12:26.148 D/dalvikvm(2486): GC_CONCURRENT freed 229K, 6% free 4432K/4700K, paused 1ms+2ms, total 20ms
11-10 13:12:29.637 I/wpa_supplicant(846): rfkill: WLAN unblocked
11-10 13:12:29.637 I/wpa_supplicant(846): rfkill: WLAN unblocked
11-10 13:12:30.277 V/        (753): virtual int MPLSensor::enable(int32_t, int)
11-10 13:12:30.277 V/        (753): handle : 4 en: 1
11-10 13:12:30.277 E/        (753): handle : 4 en: 1
11-10 13:12:30.277 V/        (753): sensor state change what=4
11-10 13:12:30.277 V/        (753): void set_power_states(int, bool)
11-10 13:12:30.277 V/        (753):  enabled_sensors: 16 dmp_started: 0
11-10 13:12:30.277 V/        (753): Starting DMP
11-10 13:12:30.277 I/MPL-mldl_cfg_mpu:(753): inv_mpu_resume: Resuming to 0070
11-10 13:12:30.277 V/        (753): virtual int MPLSensor::setDelay(int32_t, int64_t)
11-10 13:12:30.277 E/        (753):  setDelay handle: 4 rate 200
11-10 13:12:30.277 V/        (753): virtual int MPLSensor::update_delay()
11-10 13:12:30.277 V/        (753): set fifo rate: 39 200000000
11-10 13:12:30.277 I/MPL-fifo(753): Actual ODR: 25000 mHz
11-10 13:12:30.277 V/        (753): virtual int MPLSensor::setDelay(int32_t, int64_t)
11-10 13:12:30.277 E/        (753):  setDelay handle: 4 rate 20
11-10 13:12:30.277 V/        (753): virtual int MPLSensor::update_delay()
11-10 13:12:30.277 V/        (753): set fifo rate: 3 20000000
11-10 13:12:30.277 I/MPL-fifo(753): Actual ODR: 50000 mHz
11-10 13:12:30.777 V/        (753): virtual int MPLSensor::enable(int32_t, int)
11-10 13:12:30.777 V/        (753): handle : 4 en: 0
11-10 13:12:30.777 E/        (753): handle : 4 en: 0
11-10 13:12:30.777 V/        (753): sensor state change what=4
11-10 13:12:30.777 V/        (753): void set_power_states(int, bool)
11-10 13:12:30.777 V/        (753):  enabled_sensors: 0 dmp_started: 1
11-10 13:12:30.777 V/        (753): Stopping DMP
11-10 13:12:30.777 I/MPL-mldl_cfg_mpu:(753): inv_mpu_suspend: suspending sensors to 0000
11-10 13:12:30.777 I/MPL-mldl_cfg_mpu:(753): inv_mpu_suspend: Will resume next to 0070
11-10 13:12:30.777 V/        (753): virtual int MPLSensor::update_delay()
11-10 13:12:30.777 V/        (753): virtual int MPLSensor::setDelay(int32_t, int64_t)
11-10 13:12:30.777 E/        (753):  setDelay handle: 4 rate 20
11-10 13:12:30.777 V/        (753): virtual int MPLSensor::update_delay()
11-10 13:12:47.511 I/wpa_supplicant(846): rfkill: WLAN unblocked
11-10 13:12:47.511 I/wpa_supplicant(846): rfkill: WLAN unblocked
11-10 13:13:08.914 I/wpa_supplicant(846): rfkill: WLAN unblocked
11-10 13:13:08.914 I/wpa_supplicant(846): rfkill: WLAN unblocked
11-10 13:13:30.328 I/wpa_supplicant(846): rfkill: WLAN unblocked
11-10 13:13:30.328 I/wpa_supplicant(846): rfkill: WLAN unblocked
11-10 13:13:51.751 I/wpa_supplicant(846): rfkill: WLAN unblocked
11-10 13:13:51.751 I/wpa_supplicant(846): rfkill: WLAN unblocked
11-10 13:14:13.155 I/wpa_supplicant(846): rfkill: WLAN unblocked
11-10 13:14:13.155 I/wpa_supplicant(846): rfkill: WLAN unblocked
11-10 13:14:34.577 I/wpa_supplicant(846): rfkill: WLAN unblocked
11-10 13:14:34.577 I/wpa_supplicant(846): rfkill: WLAN unblocked
11-10 13:14:55.980 I/wpa_supplicant(846): rfkill: WLAN unblocked
11-10 13:14:55.980 I/wpa_supplicant(846): rfkill: WLAN unblocked
11-10 13:15:17.395 I/wpa_supplicant(846): rfkill: WLAN unblocked
11-10 13:15:17.395 I/wpa_supplicant(846): rfkill: WLAN unblocked
11-10 13:15:29.637 I/wpa_supplicant(846): rfkill: WLAN unblocked
11-10 13:15:29.637 I/wpa_supplicant(846): rfkill: WLAN unblocked
11-10 13:15:29.657 V/        (753): virtual int MPLSensor::enable(int32_t, int)
11-10 13:15:29.657 V/        (753): handle : 4 en: 1
11-10 13:15:29.657 E/        (753): handle : 4 en: 1
11-10 13:15:29.657 V/        (753): sensor state change what=4
11-10 13:15:29.657 V/        (753): void set_power_states(int, bool)
11-10 13:15:29.657 V/        (753):  enabled_sensors: 16 dmp_started: 0
11-10 13:15:29.657 V/        (753): Starting DMP
11-10 13:15:29.657 I/MPL-mldl_cfg_mpu:(753): inv_mpu_resume: Resuming to 0070
11-10 13:15:29.657 V/        (753): virtual int MPLSensor::setDelay(int32_t, int64_t)
11-10 13:15:29.657 E/        (753):  setDelay handle: 4 rate 200
11-10 13:15:29.657 V/        (753): virtual int MPLSensor::update_delay()
11-10 13:15:29.657 V/        (753): set fifo rate: 39 200000000
11-10 13:15:29.667 I/MPL-fifo(753): Actual ODR: 25000 mHz
11-10 13:15:29.667 V/        (753): virtual int MPLSensor::setDelay(int32_t, int64_t)
11-10 13:15:29.667 E/        (753):  setDelay handle: 4 rate 20
11-10 13:15:29.667 V/        (753): virtual int MPLSensor::update_delay()
11-10 13:15:29.667 V/        (753): set fifo rate: 3 20000000
11-10 13:15:29.667 I/MPL-fifo(753): Actual ODR: 50000 mHz
11-10 13:15:30.147 V/        (753): virtual int MPLSensor::enable(int32_t, int)
11-10 13:15:30.147 V/        (753): handle : 4 en: 0
11-10 13:15:30.147 E/        (753): handle : 4 en: 0
11-10 13:15:30.147 V/        (753): sensor state change what=4
11-10 13:15:30.147 V/        (753): void set_power_states(int, bool)
11-10 13:15:30.147 V/        (753):  enabled_sensors: 0 dmp_started: 1
11-10 13:15:30.147 V/        (753): Stopping DMP
11-10 13:15:30.147 I/MPL-mldl_cfg_mpu:(753): inv_mpu_suspend: suspending sensors to 0000
11-10 13:15:30.147 I/MPL-mldl_cfg_mpu:(753): inv_mpu_suspend: Will resume next to 0070
11-10 13:15:30.147 V/        (753): virtual int MPLSensor::update_delay()
11-10 13:15:30.147 V/        (753): virtual int MPLSensor::setDelay(int32_t, int64_t)
11-10 13:15:30.147 E/        (753):  setDelay handle: 4 rate 20
11-10 13:15:30.147 V/        (753): virtual int MPLSensor::update_delay()
11-10 13:15:34.732 I/wpa_supplicant(846): rfkill: WLAN unblocked
11-10 13:15:34.732 I/wpa_supplicant(846): rfkill: WLAN unblocked
11-10 13:15:38.809 I/wpa_supplicant(846): rfkill: WLAN unblocked
11-10 13:15:38.809 I/wpa_supplicant(846): rfkill: WLAN unblocked
11-10 13:15:48.637 I/wpa_supplicant(846): rfkill: WLAN unblocked
11-10 13:15:48.637 I/wpa_supplicant(846): rfkill: WLAN unblocked
11-10 13:15:49.487 D/EthernetService(753): interfaceLinkStateChanged for wlan0, up = true
11-10 13:15:51.847 I/wpa_supplicant(846): rfkill: WLAN unblocked
11-10 13:15:51.847 I/wpa_supplicant(846): rfkill: WLAN unblocked
11-10 13:15:54.917 I/wpa_supplicant(846): rfkill: WLAN unblocked
11-10 13:15:54.917 I/wpa_supplicant(846): rfkill: WLAN unblocked
11-10 13:15:58.757 I/wpa_supplicant(846): rfkill: WLAN unblocked
11-10 13:15:58.757 I/wpa_supplicant(846): rfkill: WLAN unblocked
11-10 13:15:58.777 I/PowerManagerService(753): Waking up from sleep...
11-10 13:15:58.807 D/EthernetService(753): getDetailedState: state is DISCONNECTED
11-10 13:15:58.817 D/audio_hw_primary(108): adev_set_parameters:screen_state=on
11-10 13:15:58.817 I/WindowManager(753): Lock screen displayed!
11-10 13:15:59.027 D/PowerManagerService-JNI(753): Excessive delay in autosuspend_disable() while turning screen on: 239ms
11-10 13:15:59.037 D/SurfaceFlinger(105): Screen acquired, type=0 flinger=0x40471010
11-10 13:16:00.117 D/dalvikvm(753): GC_CONCURRENT freed 2024K, 16% free 11890K/14004K, paused 3ms+5ms, total 73ms
11-10 13:16:00.117 D/dalvikvm(753): WAIT_FOR_CONCURRENT_GC blocked 62ms
11-10 13:16:00.167 D/audio_hw_primary(108): outpcm open: card=0, device=0, rate=44100
11-10 13:16:00.187 V/WindowManager(753): mLidState=1 mLidOpenRotation=0 mDockMode=0 mAllowAllRotations=-1
11-10 13:16:00.187 V/UserPresentBroadcastReceiver(1084): Recieved ACTION_USER_PRESENT.
11-10 13:16:00.197 D/d       (1084): Notifying listener(s): onUserPresent()...
11-10 13:16:00.217 I/TabletStatusBar(870): DISABLE_CLOCK: no
11-10 13:16:00.227 D/c       (1084): Starting periodic check for user presence.
11-10 13:16:00.237 D/c       (1084): Stoping periodic check for user presence.
11-10 13:16:00.277 I/ActivityManager(753): Start proc com.estrongs.android.pop for broadcast com.estrongs.android.pop/.app.StartServiceReceiver: pid=3305 uid=10069 gids={50069, 3003, 3002, 3001, 1015, 1028}
11-10 13:16:00.667 E/ObjectHelper(3305): Can't find method:setCompatibilityInfo
11-10 13:16:00.677 V/TAG     (753): bug 7643792: fitSystemWindows([0,0][0,0])
11-10 13:16:00.717 D/am      (3305): Refresh storage info done.26
11-10 13:16:00.757 D/dalvikvm(3305): GC_CONCURRENT freed 212K, 6% free 4532K/4780K, paused 2ms+1ms, total 23ms
11-10 13:16:00.777 D/dalvikvm(3305): Trying to load lib /data/app-lib/com.estrongs.android.pop-2/libmyaes.so 0x4204a7d0
11-10 13:16:00.777 D/dalvikvm(3305): Added shared lib /data/app-lib/com.estrongs.android.pop-2/libmyaes.so 0x4204a7d0
11-10 13:16:00.787 W/ResourceType(3305): No package identifier when getting value for resource number 0x00000000
11-10 13:16:00.787 D/PeriodicCheckReceiver(1084): Received intent: Intent { flg=0x14 cmp=com.google.android.gms/.auth.be.proximity.authorization.userpresence.PeriodicCheckReceiver (has extras) }.
11-10 13:16:00.787 I/ActivityManager(753): No longer want com.google.android.gms.wearable (pid 2414): empty #14
11-10 13:16:00.797 D/UserPresenceService(1084): Received onHandleIntent() with intent: Intent { cmp=com.google.android.gms/.auth.be.proximity.authorization.userpresence.UserPresenceService (has extras) }.
11-10 13:16:00.797 E/UserPresenceService(1084): Proximity feature is not enabled.
11-10 13:16:03.267 V/audio_hw_primary(108): do_out_standby+
11-10 13:16:03.267 D/audio_hw_primary(108): do_out_standby++
11-10 13:16:03.267 V/audio_hw_primary(108): do_out_standby-
11-10 13:16:04.557 D/audio_hw_primary(108): outpcm open: card=0, device=0, rate=44100
11-10 13:16:04.557 I/ActivityManager(753): START u0 {act=android.intent.action.MAIN cat=[android.intent.category.LAUNCHER] flg=0x10200000 pkg=com.newscorp.couriermail cmp=com.newscorp.couriermail/com.newscorp.app.SplashScreenActivity bnds=[519,207][615,303]} from pid 1066
11-10 13:16:04.567 D/PermissionCache(105): checking android.permission.READ_FRAME_BUFFER for uid=1000 => granted (146 us)
11-10 13:16:04.637 D/dalvikvm(753): GC_FOR_ALLOC freed 950K, 16% free 11830K/14004K, paused 58ms, total 60ms
11-10 13:16:04.637 I/dalvikvm-heap(753): Grow heap (frag case) to 11.711MB for 124216-byte allocation
11-10 13:16:04.687 D/dalvikvm(753): GC_FOR_ALLOC freed 223K, 17% free 11728K/14128K, paused 54ms, total 54ms
11-10 13:16:04.747 D/dalvikvm(753): GC_FOR_ALLOC freed 15K, 18% free 11719K/14128K, paused 54ms, total 54ms
11-10 13:16:04.747 I/dalvikvm-heap(753): Grow heap (frag case) to 11.603MB for 124216-byte allocation
11-10 13:16:04.797 D/dalvikvm(753): GC_FOR_ALLOC freed 0K, 17% free 11841K/14252K, paused 53ms, total 53ms
11-10 13:16:04.857 D/dalvikvm(753): GC_FOR_ALLOC freed 121K, 18% free 11720K/14252K, paused 54ms, total 54ms
11-10 13:16:04.937 D/dalvikvm(2055): GC_CONCURRENT freed 394K, 8% free 5080K/5516K, paused 3ms+6ms, total 29ms
11-10 13:16:04.937 W/nalizableReferenceQueue(2055): Could not load Finalizer in its own class loader. Loading Finalizer in the current class loader instead. As a result, you will not be able to garbage collect this class loader. To support reclaiming this class loader, either resolve the underlying issue, or move Google Collections to your system class path.
11-10 13:16:04.937 W/nalizableReferenceQueue(2055): java.io.FileNotFoundException: com/google/inject/internal/util/$Finalizer.class
11-10 13:16:04.937 W/nalizableReferenceQueue(2055): 	at com.google.inject.internal.util.$FinalizableReferenceQueue$DecoupledLoader.getBaseUrl(FinalizableReferenceQueue.java:269)
11-10 13:16:04.937 W/nalizableReferenceQueue(2055): 	at com.google.inject.internal.util.$FinalizableReferenceQueue$DecoupledLoader.loadFinalizer(FinalizableReferenceQueue.java:253)
11-10 13:16:04.937 W/nalizableReferenceQueue(2055): 	at com.google.inject.internal.util.$FinalizableReferenceQueue.loadFinalizer(FinalizableReferenceQueue.java:175)
11-10 13:16:04.937 W/nalizableReferenceQueue(2055): 	at com.google.inject.internal.util.$FinalizableReferenceQueue.<clinit>(FinalizableReferenceQueue.java:100)
11-10 13:16:04.937 W/nalizableReferenceQueue(2055): 	at com.google.inject.internal.util.$MapMaker$QueueHolder.<clinit>(MapMaker.java:787)
11-10 13:16:04.937 W/nalizableReferenceQueue(2055): 	at com.google.inject.internal.util.$MapMaker$WeakEntry.<init>(MapMaker.java:946)
11-10 13:16:04.937 W/nalizableReferenceQueue(2055): 	at com.google.inject.internal.util.$MapMaker$Strength$1.newEntry(MapMaker.java:312)
11-10 13:16:04.937 W/nalizableReferenceQueue(2055): 	at com.google.inject.internal.util.$MapMaker$StrategyImpl.newEntry(MapMaker.java:498)
11-10 13:16:04.937 W/nalizableReferenceQueue(2055): 	at com.google.inject.internal.util.$MapMaker$StrategyImpl.newEntry(MapMaker.java:419)
11-10 13:16:04.937 W/nalizableReferenceQueue(2055): 	at com.google.inject.internal.util.$CustomConcurrentHashMap$ComputingImpl.get(CustomConcurrentHashMap.java:2029)
11-10 13:16:04.937 W/nalizableReferenceQueue(2055): 	at com.google.inject.internal.Annotations$AnnotationChecker.hasAnnotations(Annotations.java:116)
11-10 13:16:04.937 W/nalizableReferenceQueue(2055): 	at com.google.inject.internal.Annotations.isBindingAnnotation(Annotations.java:180)
11-10 13:16:04.937 W/nalizableReferenceQueue(2055): 	at com.google.inject.Key.ensureIsBindingAnnotation(Key.java:366)
11-10 13:16:04.937 W/nalizableReferenceQueue(2055): 	at com.google.inject.Key.strategyFor(Key.java:338)
11-10 13:16:04.937 W/nalizableReferenceQueue(2055): 	at com.google.inject.Key.get(Key.java:272)
11-10 13:16:04.937 W/nalizableReferenceQueue(2055): 	at com.google.inject.internal.AbstractBindingBuilder.annotatedWithInternal(AbstractBindingBuilder.java:82)
11-10 13:16:04.937 W/nalizableReferenceQueue(2055): 	at com.google.inject.internal.ConstantBindingBuilderImpl.annotatedWith(ConstantBindingBuilderImpl.java:49)
11-10 13:16:04.937 W/nalizableReferenceQueue(2055): 	at roboguice.config.DefaultRoboModule.configure(DefaultRoboModule.java:120)
11-10 13:16:04.937 W/nalizableReferenceQueue(2055): 	at com.google.inject.AbstractModule.configure(AbstractModule.java:59)
11-10 13:16:04.937 W/nalizableReferenceQueue(2055): 	at com.google.inject.spi.Elements$RecordingBinder.install(Elements.java:223)
11-10 13:16:04.937 W/nalizableReferenceQueue(2055): 	at com.google.inject.spi.Elements.getElements(Elements.java:101)
11-10 13:16:04.937 W/nalizableReferenceQueue(2055): 	at com.google.inject.internal.InjectorShell$Builder.build(InjectorShell.java:133)
11-10 13:16:04.937 W/nalizableReferenceQueue(2055): 	at com.google.inject.internal.InternalInjectorCreator.build(InternalInjectorCreator.java:103)
11-10 13:16:04.937 W/nalizableReferenceQueue(2055): 	at com.google.inject.Guice.createInjector(Guice.java:95)
11-10 13:16:04.937 W/nalizableReferenceQueue(2055): 	at com.google.inject.Guice.createInjector(Guice.java:83)
11-10 13:16:04.937 W/nalizableReferenceQueue(2055): 	at roboguice.RoboGuice.setBaseApplicationInjector(RoboGuice.java:89)
11-10 13:16:04.937 W/nalizableReferenceQueue(2055): 	at roboguice.RoboGuice.setBaseApplicationInjector(RoboGuice.java:128)
11-10 13:16:04.937 W/nalizableReferenceQueue(2055): 	at roboguice.RoboGuice.getBaseApplicationInjector(RoboGuice.java:67)
11-10 13:16:04.937 W/nalizableReferenceQueue(2055): 	at roboguice.RoboGuice.getInjector(RoboGuice.java:138)
11-10 13:16:04.937 W/nalizableReferenceQueue(2055): 	at roboguice.activity.RoboActivity.onCreate(RoboActivity.java:85)
11-10 13:16:04.937 W/nalizableReferenceQueue(2055): 	at com.newscorp.app.SplashScreenActivity.onCreate(SplashScreenActivity.java:99)
11-10 13:16:04.937 W/nalizableReferenceQueue(2055): 	at android.app.Activity.performCreate(Activity.java:5216)
11-10 13:16:04.937 W/nalizableReferenceQueue(2055): 	at android.app.Instrumentation.callActivityOnCreate(Instrumentation.java:1087)
11-10 13:16:04.937 W/nalizableReferenceQueue(2055): 	at android.app.ActivityThread.performLaunchActivity(ActivityThread.java:2175)
11-10 13:16:04.937 W/nalizableReferenceQueue(2055): 	at android.app.ActivityThread.handleLaunchActivity(ActivityThread.java:2261)
11-10 13:16:04.937 W/nalizableReferenceQueue(2055): 	at android.app.ActivityThread.access$600(ActivityThread.java:141)
11-10 13:16:04.937 W/nalizableReferenceQueue(2055): 	at android.app.ActivityThread$H.handleMessage(ActivityThread.java:1256)
11-10 13:16:04.937 W/nalizableReferenceQueue(2055): 	at android.os.Handler.dispatchMessage(Handler.java:99)
11-10 13:16:04.937 W/nalizableReferenceQueue(2055): 	at android.os.Looper.loop(Looper.java:137)
11-10 13:16:04.937 W/nalizableReferenceQueue(2055): 	at android.app.ActivityThread.main(ActivityThread.java:5103)
11-10 13:16:04.937 W/nalizableReferenceQueue(2055): 	at java.lang.reflect.Method.invokeNative(Native Method)
11-10 13:16:04.937 W/nalizableReferenceQueue(2055): 	at java.lang.reflect.Method.invoke(Method.java:525)
11-10 13:16:04.937 W/nalizableReferenceQueue(2055): 	at com.android.internal.os.ZygoteInit$MethodAndArgsCaller.run(ZygoteInit.java:737)
11-10 13:16:04.937 W/nalizableReferenceQueue(2055): 	at com.android.internal.os.ZygoteInit.main(ZygoteInit.java:553)
11-10 13:16:04.937 W/nalizableReferenceQueue(2055): 	at dalvik.system.NativeStart.main(Native Method)
11-10 13:16:04.997 D/dalvikvm(2055): GC_CONCURRENT freed 499K, 10% free 5088K/5628K, paused 1ms+3ms, total 27ms
11-10 13:16:04.997 D/dalvikvm(2055): WAIT_FOR_CONCURRENT_GC blocked 17ms
11-10 13:16:05.057 D/dalvikvm(2055): GC_CONCURRENT freed 424K, 9% free 5137K/5628K, paused 2ms+3ms, total 23ms
11-10 13:16:05.107 D//LnImpl.java:27(2055): main Configuring Logging, minimum log level is INFO
11-10 13:16:05.127 D/dalvikvm(2055): GC_CONCURRENT freed 476K, 10% free 5171K/5688K, paused 1ms+2ms, total 26ms
11-10 13:16:05.127 D/dalvikvm(2055): WAIT_FOR_CONCURRENT_GC blocked 8ms
11-10 13:16:05.187 D/dalvikvm(2055): GC_CONCURRENT freed 389K, 10% free 5173K/5688K, paused 2ms+1ms, total 20ms
11-10 13:16:05.257 D/dalvikvm(2055): GC_FOR_ALLOC freed 4K, 9% free 5187K/5688K, paused 21ms, total 21ms
11-10 13:16:05.257 I/dalvikvm-heap(2055): Grow heap (frag case) to 5.376MB for 289808-byte allocation
11-10 13:16:05.277 D/dalvikvm(2055): GC_FOR_ALLOC freed <1K, 9% free 5470K/5972K, paused 16ms, total 16ms
11-10 13:16:05.337 D/dalvikvm(2055): GC_CONCURRENT freed 331K, 7% free 5647K/6020K, paused 2ms+3ms, total 20ms
11-10 13:16:05.337 D/dalvikvm(2055): WAIT_FOR_CONCURRENT_GC blocked 10ms
11-10 13:16:05.607 D/dalvikvm(2055): GC_FOR_ALLOC freed 217K, 9% free 5494K/6020K, paused 17ms, total 17ms
11-10 13:16:05.617 I/dalvikvm-heap(2055): Grow heap (frag case) to 11.649MB for 6553616-byte allocation
11-10 13:16:05.637 D/dalvikvm(2055): GC_FOR_ALLOC freed <1K, 5% free 11894K/12424K, paused 17ms, total 17ms
11-10 13:16:05.657 D/dalvikvm(2055): GC_CONCURRENT freed 0K, 5% free 11894K/12424K, paused 3ms+2ms, total 20ms
11-10 13:16:05.777 D/dalvikvm(2055): GC_FOR_ALLOC freed <1K, 5% free 11894K/12424K, paused 23ms, total 23ms
11-10 13:16:05.787 I/dalvikvm-heap(2055): Grow heap (frag case) to 13.211MB for 1638416-byte allocation
11-10 13:16:05.807 D/dalvikvm(2055): GC_FOR_ALLOC freed 0K, 4% free 13494K/14028K, paused 19ms, total 19ms
11-10 13:16:05.847 D/Finsky  (2715): [187] InAppBillingUtils.pickAccount: com.newscorp.couriermail: Account determined from installer data - [0JIII8BK7XKz36u1zU6sMo8J0zA]
11-10 13:16:05.847 D/Finsky  (2715): [188] InAppBillingUtils.pickAccount: com.newscorp.couriermail: Account determined from installer data - [0JIII8BK7XKz36u1zU6sMo8J0zA]
11-10 13:16:05.847 D/Finsky  (2715): [187] InAppBillingUtils.pickAccount: com.newscorp.couriermail: Account determined from installer data - [0JIII8BK7XKz36u1zU6sMo8J0zA]
11-10 13:16:05.847 D/Finsky  (2715): [188] InAppBillingUtils.pickAccount: com.newscorp.couriermail: Account determined from installer data - [0JIII8BK7XKz36u1zU6sMo8J0zA]
11-10 13:16:05.857 I/dalvikvm(753): Total arena pages for JIT: 11
11-10 13:16:05.877 D/libEGL  (2055): loaded /system/lib/egl/libEGL_tegra.so
11-10 13:16:05.897 D/libEGL  (2055): loaded /system/lib/egl/libGLESv1_CM_tegra.so
11-10 13:16:05.917 D/libEGL  (2055): loaded /system/lib/egl/libGLESv2_tegra.so
11-10 13:16:05.927 D/ADBMobile(2055): ADBMobile Debug : Analytics - Attempting to send request parameters(93537986?AQB=1&ndh=1&pe=lnk_o&pev2=ADBINTERNAL%3ASessionInfo&pageName=Courier%20Mail%203.0.10.1%20%2819%29&t=00%2F00%2F0000%2000%3A00%3A00%200%20-630&ts=1415586268&c.&a.&PrevSessionLength=14&internalaction=SessionInfo&AppID=Courier%20Mail%203.0.10.1%20%2819%29&DeviceName=Transformer%20TF101&Resolution=1280x752&OSVersion=Android%204.3.1&.a&.c&aid=2A301090052C34F0-400000C0C01B6FAC&ce=UTF-8&AQE=1)
11-10 13:16:05.937 D/OpenGLRenderer(2055): Enabling debug mode 0
11-10 13:16:05.997 D/ADBMobile(2055): ADBMobile Debug : Analytics - Network status changed (reachable)
