11-10 13:16:14.387 I/DEBUG   (104):          beffe50c  40046970  /system/lib/libc.so (free+24)
11-10 13:16:14.387 I/DEBUG   (104):          beffe510  e3a070ad  
11-10 13:16:14.387 I/DEBUG   (104):          beffe514  ef9000ad  
11-10 13:16:14.387 I/DEBUG   (104):     #00  beffe518  5e9761c1  
11-10 13:16:14.387 I/DEBUG   (104):          beffe51c  636f7250  
11-10 13:16:14.387 I/DEBUG   (104):          beffe520  6f737365  
11-10 13:16:14.387 I/DEBUG   (104):          beffe524  203a0972  
11-10 13:16:14.387 I/DEBUG   (104):          beffe528  764d5241  
11-10 13:16:14.387 I/DEBUG   (104):          beffe52c  72502037  
11-10 13:16:14.387 I/DEBUG   (104):          beffe530  7365636f  
11-10 13:16:14.387 I/DEBUG   (104):          beffe534  20726f73  
11-10 13:16:14.387 I/DEBUG   (104):          beffe538  20766572  
11-10 13:16:14.387 I/DEBUG   (104):          beffe53c  76282030  
11-10 13:16:14.387 I/DEBUG   (104):          beffe540  0a296c37  
11-10 13:16:14.387 I/DEBUG   (104):          beffe544  636f7270  
11-10 13:16:14.387 I/DEBUG   (104):          beffe548  6f737365  
11-10 13:16:14.387 I/DEBUG   (104):          beffe54c  203a0972  
11-10 13:16:14.387 I/DEBUG   (104):          beffe550  6f420a30  
11-10 13:16:14.387 I/DEBUG   (104):          beffe554  494d6f67  /dev/ashmem/dalvik-heap (deleted)
11-10 13:16:14.387 I/DEBUG   (104):          ........  ........
11-10 13:16:14.387 I/DEBUG   (104):     #01  befff540  5fd768d8  /data/app-lib/com.newscorp.adelaideadvertiser-1/librdpdf.so
11-10 13:16:14.387 I/DEBUG   (104):          befff544  00000001  
11-10 13:16:14.387 I/DEBUG   (104):          befff548  5fd59ff0  /data/app-lib/com.newscorp.adelaideadvertiser-1/librdpdf.so
11-10 13:16:14.387 I/DEBUG   (104):          befff54c  5fc95dbb  /data/app-lib/com.newscorp.adelaideadvertiser-1/librdpdf.so
11-10 13:16:14.387 I/DEBUG   (104):     #02  befff550  5fbf58a1  /data/app-lib/com.newscorp.adelaideadvertiser-1/librdpdf.so
11-10 13:16:14.387 I/DEBUG   (104):          befff554  5fbf58a7  /data/app-lib/com.newscorp.adelaideadvertiser-1/librdpdf.so
11-10 13:16:14.397 I/DEBUG   (104): 
11-10 13:16:14.397 I/DEBUG   (104): memory near r3:
11-10 13:16:14.397 I/DEBUG   (104):     9fd47d0c ffffffff ffffffff ffffffff ffffffff  
11-10 13:16:14.397 I/DEBUG   (104):     9fd47d1c ffffffff ffffffff ffffffff ffffffff  
11-10 13:16:14.397 I/DEBUG   (104):     9fd47d2c ffffffff ffffffff ffffffff ffffffff  
11-10 13:16:14.397 I/DEBUG   (104):     9fd47d3c ffffffff ffffffff ffffffff ffffffff  
11-10 13:16:14.397 I/DEBUG   (104):     9fd47d4c ffffffff ffffffff ffffffff ffffffff  
11-10 13:16:14.397 I/DEBUG   (104):     9fd47d5c ffffffff ffffffff ffffffff ffffffff  
11-10 13:16:14.397 I/DEBUG   (104):     9fd47d6c ffffffff ffffffff ffffffff ffffffff  
11-10 13:16:14.397 I/DEBUG   (104):     9fd47d7c ffffffff ffffffff ffffffff ffffffff  
11-10 13:16:14.397 I/DEBUG   (104):     9fd47d8c ffffffff ffffffff ffffffff ffffffff  
11-10 13:16:14.397 I/DEBUG   (104):     9fd47d9c ffffffff ffffffff ffffffff ffffffff  
11-10 13:16:14.397 I/DEBUG   (104):     9fd47dac ffffffff ffffffff ffffffff ffffffff  
11-10 13:16:14.397 I/DEBUG   (104):     9fd47dbc ffffffff ffffffff ffffffff ffffffff  
11-10 13:16:14.397 I/DEBUG   (104):     9fd47dcc ffffffff ffffffff ffffffff ffffffff  
11-10 13:16:14.397 I/DEBUG   (104):     9fd47ddc ffffffff ffffffff ffffffff ffffffff  
11-10 13:16:14.397 I/DEBUG   (104):     9fd47dec ffffffff ffffffff ffffffff ffffffff  
11-10 13:16:14.397 I/DEBUG   (104):     9fd47dfc ffffffff ffffffff ffffffff ffffffff  
11-10 13:16:14.397 I/DEBUG   (104): 
11-10 13:16:14.397 I/DEBUG   (104): memory near r5:
11-10 13:16:14.397 I/DEBUG   (104):     5e9761a0 42147400 00000000 00000018 00000006  
11-10 13:16:14.397 I/DEBUG   (104):     5e9761b0 00000020 00040006 726f7461 00000013  
11-10 13:16:14.397 I/DEBUG   (104):     5e9761c0 5f730037 400b2030 00000010 00000063  
11-10 13:16:14.397 I/DEBUG   (104):     5e9761d0 00000050 00000000 5e97aeb8 ffffffff  
11-10 13:16:14.397 I/DEBUG   (104):     5e9761e0 00000001 5e97cb98 00000000 00000003  
11-10 13:16:14.397 I/DEBUG   (104):     5e9761f0 000f4240 00000000 00000001 00000000  
11-10 13:16:14.397 I/DEBUG   (104):     5e976200 00000000 00000000 0000002a 00000000  
11-10 13:16:14.397 I/DEBUG   (104):     5e976210 00000000 00000000 00000000 5e977548  
11-10 13:16:14.397 I/DEBUG   (104):     5e976220 00000000 00070101 00000060 000002a3  
11-10 13:16:14.397 I/DEBUG   (104):     5e976230 00000288 00000000 40872b54 00010100  
11-10 13:16:14.397 I/DEBUG   (104):     5e976240 02220201 00000000 00000000 00000100  
11-10 13:16:14.397 I/DEBUG   (104):     5e976250 00000006 00000006 00000006 00000006  
11-10 13:16:14.397 I/DEBUG   (104):     5e976260 00000000 00000000 00000000 00000000  
11-10 13:16:14.397 I/DEBUG   (104):     5e976270 00000000 5e976328 5e976388 5e976358  
11-10 13:16:14.397 I/DEBUG   (104):     5e976280 00000000 00000000 00000000 00000000  
11-10 13:16:14.397 I/DEBUG   (104):     5e976290 00000000 00000000 00000000 04000000  
11-10 13:16:14.397 I/DEBUG   (104): 
11-10 13:16:14.397 I/DEBUG   (104): memory near r6:
11-10 13:16:14.397 I/DEBUG   (104):     400b21d8 01357778 00001000 00001000 00040000  
11-10 13:16:14.397 I/DEBUG   (104):     400b21e8 00200000 00000003 befffb4c befffbf6  
11-10 13:16:14.397 I/DEBUG   (104):     400b21f8 69402ec6 befffafc 00000000 00000000  
11-10 13:16:14.397 I/DEBUG   (104):     400b2208 4001dcc8 00000007 00000008 5f75c010  
11-10 13:16:14.397 I/DEBUG   (104):     400b2218 00000000 40004000 00000009 0000000a  
11-10 13:16:14.397 I/DEBUG   (104):     400b2228 00000000 00000000 00000000 00000000  
11-10 13:16:14.397 I/DEBUG   (104):     400b2238 00000000 00000000 00000000 00000000  
11-10 13:16:14.397 I/DEBUG   (104):     400b2248 00000000 00000000 00000000 00000000  
11-10 13:16:14.397 I/DEBUG   (104):     400b2258 00000000 00000000 00000000 00000000  
11-10 13:16:14.397 I/DEBUG   (104):     400b2268 00000000 00000000 00000000 00000000  
11-10 13:16:14.397 I/DEBUG   (104):     400b2278 00000000 00000000 00000000 00000000  
11-10 13:16:14.397 I/DEBUG   (104):     400b2288 00000000 00000000 006b497d 00000000  
11-10 13:16:14.397 I/DEBUG   (104):     400b2298 00000000 00000000 00004000 00000000  
11-10 13:16:14.397 I/DEBUG   (104):     400b22a8 00000000 00000000 00004000 00000000  
11-10 13:16:14.397 I/DEBUG   (104):     400b22b8 00000000 00000000 00004000 00000000  
11-10 13:16:14.397 I/DEBUG   (104):     400b22c8 00000000 00000000 00004000 00000000  
11-10 13:16:14.397 I/DEBUG   (104): 
11-10 13:16:14.397 I/DEBUG   (104): memory near r7:
11-10 13:16:14.397 I/DEBUG   (104):     5e968a70 010100e5 12000008 ffffffff 616c6564  
11-10 13:16:14.397 I/DEBUG   (104):     5e968a80 00000000 50001508 65730100 00000071  
11-10 13:16:14.397 I/DEBUG   (104):     5e968a90 764d5241 72502037 7365636f 20726f73  
11-10 13:16:14.397 I/DEBUG   (104):     5e968aa0 20766572 76282030 00296c37 00000051  
11-10 13:16:14.397 I/DEBUG   (104):     5e968ab0 400b2040 400b2040 702e6565 472e6664  
11-10 13:16:14.397 I/DEBUG   (104):     5e968ac0 61626f6c 0074006c 00000020 00000022  
11-10 13:16:14.397 I/DEBUG   (104):     5e968ad0 6d6f634c 6461722f 2f656561 2f666470  
11-10 13:16:14.397 I/DEBUG   (104):     5e968ae0 626f6c47 003b6c61 645f6f6c 00000011  
11-10 13:16:14.397 I/DEBUG   (104):     5e968af0 00676e70 00000102 00000070 00000032  
11-10 13:16:14.397 I/DEBUG   (104):     5e968b00 00000000 5e968bf0 00000000 00000001  
11-10 13:16:14.397 I/DEBUG   (104):     5e968b10 4219c9b8 00000000 0000007c 0000001f  
11-10 13:16:14.397 I/DEBUG   (104):     5e968b20 0000001f 00040006 01010042 000000c3  
11-10 13:16:14.397 I/DEBUG   (104):     5e968b30 0000000a 0000000b 40000000 00000000  
11-10 13:16:14.397 I/DEBUG   (104):     5e968b40 01010034 02000008 01010042 00000000  
11-10 13:16:14.397 I/DEBUG   (104):     5e968b50 010102c5 02000008 010102c5 00000000  
11-10 13:16:14.397 I/DEBUG   (104):     5e968b60 010102c6 02000008 010102c6 00000000  
11-10 13:16:14.397 I/DEBUG   (104): 
11-10 13:16:14.397 I/DEBUG   (104): memory near r9:
11-10 13:16:14.397 I/DEBUG   (104):     befff4fc 000000de 000000c5 00000031 000000fe  
11-10 13:16:14.397 I/DEBUG   (104):     befff50c 00000018 400aefd8 00001000 41c04da0  
11-10 13:16:14.397 I/DEBUG   (104):     befff51c 69402ec6 400b2d94 5fd768ec 5fc95b79  
11-10 13:16:14.397 I/DEBUG   (104):     befff52c 00000000 00000007 00000001 40018890  
11-10 13:16:14.397 I/DEBUG   (104):     befff53c 40047c28 5fd768d8 00000001 5fd59ff0  
11-10 13:16:14.397 I/DEBUG   (104):     befff54c 5fc95dbb 5fbf58a1 5fbf58a7 00000000  
11-10 13:16:14.397 I/DEBUG   (104):     befff55c 40007e7c 5f7dafac 5f7dc004 4001cfe8  
11-10 13:16:14.397 I/DEBUG   (104):     befff56c 4001d670 40018890 5e9c8ed8 400194dc  
11-10 13:16:14.397 I/DEBUG   (104):     befff57c 4001d798 4001d670 40018890 40019410  
11-10 13:16:14.397 I/DEBUG   (104):     befff58c 4001d670 42172170 00000000 5fd5bd20  
11-10 13:16:14.397 I/DEBUG   (104):     befff59c 5e9c8ed8 4001cfe8 4001d670 40018890  
11-10 13:16:14.397 I/DEBUG   (104):     befff5ac 40019490 4001d0a8 40008224 00000000  
11-10 13:16:14.397 I/DEBUG   (104):     befff5bc 5e9ba240 40c6a1a0 4001d670 00000000  
11-10 13:16:14.397 I/DEBUG   (104):     befff5cc 00000000 5e9c8ed8 4204d928 40c6a1a0  
11-10 13:16:14.397 I/DEBUG   (104):     befff5dc 00000001 00000000 befff654 00000001  
11-10 13:16:14.397 I/DEBUG   (104):     befff5ec 400083a0 000008c7 5e9ba240 00000001  
11-10 13:16:14.397 I/DEBUG   (104): 
11-10 13:16:14.397 I/DEBUG   (104): memory near fp:
11-10 13:16:14.397 I/DEBUG   (104):     4001d650 4001dd0c 00000000 00000000 00000000  
11-10 13:16:14.397 I/DEBUG   (104):     4001d660 00000000 00000000 00000000 4001b004  
11-10 13:16:14.397 I/DEBUG   (104):     4001d670 00000000 7379732f 2f6d6574 2f6e6962  
11-10 13:16:14.397 I/DEBUG   (104):     4001d680 6b6e696c 00007265 00000000 00000000  
11-10 13:16:14.397 I/DEBUG   (104):     4001d690 00000000 00000000 00000000 00000000  
11-10 13:16:14.397 I/DEBUG   (104):     4001d6a0 00000000 00000000 00000000 00000000  
11-10 13:16:14.397 I/DEBUG   (104):     4001d6b0 00000000 00000000 00000000 00000000  
11-10 13:16:14.397 I/DEBUG   (104):     4001d6c0 00000000 00000000 00000000 00000000  
11-10 13:16:14.397 I/DEBUG   (104):     4001d6d0 00000000 00000000 00000000 00000000  
11-10 13:16:14.397 I/DEBUG   (104):     4001d6e0 00000000 00000000 00000000 00000000  
11-10 13:16:14.397 I/DEBUG   (104):     4001d6f0 00000000 00000000 00000000 00000000  
11-10 13:16:14.397 I/DEBUG   (104):     4001d700 40004000 00000000 00000000 4001ced8  
11-10 13:16:14.397 I/DEBUG   (104):     4001d710 00000000 00000000 00000000 00000000  
11-10 13:16:14.397 I/DEBUG   (104):     4001d720 00000000 00000000 00000000 00000000  
11-10 13:16:14.397 I/DEBUG   (104):     4001d730 00000000 00000000 00000000 00000000  
11-10 13:16:14.397 I/DEBUG   (104):     4001d740 00000000 00000000 00000000 00000000  
11-10 13:16:14.397 I/DEBUG   (104): 
11-10 13:16:14.397 I/DEBUG   (104): memory near sp:
11-10 13:16:14.397 I/DEBUG   (104):     beffe4f8 00068698 00000144 00000144 5e9761c0  
11-10 13:16:14.397 I/DEBUG   (104):     beffe508 400b21f8 40046970 e3a070ad ef9000ad  
11-10 13:16:14.397 I/DEBUG   (104):     beffe518 5e9761c1 636f7250 6f737365 203a0972  
11-10 13:16:14.397 I/DEBUG   (104):     beffe528 764d5241 72502037 7365636f 20726f73  
11-10 13:16:14.397 I/DEBUG   (104):     beffe538 20766572 76282030 0a296c37 636f7270  
11-10 13:16:14.397 I/DEBUG   (104):     beffe548 6f737365 203a0972 6f420a30 494d6f67  
11-10 13:16:14.397 I/DEBUG   (104):     beffe558 3a095350 36393920 0a34312e 6f72700a  
11-10 13:16:14.397 I/DEBUG   (104):     beffe568 73736563 3a09726f 420a3120 4d6f676f  
11-10 13:16:14.397 I/DEBUG   (104):     beffe578 09535049 3939203a 34312e36 65460a0a  
11-10 13:16:14.397 I/DEBUG   (104):     beffe588 72757461 3a097365 70777320 6c616820  
11-10 13:16:14.397 I/DEBUG   (104):     beffe598 68742066 20626d75 74736166 746c756d  
11-10 13:16:14.397 I/DEBUG   (104):     beffe5a8 70667620 73646520 66762070 20337670  
11-10 13:16:14.397 I/DEBUG   (104):     beffe5b8 76706676 36316433 50430a20 6d692055  
11-10 13:16:14.397 I/DEBUG   (104):     beffe5c8 6d656c70 65746e65 203a0972 31347830  
11-10 13:16:14.397 I/DEBUG   (104):     beffe5d8 5550430a 63726120 65746968 72757463  
11-10 13:16:14.397 I/DEBUG   (104):     beffe5e8 37203a65 5550430a 72617620 746e6169  
11-10 13:16:14.397 I/DEBUG   (104): 
11-10 13:16:14.397 I/DEBUG   (104): code around pc:
11-10 13:16:14.397 I/DEBUG   (104):     5fc95c58 44794638 ff3af7ff 46384680 e9c2f750  
11-10 13:16:14.397 I/DEBUG   (104):     5fc95c68 0f00f1b8 4b44d109 1b33eddf edd3447b  
11-10 13:16:14.397 I/DEBUG   (104):     5fc95c78 ef600b02 edc301b1 4b400b02 1b30eddf  
11-10 13:16:14.397 I/DEBUG   (104):     5fc95c88 edd3447b ef600b02 edc301b1 46280b02  
11-10 13:16:14.397 I/DEBUG   (104):     5fc95c98 e9a8f750 46214a3a 447aa801 fed6f7ff  
11-10 13:16:14.397 I/DEBUG   (104):     5fc95ca8 28004604 4937d097 f7ff4479 b360ff0f  
11-10 13:16:14.397 I/DEBUG   (104):     5fc95cb8 eddf4b35 447b1b25 0b02edd3 01b1ef60  
11-10 13:16:14.397 I/DEBUG   (104):     5fc95cc8 0b02edc3 46204931 f7ff4479 b148feff  
11-10 13:16:14.397 I/DEBUG   (104):     5fc95cd8 eddf4b2f 447b1b1f 0b02edd3 01b1ef60  
11-10 13:16:14.397 I/DEBUG   (104):     5fc95ce8 0b02edc3 f7504620 e774e97e ddce2805  
11-10 13:16:14.397 I/DEBUG   (104):     5fc95cf8 4a28e7c3 4621a801 f7ff447a 6128fe59  
11-10 13:16:14.397 I/DEBUG   (104):     5fc95d08 d1832800 612b2301 4923e780 44794620  
11-10 13:16:14.397 I/DEBUG   (104):     5fc95d18 fedcf7ff d0d52800 eddf4b20 447b1b0b  
11-10 13:16:14.397 I/DEBUG   (104):     5fc95d28 0b02edd3 01b1ef60 0b02edc3 f750e7ca  
11-10 13:16:14.397 I/DEBUG   (104):     5fc95d38 bf00e91e 8000f3af 00000001 00000000  
11-10 13:16:14.397 I/DEBUG   (104):     5fc95d48 00000008 00000000 00000002 00000000  
11-10 13:16:14.397 I/DEBUG   (104): 
11-10 13:16:14.397 I/DEBUG   (104): code around lr:
11-10 13:16:14.397 I/DEBUG   (104):     40046950 e8bd8008 000686b8 e92d4008 e59f3010  
11-10 13:16:14.397 I/DEBUG   (104):     40046960 e08f1003 e5912000 e592c004 e12fff3c  
11-10 13:16:14.397 I/DEBUG   (104):     40046970 e8bd8008 00068698 e92d4008 e59f3010  
11-10 13:16:14.397 I/DEBUG   (104):     40046980 e08f2003 e592c000 e59c3008 e12fff33  
11-10 13:16:14.397 I/DEBUG   (104):     40046990 e8bd8008 00068678 e92d4008 e59f3010  
11-10 13:16:14.397 I/DEBUG   (104):     400469a0 e08f2003 e592c000 e59c300c e12fff33  
11-10 13:16:14.397 I/DEBUG   (104):     400469b0 e8bd8008 00068658 e92d4008 e59f3010  
11-10 13:16:14.397 I/DEBUG   (104):     400469c0 e08f2003 e592c000 e59c3010 e12fff33  
11-10 13:16:14.397 I/DEBUG   (104):     400469d0 e8bd8008 00068638 e59f0034 e59f1034  
11-10 13:16:14.397 I/DEBUG   (104):     400469e0 e92d4008 e08f0000 e08f1001 eb000471  
11-10 13:16:14.397 I/DEBUG   (104):     400469f0 e3500000 08bd8008 e59f201c e3a00006  
11-10 13:16:14.397 I/DEBUG   (104):     40046a00 e59f3018 e08f1002 e08f2003 e8bd4008  
11-10 13:16:14.397 I/DEBUG   (104):     40046a10 ea001c81 000699cc fffff700 0005d624  
11-10 13:16:14.397 I/DEBUG   (104):     40046a20 0005d938 e59f0034 e59f1034 e92d4008  
11-10 13:16:14.397 I/DEBUG   (104):     40046a30 e08f0000 e08f1001 eb00045e e3500000  
11-10 13:16:14.407 I/DEBUG   (104):     40046a40 08bd8008 e59f201c e3a00006 e59f3018  
11-10 13:16:14.407 I/DEBUG   (104): 
11-10 13:16:14.407 I/DEBUG   (104): memory map around fault addr 5fc95c78:
11-10 13:16:14.407 I/DEBUG   (104):     5fbca000-5fbcd000 rw- 
11-10 13:16:14.407 I/DEBUG   (104):     5fbcd000-5fd56000 r-x /data/app-lib/com.newscorp.adelaideadvertiser-1/librdpdf.so
11-10 13:16:14.407 I/DEBUG   (104):     5fd56000-5fd57000 --- 
11-10 13:16:14.567 I/BootReceiver(753): Copying /data/tombstones/tombstone_05 to DropBox (SYSTEM_TOMBSTONE)
11-10 13:16:14.567 W/ActivityManager(753):   Force finishing activity com.newscorp.adelaideadvertiser/com.newscorp.app.EditionActivity
11-10 13:16:14.617 W/InputDispatcher(753): channel '427ad518 com.newscorp.adelaideadvertiser/com.newscorp.app.SplashScreenActivity (server)' ~ Consumer closed input channel or an error occurred.  events=0x9
11-10 13:16:14.617 E/InputDispatcher(753): channel '427ad518 com.newscorp.adelaideadvertiser/com.newscorp.app.SplashScreenActivity (server)' ~ Channel is unrecoverably broken and will be disposed!
11-10 13:16:14.647 D/dalvikvm(753): GC_FOR_ALLOC freed 470K, 18% free 12610K/15320K, paused 62ms, total 62ms
11-10 13:16:14.687 D/Zygote  (106): Process 2247 terminated by signal (4)
11-10 13:16:14.707 D/dalvikvm(753): GC_FOR_ALLOC freed 584K, 21% free 12217K/15320K, paused 55ms, total 55ms
11-10 13:16:14.707 I/ActivityManager(753): Process com.newscorp.adelaideadvertiser (pid 2247) has died.
11-10 13:16:14.707 W/ActivityManager(753): Scheduling restart of crashed service com.newscorp.adelaideadvertiser/com.newscorp.app.NewsService in 5000ms
11-10 13:16:14.717 W/InputDispatcher(753): Attempted to unregister already unregistered input channel '427ad518 com.newscorp.adelaideadvertiser/com.newscorp.app.SplashScreenActivity (server)'
11-10 13:16:14.717 I/WindowState(753): WIN DEATH: Window{427ad518 u0 com.newscorp.adelaideadvertiser/com.newscorp.app.SplashScreenActivity}
11-10 13:16:14.857 W/ResourceType(753): Skipping entry 0x7f040002 in package table 0 because it is not complex!
11-10 13:16:15.057 I/Crittercism(3352): Enabling OPTMZ
11-10 13:16:15.067 D/dalvikvm(3352): GC_CONCURRENT freed 340K, 8% free 4878K/5256K, paused 1ms+1ms, total 20ms
11-10 13:16:15.907 I/dalvikvm(753): Jit: resizing JitTable from 8192 to 16384
11-10 13:16:15.937 D/audio_hw_primary(108): outpcm open: card=0, device=0, rate=44100
11-10 13:16:15.977 W/InputMethodManagerService(753): Got RemoteException sending setActive(false) notification to pid 2247 uid 10090
11-10 13:16:19.027 D/dalvikvm(1066): GC_FOR_ALLOC freed 1384K, 9% free 17015K/18568K, paused 21ms, total 22ms
11-10 13:16:19.117 D/dalvikvm(1066): GC_FOR_ALLOC freed 610K, 9% free 17402K/18972K, paused 18ms, total 18ms
11-10 13:16:19.127 I/dalvikvm-heap(1066): Grow heap (frag case) to 18.343MB for 1382416-byte allocation
11-10 13:16:19.217 D/dalvikvm(1066): GC_FOR_ALLOC freed 2K, 8% free 18750K/20324K, paused 19ms, total 19ms
11-10 13:16:19.317 D/dalvikvm(1066): GC_FOR_ALLOC freed 1747K, 13% free 18090K/20732K, paused 20ms, total 22ms
11-10 13:16:19.447 D/dalvikvm(1066): GC_FOR_ALLOC freed 535K, 13% free 18146K/20732K, paused 28ms, total 28ms
11-10 13:16:19.487 I/dalvikvm-heap(1066): Grow heap (frag case) to 19.824MB for 2172688-byte allocation
11-10 13:16:19.527 D/dalvikvm(1066): GC_FOR_ALLOC freed <1K, 12% free 20267K/22856K, paused 38ms, total 38ms
11-10 13:16:19.607 D/dalvikvm(1066): GC_CONCURRENT freed 3K, 8% free 21149K/22856K, paused 3ms+8ms, total 82ms
11-10 13:16:19.717 I/ActivityManager(753): Start proc com.newscorp.adelaideadvertiser for service com.newscorp.adelaideadvertiser/com.newscorp.app.NewsService: pid=3387 uid=10090 gids={50090, 3003, 1028, 1015}
11-10 13:16:19.767 D/dalvikvm(1066): GC_FOR_ALLOC freed 2939K, 11% free 18563K/20704K, paused 28ms, total 31ms
11-10 13:16:19.767 I/dalvikvm-heap(1066): Grow heap (frag case) to 19.229MB for 1122676-byte allocation
11-10 13:16:19.797 D/dalvikvm(1066): GC_FOR_ALLOC freed 62K, 11% free 19597K/21804K, paused 24ms, total 24ms
11-10 13:16:19.837 D/dalvikvm(3387): GC_CONCURRENT freed 164K, 5% free 4572K/4776K, paused 5ms+7ms, total 43ms
11-10 13:16:19.837 I/CrittercismInstance(3387): Initializing Crittercism...
11-10 13:16:19.947 D/dalvikvm(3387): GC_CONCURRENT freed 313K, 7% free 4742K/5072K, paused 1ms+4ms, total 47ms
11-10 13:16:19.947 D/dalvikvm(1066): GC_FOR_ALLOC freed 165K, 10% free 19653K/21804K, paused 41ms, total 42ms
11-10 13:16:19.957 I/dalvikvm-heap(1066): Grow heap (frag case) to 19.829MB for 633552-byte allocation
11-10 13:16:19.987 D/dalvikvm(1066): GC_FOR_ALLOC freed 16K, 10% free 20256K/22424K, paused 29ms, total 29ms
11-10 13:16:20.027 D/The Advertiser(3387): Started version 4.2.14.0425
11-10 13:16:20.047 D/dalvikvm(3387): GC_CONCURRENT freed 317K, 9% free 4825K/5288K, paused 3ms+2ms, total 22ms
11-10 13:16:20.047 D/dalvikvm(3387): WAIT_FOR_CONCURRENT_GC blocked 8ms
11-10 13:16:20.147 D/Finsky  (2715): [188] InAppBillingUtils.pickAccount: com.newscorp.adelaideadvertiser: Account determined from installer data - [0JIII8BK7XKz36u1zU6sMo8J0zA]
11-10 13:16:20.147 D/Finsky  (2715): [187] InAppBillingUtils.pickAccount: com.newscorp.adelaideadvertiser: Account determined from installer data - [0JIII8BK7XKz36u1zU6sMo8J0zA]
11-10 13:16:20.147 D/dalvikvm(1066): GC_FOR_ALLOC freed 1800K, 14% free 19439K/22424K, paused 52ms, total 53ms
11-10 13:16:20.167 D/Finsky  (2715): [188] InAppBillingUtils.pickAccount: com.newscorp.adelaideadvertiser: Account determined from installer data - [0JIII8BK7XKz36u1zU6sMo8J0zA]
11-10 13:16:20.197 D/dalvikvm(1066): GC_FOR_ALLOC freed 845K, 10% free 20245K/22424K, paused 23ms, total 23ms
11-10 13:16:20.197 D/Finsky  (2715): [187] InAppBillingUtils.pickAccount: com.newscorp.adelaideadvertiser: Account determined from installer data - [0JIII8BK7XKz36u1zU6sMo8J0zA]
11-10 13:16:20.197 I/dalvikvm-heap(1066): Grow heap (frag case) to 20.859MB for 1108816-byte allocation
11-10 13:16:20.237 D/dalvikvm(1066): GC_FOR_ALLOC freed 16K, 10% free 21311K/23508K, paused 38ms, total 38ms
11-10 13:16:20.317 D/dalvikvm(1066): GC_FOR_ALLOC freed 2151K, 14% free 20451K/23508K, paused 27ms, total 27ms
11-10 13:16:20.357 D/dalvikvm(3387): GC_CONCURRENT freed 444K, 10% free 4815K/5300K, paused 6ms+2ms, total 78ms
11-10 13:16:20.567 D/dalvikvm(1066): GC_FOR_ALLOC freed 1456K, 15% free 20183K/23508K, paused 21ms, total 22ms
11-10 13:16:20.597 D/dalvikvm(1066): GC_FOR_ALLOC freed 17K, 11% free 21040K/23508K, paused 21ms, total 21ms
11-10 13:16:20.597 I/dalvikvm-heap(1066): Grow heap (frag case) to 21.805MB for 1286224-byte allocation
11-10 13:16:20.617 D/dalvikvm(1066): GC_FOR_ALLOC freed 0K, 10% free 22296K/24768K, paused 25ms, total 26ms
11-10 13:16:20.697 D/dalvikvm(1066): GC_FOR_ALLOC freed 2326K, 14% free 21336K/24768K, paused 20ms, total 23ms
11-10 13:16:20.707 I/dalvikvm-heap(1066): Grow heap (frag case) to 22.094MB for 1286224-byte allocation
11-10 13:16:20.767 D/dalvikvm(1066): GC_FOR_ALLOC freed 19K, 14% free 22573K/26028K, paused 31ms, total 31ms
11-10 13:16:21.457 V/audio_hw_primary(108): do_out_standby+
11-10 13:16:21.457 D/audio_hw_primary(108): do_out_standby++
11-10 13:16:21.457 V/audio_hw_primary(108): do_out_standby-
11-10 13:16:22.017 I/Crittercism(3387): Enabling OPTMZ
11-10 13:16:22.037 D/dalvikvm(3387): GC_CONCURRENT freed 295K, 8% free 4911K/5300K, paused 1ms+1ms, total 17ms
11-10 13:16:26.757 D/audio_hw_primary(108): outpcm open: card=0, device=0, rate=44100
11-10 13:16:26.757 I/ActivityManager(753): START u0 {act=android.intent.action.MAIN cat=[android.intent.category.HOME] flg=0x10200000 cmp=com.cyanogenmod.trebuchet/.Launcher} from pid 753
11-10 13:16:31.967 V/audio_hw_primary(108): do_out_standby+
11-10 13:16:31.967 D/audio_hw_primary(108): do_out_standby++
11-10 13:16:31.967 V/audio_hw_primary(108): do_out_standby-
11-10 13:16:32.887 D/audio_hw_primary(108): outpcm open: card=0, device=0, rate=44100
11-10 13:16:32.887 I/ActivityManager(753): START u0 {act=android.intent.action.MAIN cat=[android.intent.category.LAUNCHER] flg=0x10200000 cmp=com.android.vending/.AssetBrowserActivity} from pid 1066
11-10 13:16:33.067 I/dalvikvm(2715): Could not find method android.view.ViewGroup.onNestedScrollAccepted, referenced from method android.support.v7.internal.widget.ActionBarOverlayLayout.onNestedScrollAccepted
11-10 13:16:33.067 W/dalvikvm(2715): VFY: unable to resolve virtual method 8252: Landroid/view/ViewGroup;.onNestedScrollAccepted (Landroid/view/View;Landroid/view/View;I)V
11-10 13:16:33.067 D/dalvikvm(2715): VFY: replacing opcode 0x6f at 0x0000
11-10 13:16:33.067 I/dalvikvm(2715): Could not find method android.view.ViewGroup.onStopNestedScroll, referenced from method android.support.v7.internal.widget.ActionBarOverlayLayout.onStopNestedScroll
11-10 13:16:33.067 W/dalvikvm(2715): VFY: unable to resolve virtual method 8257: Landroid/view/ViewGroup;.onStopNestedScroll (Landroid/view/View;)V
11-10 13:16:33.067 D/dalvikvm(2715): VFY: replacing opcode 0x6f at 0x0000
11-10 13:16:33.067 I/dalvikvm(2715): Could not find method android.support.v7.internal.widget.ActionBarOverlayLayout.stopNestedScroll, referenced from method android.support.v7.internal.widget.ActionBarOverlayLayout.setHideOnContentScrollEnabled
11-10 13:16:33.067 W/dalvikvm(2715): VFY: unable to resolve virtual method 5239: Landroid/support/v7/internal/widget/ActionBarOverlayLayout;.stopNestedScroll ()V
11-10 13:16:33.067 D/dalvikvm(2715): VFY: replacing opcode 0x6e at 0x000e
11-10 13:16:33.097 I/ElegantRequestDirector(2715): I/O exception (org.apache.http.NoHttpResponseException) caught when processing request: The target server failed to respond
11-10 13:16:33.127 I/ElegantRequestDirector(2715): Retrying request
11-10 13:16:33.187 E/dalvikvm(2715): Could not find class 'android.app.ActivityManager$TaskDescription', referenced from method com.google.android.finsky.layout.actionbar.ActionBarHelper.syncRecentsEntry
11-10 13:16:33.187 W/dalvikvm(2715): VFY: unable to resolve new-instance 25 (Landroid/app/ActivityManager$TaskDescription;) in Lcom/google/android/finsky/layout/actionbar/ActionBarHelper;
11-10 13:16:33.187 D/dalvikvm(2715): VFY: replacing opcode 0x22 at 0x0064
11-10 13:16:33.187 I/dalvikvm(2715): Could not find method android.view.Window.setStatusBarColor, referenced from method com.google.android.finsky.layout.actionbar.ActionBarHelper.syncStatusBarColor
11-10 13:16:33.187 W/dalvikvm(2715): VFY: unable to resolve virtual method 8328: Landroid/view/Window;.setStatusBarColor (I)V
11-10 13:16:33.187 D/dalvikvm(2715): VFY: replacing opcode 0x6e at 0x001c
11-10 13:16:33.187 I/dalvikvm(2715): Could not find method android.view.Window.setStatusBarColor, referenced from method com.google.android.finsky.layout.actionbar.ActionBarHelper.syncStatusBarColor
11-10 13:16:33.187 W/dalvikvm(2715): VFY: unable to resolve virtual method 8328: Landroid/view/Window;.setStatusBarColor (I)V
11-10 13:16:33.187 D/dalvikvm(2715): VFY: replacing opcode 0x6e at 0x002c
11-10 13:16:33.187 D/dalvikvm(2715): DexOpt: unable to opt direct call 0x0066 at 0x7a in Lcom/google/android/finsky/layout/actionbar/ActionBarHelper;.syncRecentsEntry
11-10 13:16:33.197 I/dalvikvm(2715): Could not find method android.view.View.getTransitionName, referenced from method com.google.android.finsky.utils.UiUtils.findSharedElementView
11-10 13:16:33.197 W/dalvikvm(2715): VFY: unable to resolve virtual method 8073: Landroid/view/View;.getTransitionName ()Ljava/lang/String;
11-10 13:16:33.197 D/dalvikvm(2715): VFY: replacing opcode 0x6e at 0x0009
11-10 13:16:33.237 D/libEGL  (2715): loaded /system/lib/egl/libEGL_tegra.so
11-10 13:16:33.257 D/libEGL  (2715): loaded /system/lib/egl/libGLESv1_CM_tegra.so
11-10 13:16:33.267 D/libEGL  (2715): loaded /system/lib/egl/libGLESv2_tegra.so
11-10 13:16:33.287 D/OpenGLRenderer(2715): Enabling debug mode 0
11-10 13:16:33.297 I/dalvikvm(2715): Could not find method android.widget.RelativeLayout.drawableHotspotChanged, referenced from method com.google.android.play.layout.ForegroundRelativeLayout.drawableHotspotChanged
11-10 13:16:33.297 W/dalvikvm(2715): VFY: unable to resolve virtual method 8900: Landroid/widget/RelativeLayout;.drawableHotspotChanged (FF)V
11-10 13:16:33.297 D/dalvikvm(2715): VFY: replacing opcode 0x6f at 0x0000
11-10 13:16:33.307 I/dalvikvm(2715): Could not find method android.widget.ImageView.drawableHotspotChanged, referenced from method com.google.android.play.image.FifeImageView.drawableHotspotChanged
11-10 13:16:33.307 W/dalvikvm(2715): VFY: unable to resolve virtual method 8686: Landroid/widget/ImageView;.drawableHotspotChanged (FF)V
11-10 13:16:33.307 D/dalvikvm(2715): VFY: replacing opcode 0x6f at 0x0000
11-10 13:16:33.357 D/dalvikvm(2715): GC_CONCURRENT freed 1994K, 18% free 9352K/11396K, paused 3ms+2ms, total 49ms
11-10 13:16:33.357 D/dalvikvm(2715): WAIT_FOR_CONCURRENT_GC blocked 36ms
11-10 13:16:33.397 D/dalvikvm(1084): GC_CONCURRENT freed 434K, 11% free 5151K/5736K, paused 2ms+3ms, total 23ms
11-10 13:16:33.447 D/dalvikvm(1698): GC_CONCURRENT freed 367K, 9% free 4407K/4812K, paused 1ms+2ms, total 28ms
11-10 13:16:33.457 I/ElegantRequestDirector(2715): I/O exception (org.apache.http.NoHttpResponseException) caught when processing request: The target server failed to respond
11-10 13:16:33.457 I/ElegantRequestDirector(2715): Retrying request
11-10 13:16:33.517 I/ActivityManager(753): Displayed com.android.vending/.AssetBrowserActivity: +522ms (total +19s802ms)
11-10 13:16:33.727 D/Finsky  (2715): [1] SelfUpdateScheduler.checkForSelfUpdate: Skipping DFE self-update. Local Version [80300031] >= Server Version [-1]
11-10 13:16:33.737 D/Finsky  (2715): [1] UpdateWidgetsReceiver.onReceive: Updated 0 MarketWidgetProvider widgets (com.google.android.finsky.action.TOC_SET)
11-10 13:16:33.737 D/Finsky  (2715): [1] UpdateWidgetsReceiver.onReceive: Updated 0 RecommendedWidgetProvider widgets (com.google.android.finsky.action.TOC_SET)
11-10 13:16:33.737 D/Finsky  (2715): [1] UpdateWidgetsReceiver.onReceive: Updated 0 NowPlayingWidgetProvider widgets (com.google.android.finsky.action.TOC_SET)
11-10 13:16:33.737 D/Finsky  (2715): [1] BaseWidgetProvider.onReceive: Received ACTION_APPWIDGET_UPDATE, updating 0 widgets.
11-10 13:16:33.787 W/Settings(2715): Setting download_manager_max_bytes_over_mobile has moved from android.provider.Settings.Secure to android.provider.Settings.Global.
11-10 13:16:33.807 D/Finsky  (2715): [1] MainActivity.initializeBilling: Optimistically initializing billing parameters.
11-10 13:16:33.807 D/Finsky  (2715): [1] BaseWidgetProvider.onReceive: Received ACTION_APPWIDGET_UPDATE, updating 0 widgets.
11-10 13:16:33.837 I/dalvikvm(2715): Could not find method android.widget.ListView.scrollListBy, referenced from method com.google.android.play.headerlist.PlayHeaderListLayout.scrollListViewBy
11-10 13:16:33.837 W/dalvikvm(2715): VFY: unable to resolve virtual method 8809: Landroid/widget/ListView;.scrollListBy (I)V
11-10 13:16:33.837 D/dalvikvm(2715): VFY: replacing opcode 0x6e at 0x000e
11-10 13:16:33.837 I/dalvikvm(2715): Could not find method android.widget.TextView.setZ, referenced from method com.google.android.play.headerlist.PlayHeaderListLayout.setHeaderShadowVisible
11-10 13:16:33.837 W/dalvikvm(2715): VFY: unable to resolve virtual method 9094: Landroid/widget/TextView;.setZ (F)V
11-10 13:16:33.837 D/dalvikvm(2715): VFY: replacing opcode 0x6e at 0x0029
11-10 13:16:33.847 I/dalvikvm(2715): Could not find method android.view.View.setTransitionName, referenced from method com.google.android.finsky.activities.TabbedBrowseFragment$PlayHeaderListConfigurator.addBackgroundView
11-10 13:16:33.847 W/dalvikvm(2715): VFY: unable to resolve virtual method 8162: Landroid/view/View;.setTransitionName (Ljava/lang/String;)V
11-10 13:16:33.847 D/dalvikvm(2715): VFY: replacing opcode 0x6e at 0x0033
11-10 13:16:33.847 I/dalvikvm(2715): Could not find method android.view.View.setTransitionName, referenced from method com.google.android.finsky.activities.TabbedBrowseFragment$PlayHeaderListConfigurator.addBackgroundView
11-10 13:16:33.847 W/dalvikvm(2715): VFY: unable to resolve virtual method 8162: Landroid/view/View;.setTransitionName (Ljava/lang/String;)V
11-10 13:16:33.847 D/dalvikvm(2715): VFY: replacing opcode 0x6e at 0x0038
11-10 13:16:33.857 I/dalvikvm(2715): Could not find method android.view.View.setZ, referenced from method com.google.android.play.headerlist.PlayHeaderListLayout$AnimationCompat.setZ
11-10 13:16:33.857 W/dalvikvm(2715): VFY: unable to resolve virtual method 8167: Landroid/view/View;.setZ (F)V
11-10 13:16:33.857 D/dalvikvm(2715): VFY: replacing opcode 0x6e at 0x0008
11-10 13:16:33.897 D/Finsky  (2715): [1] BaseWidgetProvider.onReceive: Received ACTION_APPWIDGET_UPDATE, updating 0 widgets.
11-10 13:16:34.267 D/dalvikvm(2715): GC_CONCURRENT freed 1182K, 15% free 9777K/11396K, paused 3ms+2ms, total 60ms
11-10 13:16:35.117 D/dalvikvm(2715): GC_FOR_ALLOC freed 340K, 14% free 9927K/11536K, paused 43ms, total 43ms
11-10 13:16:35.177 D/dalvikvm(2715): GC_FOR_ALLOC freed 436K, 17% free 9798K/11780K, paused 36ms, total 36ms
11-10 13:16:35.287 I/dalvikvm(2715): Could not find method com.google.android.finsky.layout.play.PlayQuickLinkBase.setTransitionName, referenced from method com.google.android.finsky.layout.play.PlayQuickLinkBase$1.onClick
11-10 13:16:35.287 W/dalvikvm(2715): VFY: unable to resolve virtual method 21160: Lcom/google/android/finsky/layout/play/PlayQuickLinkBase;.setTransitionName (Ljava/lang/String;)V
11-10 13:16:35.287 D/dalvikvm(2715): VFY: replacing opcode 0x6e at 0x000e
11-10 13:16:35.297 I/dalvikvm(2715): Jit: resizing JitTable from 4096 to 8192
11-10 13:16:35.307 I/dalvikvm(2715): Could not find method android.widget.TextView.setTransitionName, referenced from method com.google.android.finsky.layout.play.PlayCardClusterViewHeader.setupTransition
11-10 13:16:35.307 W/dalvikvm(2715): VFY: unable to resolve virtual method 9091: Landroid/widget/TextView;.setTransitionName (Ljava/lang/String;)V
11-10 13:16:35.307 D/dalvikvm(2715): VFY: replacing opcode 0x6e at 0x0008
11-10 13:16:35.317 I/dalvikvm(2715): Could not find method android.view.View.getTransitionName, referenced from method com.google.android.finsky.navigationmanager.NavigationManager$2.onClick
11-10 13:16:35.317 W/dalvikvm(2715): VFY: unable to resolve virtual method 8073: Landroid/view/View;.getTransitionName ()Ljava/lang/String;
11-10 13:16:35.317 D/dalvikvm(2715): VFY: replacing opcode 0x6e at 0x0027
11-10 13:16:35.347 I/dalvikvm(2715): Could not find method android.view.View.getTransitionName, referenced from method com.google.android.finsky.navigationmanager.NavigationManager$3.onClick
11-10 13:16:35.347 W/dalvikvm(2715): VFY: unable to resolve virtual method 8073: Landroid/view/View;.getTransitionName ()Ljava/lang/String;
11-10 13:16:35.347 D/dalvikvm(2715): VFY: replacing opcode 0x6e at 0x0033
11-10 13:16:35.597 D/dalvikvm(2715): GC_CONCURRENT freed 561K, 7% free 11016K/11780K, paused 3ms+8ms, total 56ms
11-10 13:16:35.957 D/dalvikvm(2715): GC_EXPLICIT freed 671K, 6% free 11360K/12008K, paused 8ms+7ms, total 147ms
11-10 13:16:35.967 V/audio_hw_primary(108): do_out_standby+
11-10 13:16:35.967 D/audio_hw_primary(108): do_out_standby++
11-10 13:16:35.967 V/audio_hw_primary(108): do_out_standby-
11-10 13:16:36.497 D/dalvikvm(2715): GC_CONCURRENT freed 1181K, 10% free 12227K/13508K, paused 4ms+4ms, total 58ms
11-10 13:16:36.497 D/dalvikvm(2715): WAIT_FOR_CONCURRENT_GC blocked 38ms
11-10 13:16:36.507 D/dalvikvm(2715): WAIT_FOR_CONCURRENT_GC blocked 31ms
11-10 13:16:36.507 D/dalvikvm(2715): WAIT_FOR_CONCURRENT_GC blocked 30ms
11-10 13:16:36.507 D/dalvikvm(2715): WAIT_FOR_CONCURRENT_GC blocked 26ms
11-10 13:16:37.067 D/dalvikvm(2715): GC_FOR_ALLOC freed 695K, 12% free 12653K/14372K, paused 42ms, total 42ms
11-10 13:16:37.117 D/dalvikvm(2715): GC_FOR_ALLOC freed 17K, 11% free 12900K/14372K, paused 40ms, total 40ms
11-10 13:16:37.287 D/dalvikvm(2715): GC_FOR_ALLOC freed 213K, 11% free 13396K/14952K, paused 44ms, total 44ms
11-10 13:16:37.417 D/audio_hw_primary(108): outpcm open: card=0, device=0, rate=44100
11-10 13:16:37.477 I/PseudonymousIdIntentService(1084): getToken invoked
11-10 13:16:37.597 D/dalvikvm(2715): GC_FOR_ALLOC freed 170K, 10% free 13702K/15068K, paused 56ms, total 56ms
11-10 13:16:37.627 D/dalvikvm(1020): GC_CONCURRENT freed 351K, 8% free 4706K/5092K, paused 3ms+2ms, total 25ms
11-10 13:16:37.777 W/SubtypeSwitcher(1020): Can't find emoji subtype
11-10 13:16:37.777 W/SubtypeSwitcher(1020): No input method subtype found; returning dummy subtype: Multi-lingual subtype: android.view.inputmethod.InputMethodSubtype@d78b2ed0, [zz]
11-10 13:16:37.827 D/dalvikvm(1020): GC_CONCURRENT freed 117K, 4% free 5062K/5220K, paused 1ms+6ms, total 29ms
11-10 13:16:37.957 D/dalvikvm(1020): GC_CONCURRENT freed 121K, 3% free 5453K/5608K, paused 6ms+3ms, total 44ms
11-10 13:16:37.957 D/dalvikvm(1020): WAIT_FOR_CONCURRENT_GC blocked 8ms
11-10 13:16:38.037 W/ViewPager(1020): Requested offscreen page limit 0 too small; defaulting to 1
11-10 13:16:38.047 I/LatinIME(1020): Starting input. Cursor position = 0,0
11-10 13:16:38.047 W/LatinIME(1020): Deprecated private IME option specified: nm
11-10 13:16:38.047 W/LatinIME(1020): Use com.google.android.inputmethod.latin.noMicrophoneKey instead
11-10 13:16:38.047 I/PseudonymousIdIntentService(1084): getToken invoked
11-10 13:16:38.057 D/dalvikvm(1020): GC_CONCURRENT freed 585K, 11% free 5350K/5972K, paused 3ms+12ms, total 33ms
11-10 13:16:38.087 I/ActivityManager(753): Start proc android.process.acore for content provider com.android.providers.userdictionary/.UserDictionaryProvider: pid=3449 uid=10000 gids={50000, 3003, 1015, 1028}
11-10 13:16:38.207 D/dalvikvm(3449): GC_CONCURRENT freed 211K, 6% free 4490K/4740K, paused 3ms+2ms, total 19ms
11-10 13:16:38.327 D/dalvikvm(1020): GC_CONCURRENT freed 413K, 9% free 5449K/5972K, paused 2ms+3ms, total 31ms
11-10 13:16:38.327 D/dalvikvm(1020): WAIT_FOR_CONCURRENT_GC blocked 7ms
11-10 13:16:38.347 I/LatinIME:LogUtils(1020): Dictionary info: dictionary = ContextualDictionary.en_GB ; version = 1415587598 ; date = ?
11-10 13:16:38.397 D/libEGL  (1020): loaded /system/lib/egl/libEGL_tegra.so
11-10 13:16:38.407 D/libEGL  (1020): loaded /system/lib/egl/libGLESv1_CM_tegra.so
11-10 13:16:38.417 I/ContactLocale(3449): AddressBook Labels [en_GB]: [, A, B, C, D, E, F, G, H, I, J, K, L, M, N, O, P, Q, R, S, T, U, V, W, X, Y, Z, Α, Β, Γ, Δ, Ε, Ζ, Η, Θ, Ι, Κ, Λ, Μ, Ν, Ξ, Ο, Π, Ρ, Σ, Τ, Υ, Φ, Χ, Ψ, Ω, , А, Б, В, Г, Д, Е, Є, Ж, З, И, І, Ї, Й, К, Л, М, Н, О, П, Р, С, Т, У, Ф, Х, Ц, Ч, Ш, Щ, Ю, Я, , א, ב, ג, ד, ה, ו, ז, ח, ט, י, כ, ל, מ, נ, ס, ע, פ, צ, ק, ר, ש, ת, , ا, ب, ت, ث, ج, ح, خ, د, ذ, ر, ز, س, ش, ص, ض, ط, ظ, ع, غ, ف, ق, ك, ل, م, ن, ه, و, ي, , ก, ข, ฃ, ค, ฅ, ฆ, ง, จ, ฉ, ช, ซ, ฌ, ญ, ฎ, ฏ, ฐ, ฑ, ฒ, ณ, ด, ต, ถ, ท, ธ, น, บ, ป, ผ, ฝ, พ, ฟ, ภ, ม, ย, ร, ฤ, ล, ฦ, ว, ศ, ษ, ส, ห, ฬ, อ, ฮ, , ㄱ, ㄴ, ㄷ, ㄹ, ㅁ, ㅂ, ㅅ, ㅇ, ㅈ, ㅊ, ㅋ, ㅌ, ㅍ, ㅎ, , あ, か, さ, た, な, は, ま, や, ら, わ, #, ]
11-10 13:16:38.427 D/libEGL  (1020): loaded /system/lib/egl/libGLESv2_tegra.so
11-10 13:16:38.457 D/OpenGLRenderer(1020): Enabling debug mode 0
11-10 13:16:38.557 D/dalvikvm(1020): GC_FOR_ALLOC freed 265K, 11% free 5359K/5972K, paused 21ms, total 21ms
11-10 13:16:38.577 I/dalvikvm-heap(1020): Grow heap (frag case) to 7.370MB for 2206736-byte allocation
11-10 13:16:38.607 D/dalvikvm(1020): GC_CONCURRENT freed <1K, 8% free 7513K/8128K, paused 2ms+10ms, total 37ms
11-10 13:16:38.607 D/dalvikvm(1020): WAIT_FOR_CONCURRENT_GC blocked 29ms
11-10 13:16:38.647 W/View    (2715): requestLayout() improperly called by com.google.android.finsky.layout.play.PlayCardClusterViewContent{4264eb98 V.E..... ......ID 0,72-1280,708 #7f090296 app:id/cluster_content} during layout: running second layout pass
11-10 13:16:38.667 E/AmanattoDataUpdaterHelper(1020): Failed to get contextual suggestions.
11-10 13:16:38.667 E/AmanattoDataUpdaterHelper(1020): package name: com.android.vending
11-10 13:16:38.667 E/AmanattoDataUpdaterHelper(1020): Error message: Disabled
11-10 13:16:39.067 W/InputEventReceiver(2715): Attempted to finish an input event but the input event receiver has already been disposed.
11-10 13:16:39.207 D/dalvikvm(3449): GC_CONCURRENT freed 211K, 6% free 4760K/5012K, paused 2ms+2ms, total 31ms
11-10 13:16:42.307 I/ActivityManager(753): START u0 {act=android.intent.action.SEARCH flg=0x10000000 cmp=com.android.vending/.AssetBrowserActivity (has extras)} from pid 2715
11-10 13:16:42.327 I/PseudonymousIdIntentService(1084): getToken invoked
11-10 13:16:43.677 I/ActivityManager(753): No longer want com.google.android.calendar (pid 1554): empty #14
11-10 13:16:43.877 V/        (753): virtual int MPLSensor::enable(int32_t, int)
11-10 13:16:43.877 V/        (753): handle : 4 en: 1
11-10 13:16:43.877 E/        (753): handle : 4 en: 1
11-10 13:16:43.877 V/        (753): sensor state change what=4
11-10 13:16:43.877 V/        (753): void set_power_states(int, bool)
11-10 13:16:43.877 V/        (753):  enabled_sensors: 16 dmp_started: 0
11-10 13:16:43.877 V/        (753): Starting DMP
11-10 13:16:43.877 I/MPL-mldl_cfg_mpu:(753): inv_mpu_resume: Resuming to 0070
11-10 13:16:43.877 V/        (753): virtual int MPLSensor::setDelay(int32_t, int64_t)
11-10 13:16:43.877 E/        (753):  setDelay handle: 4 rate 200
11-10 13:16:43.877 V/        (753): virtual int MPLSensor::update_delay()
11-10 13:16:43.877 V/        (753): set fifo rate: 39 200000000
11-10 13:16:43.877 I/MPL-fifo(753): Actual ODR: 25000 mHz
11-10 13:16:43.877 V/        (753): virtual int MPLSensor::setDelay(int32_t, int64_t)
11-10 13:16:43.877 E/        (753):  setDelay handle: 4 rate 20
11-10 13:16:43.877 V/        (753): virtual int MPLSensor::update_delay()
11-10 13:16:43.877 V/        (753): set fifo rate: 3 20000000
11-10 13:16:43.877 I/MPL-fifo(753): Actual ODR: 50000 mHz
11-10 13:16:43.907 D/Finsky  (2715): [1] CarrierParamsAction.createCarrierBillingParameters: Carrier billing config is null. Device is not targeted for DCB 2.
11-10 13:16:43.907 E/Finsky  (2715): [213] FileBasedKeyValueStore.delete: Attempt to delete 'paramszOg7jABlUQeevf68qKz28Q' failed!
11-10 13:16:44.007 D/Finsky  (2715): [1] GetBillingCountriesAction.run: Skip getting fresh list of billing countries.
11-10 13:16:44.187 D/dalvikvm(2715): GC_CONCURRENT freed 1449K, 10% free 14281K/15824K, paused 3ms+7ms, total 57ms
11-10 13:16:44.377 V/        (753): virtual int MPLSensor::enable(int32_t, int)
11-10 13:16:44.377 V/        (753): handle : 4 en: 0
11-10 13:16:44.377 E/        (753): handle : 4 en: 0
11-10 13:16:44.377 V/        (753): sensor state change what=4
11-10 13:16:44.377 V/        (753): void set_power_states(int, bool)
11-10 13:16:44.377 V/        (753):  enabled_sensors: 0 dmp_started: 1
11-10 13:16:44.377 V/        (753): Stopping DMP
11-10 13:16:44.377 I/MPL-mldl_cfg_mpu:(753): inv_mpu_suspend: suspending sensors to 0000
11-10 13:16:44.377 I/MPL-mldl_cfg_mpu:(753): inv_mpu_suspend: Will resume next to 0070
11-10 13:16:44.377 V/        (753): virtual int MPLSensor::update_delay()
11-10 13:16:44.377 V/        (753): virtual int MPLSensor::setDelay(int32_t, int64_t)
11-10 13:16:44.377 E/        (753):  setDelay handle: 4 rate 20
11-10 13:16:44.377 V/        (753): virtual int MPLSensor::update_delay()
11-10 13:16:44.457 D/dalvikvm(1035): GC_CONCURRENT freed 580K, 12% free 6397K/7228K, paused 3ms+6ms, total 47ms
11-10 13:16:45.127 D/dalvikvm(2715): GC_FOR_ALLOC freed 856K, 10% free 14835K/16376K, paused 44ms, total 44ms
11-10 13:16:45.277 V/audio_hw_primary(108): do_out_standby+
11-10 13:16:45.277 D/audio_hw_primary(108): do_out_standby++
11-10 13:16:45.277 V/audio_hw_primary(108): do_out_standby-
11-10 13:16:45.417 I/dalvikvm(2715): Could not find method android.transition.TransitionInflater.from, referenced from method com.google.android.finsky.activities.DetailsFragment.newInstance
11-10 13:16:45.417 W/dalvikvm(2715): VFY: unable to resolve static method 7756: Landroid/transition/TransitionInflater;.from (Landroid/content/Context;)Landroid/transition/TransitionInflater;
11-10 13:16:45.417 D/dalvikvm(2715): VFY: replacing opcode 0x71 at 0x0041
11-10 13:16:45.417 I/dalvikvm(2715): Failed resolving Lcom/google/android/play/transition/BaseTransitionListener; interface 1013 'Landroid/transition/Transition$TransitionListener;'
11-10 13:16:45.417 W/dalvikvm(2715): Link of class 'Lcom/google/android/play/transition/BaseTransitionListener;' failed
11-10 13:16:45.417 W/dalvikvm(2715): Unable to resolve superclass of Lcom/google/android/finsky/activities/DetailsFragment$1; (5341)
11-10 13:16:45.417 W/dalvikvm(2715): Link of class 'Lcom/google/android/finsky/activities/DetailsFragment$1;' failed
11-10 13:16:45.487 D/dalvikvm(2715): GC_FOR_ALLOC freed 421K, 10% free 15285K/16880K, paused 54ms, total 55ms
11-10 13:16:45.497 D/dalvikvm(753): GC_EXPLICIT freed 1689K, 20% free 12297K/15320K, paused 5ms+7ms, total 84ms
11-10 13:16:45.497 D/audio_hw_primary(108): outpcm open: card=0, device=0, rate=44100
11-10 13:16:45.517 I/dalvikvm(2715): Failed resolving Lcom/google/android/play/transition/BaseTransitionListener; interface 1013 'Landroid/transition/Transition$TransitionListener;'
11-10 13:16:45.517 W/dalvikvm(2715): Link of class 'Lcom/google/android/play/transition/BaseTransitionListener;' failed
11-10 13:16:45.517 W/dalvikvm(2715): Unable to resolve superclass of Lcom/google/android/finsky/activities/DetailsFragment$1; (5341)
11-10 13:16:45.517 W/dalvikvm(2715): Link of class 'Lcom/google/android/finsky/activities/DetailsFragment$1;' failed
11-10 13:16:45.517 I/dalvikvm(2715): Failed resolving Lcom/google/android/play/transition/BaseTransitionListener; interface 1013 'Landroid/transition/Transition$TransitionListener;'
11-10 13:16:45.517 W/dalvikvm(2715): Link of class 'Lcom/google/android/play/transition/BaseTransitionListener;' failed
11-10 13:16:45.517 W/dalvikvm(2715): Unable to resolve superclass of Lcom/google/android/finsky/activities/DetailsFragment$1; (5341)
11-10 13:16:45.517 W/dalvikvm(2715): Link of class 'Lcom/google/android/finsky/activities/DetailsFragment$1;' failed
11-10 13:16:45.517 D/dalvikvm(2715): DexOpt: unable to opt direct call 0x288c at 0x50 in Lcom/google/android/finsky/activities/DetailsFragment;.newInstance
11-10 13:16:45.547 I/dalvikvm(2715): Could not find method android.view.ViewAnimationUtils.createCircularReveal, referenced from method com.google.android.finsky.layout.HeroGraphicView.onSizeChanged
11-10 13:16:45.547 W/dalvikvm(2715): VFY: unable to resolve static method 8171: Landroid/view/ViewAnimationUtils;.createCircularReveal (Landroid/view/View;IIFF)Landroid/animation/Animator;
11-10 13:16:45.547 D/dalvikvm(2715): VFY: replacing opcode 0x71 at 0x001f
11-10 13:16:45.577 I/dalvikvm(2715): Could not find method com.google.android.finsky.layout.DocImageView.setTransitionName, referenced from method com.google.android.finsky.activities.DetailsSummaryViewBinder.setupItemDetails
11-10 13:16:45.577 W/dalvikvm(2715): VFY: unable to resolve virtual method 19031: Lcom/google/android/finsky/layout/DocImageView;.setTransitionName (Ljava/lang/String;)V
11-10 13:16:45.577 D/dalvikvm(2715): VFY: replacing opcode 0x6e at 0x0162
11-10 13:16:45.637 I/dalvikvm(2715): Could not find method android.widget.LinearLayout.drawableHotspotChanged, referenced from method com.google.android.finsky.layout.ForegroundLinearLayout.drawableHotspotChanged
11-10 13:16:45.637 W/dalvikvm(2715): VFY: unable to resolve virtual method 8745: Landroid/widget/LinearLayout;.drawableHotspotChanged (FF)V
11-10 13:16:45.637 D/dalvikvm(2715): VFY: replacing opcode 0x6f at 0x0000
11-10 13:16:45.757 D/Finsky  (2715): [1] DetailsDataBasedFragment.rebindViews: Page [class=DetailsFragment] loaded in [231 ms] (hasDetailsDataLoaded? false)
11-10 13:16:45.907 D/dalvikvm(2715): GC_EXPLICIT freed 673K, 6% free 16363K/17392K, paused 5ms+10ms, total 118ms
11-10 13:16:46.087 D/Finsky  (2715): [1] DetailsDataBasedFragment.rebindViews: Page [class=DetailsFragment] loaded in [555 ms] (hasDetailsDataLoaded? true)
11-10 13:16:46.157 I/dalvikvm(2715): Could not find method android.view.View.getTransitionName, referenced from method com.google.android.finsky.layout.DetailsPackSection$2.onClick
11-10 13:16:46.157 W/dalvikvm(2715): VFY: unable to resolve virtual method 8073: Landroid/view/View;.getTransitionName ()Ljava/lang/String;
11-10 13:16:46.157 D/dalvikvm(2715): VFY: replacing opcode 0x6e at 0x0026
11-10 13:16:46.257 D/dalvikvm(2715): GC_FOR_ALLOC freed 436K, 4% free 16814K/17480K, paused 48ms, total 48ms
11-10 13:16:46.267 I/dalvikvm-heap(2715): Grow heap (frag case) to 18.469MB for 2048016-byte allocation
11-10 13:16:46.307 D/dalvikvm(2715): GC_FOR_ALLOC freed 3K, 4% free 18811K/19484K, paused 48ms, total 48ms
11-10 13:16:46.397 D/dalvikvm(2715): GC_CONCURRENT freed 89K, 3% free 18924K/19484K, paused 4ms+9ms, total 80ms
11-10 13:16:46.657 D/PlayCommon(2715): [1] BitmapLoader.onGetImageSuccess: https://lh3.ggpht.com/8DdS3wG9Uj_jrdPC8Pxz2te8-qvYNu15t0gXzoF9Y3AjsHDrfrVyNKlcJV622LaVCh4=rw-w1280 is too large to cache
11-10 13:16:47.277 D/dalvikvm(2715): GC_CONCURRENT freed 1144K, 6% free 19750K/20996K, paused 4ms+7ms, total 63ms
11-10 13:16:47.277 D/dalvikvm(2715): WAIT_FOR_CONCURRENT_GC blocked 57ms
11-10 13:16:47.717 I/ActivityManager(753): START u0 {cmp=com.android.vending/com.google.android.finsky.billing.lightpurchase.LightPurchaseFlowActivity (has extras)} from pid 2715
11-10 13:16:47.877 I/ActivityManager(753): Displayed com.android.vending/com.google.android.finsky.billing.lightpurchase.LightPurchaseFlowActivity: +97ms
11-10 13:16:47.877 D/Finsky  (2715): [1] SelfUpdateScheduler.checkForSelfUpdate: Skipping DFE self-update. Local Version [80300031] >= Server Version [-1]
11-10 13:16:47.897 I/ActivityManager(753): START u0 {cmp=com.android.vending/com.google.android.finsky.activities.AppsPermissionsActivity (has extras)} from pid 2715
11-10 13:16:48.057 I/ActivityManager(753): Displayed com.android.vending/com.google.android.finsky.activities.AppsPermissionsActivity: +144ms
11-10 13:16:48.067 I/dalvikvm(2715): Jit: resizing JitTable from 8192 to 16384
11-10 13:16:48.467 D/dalvikvm(2715): GC_FOR_ALLOC freed 964K, 6% free 20631K/21836K, paused 56ms, total 57ms
11-10 13:16:49.077 D/dalvikvm(753): GC_FOR_ALLOC freed 883K, 19% free 12431K/15320K, paused 58ms, total 58ms
11-10 13:16:49.157 D/dalvikvm(2715): GC_FOR_ALLOC freed 595K, 6% free 21341K/22556K, paused 68ms, total 69ms
11-10 13:16:49.187 D/Finsky  (2715): [1] LightPurchaseFlowActivity.handleAppPermissionResult: Permissions accepted: com.nolanlawson.logcat
