--------- beginning of /dev/log/system
11-10 12:55:45.060 I/Vold    (102): Vold 2.1 (the revenge) firing up
11-10 12:55:45.060 D/Vold    (102): Volume sdcard state changing -1 (Initializing) -> 0 (No-Media)
11-10 12:55:45.060 D/Vold    (102): Volume sda state changing -1 (Initializing) -> 0 (No-Media)
11-10 12:55:45.060 D/Vold    (102): Volume sda state changing -1 (Initializing) -> 0 (No-Media)
11-10 12:55:45.060 D/Vold    (102): Volume sda state changing -1 (Initializing) -> 0 (No-Media)
11-10 12:55:45.060 D/Vold    (102): Volume sda state changing -1 (Initializing) -> 0 (No-Media)
11-10 12:55:45.060 D/Vold    (102): Volume sdb state changing -1 (Initializing) -> 0 (No-Media)
11-10 12:55:45.060 D/Vold    (102): Volume sdb state changing -1 (Initializing) -> 0 (No-Media)
11-10 12:55:45.060 D/Vold    (102): Volume sdcard state changing -1 (Initializing) -> 0 (No-Media)
11-10 12:55:45.060 D/Vold    (102): Volume sdcard state changing -1 (Initializing) -> 0 (No-Media)
11-10 12:55:45.070 D/Vold    (102): Volume sdcard state changing 0 (No-Media) -> 2 (Pending)
11-10 12:55:45.070 D/DirectVolume(102): DirectVolume::handlePartitionAdded -> MAJOR 179, MINOR 9, PARTN 1
11-10 12:55:45.070 D/DirectVolume(102): DirectVolume::handlePartitionAdded -> MAJOR 179, MINOR 10, PARTN 2
11-10 12:55:45.070 D/DirectVolume(102): DirectVolume::handlePartitionAdded -> MAJOR 179, MINOR 11, PARTN 3
11-10 12:55:45.070 D/DirectVolume(102): DirectVolume::handlePartitionAdded -> MAJOR 179, MINOR 12, PARTN 4
11-10 12:55:45.070 D/Vold    (102): Volume sdcard state changing 2 (Pending) -> 1 (Idle-Unmounted)
11-10 12:55:48.340 W/dalvikvm(106): PR_SET_NO_NEW_PRIVS failed. Is your kernel compiled correctly?: Invalid argument
11-10 12:55:52.000 I/SystemServer(753): Entered the Android system server!
11-10 12:55:52.000 I/SystemServer(753): Enabled StrictMode logging for UI Looper
11-10 12:55:52.000 I/SystemServer(753): Waiting for installd to be ready.
11-10 12:55:52.000 I/Installer(753): connecting...
11-10 12:55:52.000 I/SystemServer(753): Power Manager
11-10 12:55:52.000 I/SystemServer(753): Activity Manager
11-10 12:55:52.010 I/SystemServer(753): Enabled StrictMode logging for WM Looper
11-10 12:55:52.010 I/ActivityManager(753): Memory class: 48
11-10 12:55:52.160 I/ActivityManager(753): Enabled StrictMode logging for AThread's Looper
11-10 12:55:52.160 I/SystemServer(753): Display Manager
11-10 12:55:52.160 I/SystemServer(753): Telephony Registry
11-10 12:55:52.170 I/DisplayManagerService(753): Display device added: DisplayDeviceInfo{"Built-in Screen": 1280 x 800, 63.000004 fps, density 160, 160.15764 x 160.0 dpi, touch INTERNAL, FLAG_DEFAULT_DISPLAY, FLAG_ROTATES_WITH_CONTENT, FLAG_SECURE, FLAG_SUPPORTS_PROTECTED_BUFFERS, rotation 0, type BUILT_IN, address null}
11-10 12:55:52.170 I/SystemServer(753): Scheduling Policy
11-10 12:55:52.170 I/SystemServer(753): Package Manager
11-10 12:55:52.260 D/SELinuxMMAC(753): Couldn't find install policy /data/system/mac_permissions.xml
11-10 12:55:52.270 D/SELinuxMMAC(753): Couldn't find install policy /system/etc/security/mac_permissions.xml
11-10 12:55:52.270 D/SELinuxMMAC(753): No policy file found. All seinfo values will be null.
11-10 12:55:52.840 W/PackageParser(753): No actions in intent filter at /system/app/Bluetooth.apk Binary XML file line #202
11-10 12:55:53.000 W/PackageParser(753): No actions in intent filter at /system/app/Contacts.apk Binary XML file line #374
11-10 12:55:54.570 W/PackageParser(753): Unknown element under <application>: permission at /system/app/GalleryGoogle.apk Binary XML file line #224
11-10 12:55:54.570 W/PackageParser(753): Unknown element under <application>: permission at /system/app/GalleryGoogle.apk Binary XML file line #227
11-10 12:55:56.310 W/PackageParser(753): Unknown element under <manifest>: supports-gl-texture at /data/app/com.google.earth-1.apk Binary XML file line #25
11-10 12:55:57.880 W/PackageManager(753): Package com.adobe.reader desires unavailable shared library com.sec.android.app.multiwindow; ignoring!
11-10 12:55:58.220 W/PackageManager(753): Package com.mxtech.videoplayer.ad desires unavailable shared library com.sec.android.app.multiwindow; ignoring!
11-10 12:56:03.830 W/PackageManager(753): Package com.sonelli.juicessh desires unavailable shared library com.sec.android.app.multiwindow; ignoring!
11-10 12:56:05.620 W/PackageParser(753): No actions in intent filter at /data/app/com.zinio.mobile.android.reader-1.apk Binary XML file line #498
11-10 12:56:05.620 W/PackageParser(753): No actions in intent filter at /data/app/com.zinio.mobile.android.reader-1.apk Binary XML file line #504
11-10 12:56:05.620 W/PackageParser(753): No actions in intent filter at /data/app/com.zinio.mobile.android.reader-1.apk Binary XML file line #515
11-10 12:56:07.970 W/PackageParser(753): Unknown element under <application>: enable-feature at /data/app/org.zwanoo.android.speedtest-2.apk Binary XML file line #133
11-10 12:56:11.970 W/PackageManager(753): Package com.google.android.gms desires unavailable shared library com.android.media.remotedisplay; ignoring!
11-10 12:56:11.970 W/PackageManager(753): Package com.google.android.gms desires unavailable shared library com.google.android.ble; ignoring!
11-10 12:56:12.520 W/PackageManager(753): Package com.google.android.gms desires unavailable shared library com.android.media.remotedisplay; ignoring!
11-10 12:56:12.520 W/PackageManager(753): Package com.google.android.gms desires unavailable shared library com.google.android.ble; ignoring!
11-10 12:56:12.520 W/PackageManager(753): Package com.adobe.reader desires unavailable shared library com.sec.android.app.multiwindow; ignoring!
11-10 12:56:12.520 W/PackageManager(753): Package com.mxtech.videoplayer.ad desires unavailable shared library com.sec.android.app.multiwindow; ignoring!
11-10 12:56:12.520 W/PackageManager(753): Package com.sonelli.juicessh desires unavailable shared library com.sec.android.app.multiwindow; ignoring!
11-10 12:56:12.520 I/PackageManager(753): Time to scan packages: 19.868 seconds
11-10 12:56:12.520 W/PackageManager(753): Not granting permission android.permission.ACCOUNT_MANAGER to package com.newscorp.heraldsun (protectionLevel=2 flags=0x18be44)
11-10 12:56:12.520 W/PackageManager(753): Unknown permission com.android.vending.billing.IBillingAccountService.BIND2 in package com.google.android.gsf.login
11-10 12:56:12.520 W/PackageManager(753): Unknown permission com.android.gallery3d.permission.GALLERY_PROVIDER in package com.android.bluetooth
11-10 12:56:12.520 W/PackageManager(753): Not granting permission android.permission.SEND_DOWNLOAD_COMPLETED_INTENTS to package com.android.browser (protectionLevel=2 flags=0x9be45)
11-10 12:56:12.520 W/PackageManager(753): Not granting permission android.permission.ACCOUNT_MANAGER to package com.newscorp.adelaideadvertiser (protectionLevel=2 flags=0x18be44)
11-10 12:56:12.520 W/PackageManager(753): Unknown permission android.permission.RECOVERY in package com.google.android.gms
11-10 12:56:12.520 W/PackageManager(753): Not granting permission android.permission.READ_DREAM_STATE to package com.google.android.gms (protectionLevel=2 flags=0x483ec5)
11-10 12:56:12.520 W/PackageManager(753): Unknown permission android.permission.PROVIDE_TRUST_AGENT in package com.google.android.gms
11-10 12:56:12.520 W/PackageManager(753): Unknown permission com.google.android.apps.enterprise.dmagent.permission.AutoSyncPermission in package com.google.android.gms
11-10 12:56:12.520 W/PackageManager(753): Not granting permission android.permission.GET_APP_OPS_STATS to package com.google.android.gms (protectionLevel=50 flags=0x483ec5)
11-10 12:56:12.520 W/PackageManager(753): Not granting permission android.permission.UPDATE_APP_OPS_STATS to package com.google.android.gms (protectionLevel=18 flags=0x483ec5)
11-10 12:56:12.520 W/PackageManager(753): Unknown permission android.permission.CAPTURE_AUDIO_HOTWORD in package com.google.android.gms
11-10 12:56:12.520 W/PackageManager(753): Unknown permission com.google.android.googlequicksearchbox.permission.PAUSE_HOTWORD in package com.google.android.gms
11-10 12:56:12.520 W/PackageManager(753): Unknown permission android.permission.MANAGE_VOICE_KEYPHRASES in package com.google.android.gms
11-10 12:56:12.520 W/PackageManager(753): Unknown permission android.permission.REAL_GET_TASKS in package com.google.android.gms
11-10 12:56:12.520 W/PackageManager(753): Unknown permission android.permission.ACCESS_NETWORK_CONDITIONS in package com.google.android.gms
11-10 12:56:12.520 W/PackageManager(753): Unknown permission android.permission.MANAGE_DEVICE_ADMINS in package com.google.android.gms
11-10 12:56:12.520 W/PackageManager(753): Unknown permission android.permission.READ_WIFI_CREDENTIAL in package com.google.android.gms
11-10 12:56:12.520 W/PackageManager(753): Not granting permission android.permission.MODIFY_PHONE_STATE to package com.google.android.gms (protectionLevel=18 flags=0x483ec5)
11-10 12:56:12.520 W/PackageManager(753): Unknown permission android.permission.CONTROL_INCALL_EXPERIENCE in package com.google.android.gms
11-10 12:56:12.520 W/PackageManager(753): Not granting permission android.permission.MANAGE_USB to package com.google.android.gms (protectionLevel=18 flags=0x483ec5)
11-10 12:56:12.520 W/PackageManager(753): Not granting permission android.permission.CALL_PRIVILEGED to package com.google.android.gms (protectionLevel=18 flags=0x483ec5)
11-10 12:56:12.520 W/PackageManager(753): Unknown permission android.permission.BLUETOOTH_PRIVILEGED in package com.google.android.gms
11-10 12:56:12.520 W/PackageManager(753): Unknown permission android.permission.USER_ACTIVITY in package com.google.android.gms
11-10 12:56:12.520 W/PackageManager(753): Unknown permission android.permission.CAPTURE_AUDIO_OUTPUT in package com.google.android.gms
11-10 12:56:12.520 W/PackageManager(753): Unknown permission android.permission.CAPTURE_VIDEO_OUTPUT in package com.google.android.gms
11-10 12:56:12.520 W/PackageManager(753): Unknown permission android.permission.CAPTURE_SECURE_VIDEO_OUTPUT in package com.google.android.gms
11-10 12:56:12.520 W/PackageManager(753): Not granting permission android.permission.READ_FRAME_BUFFER to package com.google.android.gms (protectionLevel=18 flags=0x483ec5)
11-10 12:56:12.520 W/PackageManager(753): Unknown permission com.google.android.wearable.READ_SETTINGS in package com.google.android.gms
11-10 12:56:12.520 W/PackageManager(753): Unknown permission android.permission.SCORE_NETWORKS in package com.google.android.gms
11-10 12:56:12.520 W/PackageManager(753): Unknown permission android.permission.BODY_SENSORS in package com.google.android.gms
11-10 12:56:12.520 W/PackageManager(753): Not granting permission android.permission.FORCE_STOP_PACKAGES to package com.google.android.gms (protectionLevel=2 flags=0x483ec5)
11-10 12:56:12.520 W/PackageManager(753): Unknown permission android.permission.READ_OWNER_DATA in package com.google.android.setupwizard
11-10 12:56:12.520 W/PackageManager(753): Unknown permission android.permission.WRITE_OWNER_DATA in package com.google.android.setupwizard
11-10 12:56:12.530 W/PackageManager(753): Unknown permission com.google.android.voicesearch.SHORTCUTS_ACCESS in package com.google.android.googlequicksearchbox
11-10 12:56:12.530 W/PackageManager(753): Unknown permission com.google.android.ears.permission.WRITE in package com.google.android.googlequicksearchbox
11-10 12:56:12.530 W/PackageManager(753): Unknown permission com.google.android.apps.googlevoice.permission.AUTO_SEND in package com.google.android.googlequicksearchbox
11-10 12:56:12.530 W/PackageManager(753): Not granting permission android.permission.READ_LOGS to package com.bulletproof.voicerec.intern (protectionLevel=50 flags=0x8be44)
11-10 12:56:12.530 W/PackageManager(753): Unknown permission com.google.android.apps.googlevoice.permission.RECEIVE_SMS in package com.bulletproof.voicerec.intern
11-10 12:56:12.530 W/PackageManager(753): Not granting permission net.dinglisch.android.tasker.PERMISSION_RUN_TASKS to package com.bulletproof.voicerec.intern because it was previously installed without
11-10 12:56:12.530 W/PackageManager(753): Not granting permission android.permission.INTERACT_ACROSS_USERS_FULL to package com.bulletproof.voicerec.intern (protectionLevel=2 flags=0x8be44)
11-10 12:56:12.530 W/PackageManager(753): Unknown permission android.permission.WRITE_INTERNAL_STORAGE in package com.nousguide.android.rbtv
11-10 12:56:12.530 W/PackageManager(753): Not granting permission android.permission.ACCOUNT_MANAGER to package com.newscorp.theaustralian (protectionLevel=2 flags=0x18be44)
11-10 12:56:12.530 W/PackageManager(753): Not granting permission android.permission.ACCOUNT_MANAGER to package com.newscorp.couriermail (protectionLevel=2 flags=0x18be44)
11-10 12:56:12.530 W/PackageManager(753): Not granting permission android.permission.SEND_DOWNLOAD_COMPLETED_INTENTS to package com.android.vending (protectionLevel=2 flags=0xabec5)
11-10 12:56:12.530 W/PackageManager(753): Unknown permission android.permission.SEND_SMS_NO_CONFIRMATION in package com.android.vending
11-10 12:56:12.530 W/PackageManager(753): Not granting permission android.permission.WRITE_SECURE_SETTINGS to package com.android.vending (protectionLevel=50 flags=0xabec5)
11-10 12:56:12.530 W/PackageManager(753): Not granting permission android.permission.FORCE_STOP_PACKAGES to package com.android.vending (protectionLevel=2 flags=0xabec5)
11-10 12:56:12.530 W/PackageManager(753): Not granting permission android.permission.WRITE_MEDIA_STORAGE to package com.estrongs.android.pop (protectionLevel=18 flags=0x48be44)
11-10 12:56:12.530 W/PackageManager(753): Unknown permission .PERMISSION in package com.estrongs.android.pop
11-10 12:56:12.540 W/PackageManager(753): Unknown permission android.permission.MANAGE_DOCUMENTS in package com.google.android.youtube
11-10 12:56:12.540 W/PackageManager(753): Not granting permission android.permission.DEVICE_POWER to package com.android.deskclock (protectionLevel=2 flags=0x48be45)
11-10 12:56:12.540 W/PackageManager(753): Not granting permission android.permission.READ_DREAM_STATE to package com.google.android.gsf (protectionLevel=2 flags=0x83e45)
11-10 12:56:12.540 W/PackageManager(753): Unknown permission com.chrome.permission.DEVICE_EXTRAS in package com.android.chrome
11-10 12:56:12.540 W/PackageManager(753): Unknown permission com.sec.enterprise.knox.MDM_CONTENT_PROVIDER in package com.android.chrome
11-10 12:56:12.670 I/SystemServer(753): Entropy Mixer
11-10 12:56:12.680 I/EntropyMixer(753): Writing entropy...
11-10 12:56:12.680 I/SystemServer(753): User Service
11-10 12:56:12.680 I/SystemServer(753): Account Manager
11-10 12:56:12.690 I/SystemServer(753): Content Manager
11-10 12:56:12.690 I/SystemServer(753): System Content Providers
11-10 12:56:12.730 I/SystemServer(753): Lights Service
11-10 12:56:12.740 I/SystemServer(753): Battery Service
11-10 12:56:12.760 I/SystemServer(753): Vibrator Service
11-10 12:56:12.760 I/SystemServer(753): Alarm Manager
11-10 12:56:12.760 I/SystemServer(753): Init Watchdog
11-10 12:56:12.760 I/SystemServer(753): Input Manager
11-10 12:56:12.760 I/InputManager(753): Initializing input manager, mUseDevInputEventForAudioJack=false
11-10 12:56:12.760 I/SystemServer(753): Window Manager
11-10 12:56:12.770 I/WindowManager(753): No existing display settings /data/system/display_settings.xml; starting empty
11-10 12:56:12.800 I/InputManager(753): Starting input manager
11-10 12:56:12.800 I/SystemServer(753): Bluetooth Manager Service
11-10 12:56:12.810 I/SystemServer(753): Input Method Service
11-10 12:56:12.810 W/InputMethodManagerService(753): Couldn't create dir.: /data/system/inputmethod
11-10 12:56:12.880 I/SystemServer(753): Accessibility Manager
11-10 12:56:12.880 I/ActivityManager(753): Config changes=15f8 {1.0 ?mcc?mnc en_GB ldltr sw800dp w1280dp h752dp 160dpi xlrg land ?uimode ?night -touch -keyb/v/h -nav/h s.2}
11-10 12:56:12.900 I/SystemServer(753): Mount Service
11-10 12:56:12.900 D/MountService(753): got storage path: /storage/emulated/legacy description: Internal storage primary: true removable: false emulated: true mtpReserve: 100 allowMassStorage: false maxFileSize: 0
11-10 12:56:12.900 D/MountService(753): addVolumeLocked() StorageVolume [mStorageId=65537 mPath=/storage/emulated/0 mDescriptionId=17040670 mPrimary=true mRemovable=false mEmulated=true mMtpReserveSpace=100 mAllowMassStorage=false mMaxFileSize=0 mOwner=UserHandle{0}]
11-10 12:56:12.900 D/MountService(753): got storage path: /storage/sdcard1 description: SD card primary: false removable: true emulated: false mtpReserve: 0 allowMassStorage: false maxFileSize: 0
11-10 12:56:12.900 D/MountService(753): addVolumeLocked() StorageVolume [mStorageId=0 mPath=/storage/sdcard1 mDescriptionId=17040671 mPrimary=false mRemovable=true mEmulated=false mMtpReserveSpace=0 mAllowMassStorage=false mMaxFileSize=0 mOwner=null]
11-10 12:56:12.900 D/MountService(753): got storage path: /storage/usbdisk0 description: USB Device 1 primary: false removable: true emulated: false mtpReserve: 0 allowMassStorage: false maxFileSize: 0
11-10 12:56:12.900 D/MountService(753): addVolumeLocked() StorageVolume [mStorageId=0 mPath=/storage/usbdisk0 mDescriptionId=17040779 mPrimary=false mRemovable=true mEmulated=false mMtpReserveSpace=0 mAllowMassStorage=false mMaxFileSize=0 mOwner=null]
11-10 12:56:12.900 D/MountService(753): got storage path: /storage/usbdisk1 description: USB Device 2 primary: false removable: true emulated: false mtpReserve: 0 allowMassStorage: false maxFileSize: 0
11-10 12:56:12.900 D/MountService(753): addVolumeLocked() StorageVolume [mStorageId=0 mPath=/storage/usbdisk1 mDescriptionId=17040780 mPrimary=false mRemovable=true mEmulated=false mMtpReserveSpace=0 mAllowMassStorage=false mMaxFileSize=0 mOwner=null]
11-10 12:56:12.900 D/MountService(753): got storage path: /storage/sdcard2 description: Dock SD CARD primary: false removable: true emulated: false mtpReserve: 0 allowMassStorage: false maxFileSize: 0
11-10 12:56:12.900 D/MountService(753): addVolumeLocked() StorageVolume [mStorageId=0 mPath=/storage/sdcard2 mDescriptionId=17040781 mPrimary=false mRemovable=true mEmulated=false mMtpReserveSpace=0 mAllowMassStorage=false mMaxFileSize=0 mOwner=null]
11-10 12:56:12.900 I/SystemServer(753): LockSettingsService
11-10 12:56:12.900 I/SystemServer(753): Device Policy
11-10 12:56:12.900 I/SystemServer(753): Status Bar
11-10 12:56:12.900 I/SystemServer(753): Clipboard Service
11-10 12:56:12.900 I/SystemServer(753): NetworkManagement Service
11-10 12:56:12.910 I/SystemServer(753): Text Service Manager Service
11-10 12:56:12.910 I/SystemServer(753): NetworkStats Service
11-10 12:56:12.920 D/MountService(753): volume state changed for /storage/sdcard1 (null -> unmounted)
11-10 12:56:12.920 D/MountService(753): volume state changed for /storage/usbdisk0 (null -> removed)
11-10 12:56:12.920 W/MountService(753): Duplicate state transition (removed -> removed) for /storage/usbdisk0
11-10 12:56:12.920 W/MountService(753): Duplicate state transition (removed -> removed) for /storage/usbdisk0
11-10 12:56:12.920 W/MountService(753): Duplicate state transition (removed -> removed) for /storage/usbdisk0
11-10 12:56:12.920 I/ActivityManager(753): Config changes=1408 {1.0 ?mcc?mnc en_GB ldltr sw800dp w1280dp h752dp 160dpi xlrg land ?uimode ?night finger -keyb/v/h -nav/h s.3}
11-10 12:56:12.930 I/SystemServer(753): NetworkPolicy Service
11-10 12:56:12.930 D/MountService(753): volume state changed for /storage/usbdisk1 (null -> removed)
11-10 12:56:12.930 I/SystemServer(753): Wi-Fi P2pService
11-10 12:56:12.930 W/MountService(753): Duplicate state transition (removed -> removed) for /storage/usbdisk1
11-10 12:56:12.930 I/SystemServer(753): Wi-Fi Service
11-10 12:56:12.940 D/MountService(753): volume state changed for /storage/sdcard2 (null -> removed)
11-10 12:56:12.940 W/MountService(753): Duplicate state transition (removed -> removed) for /storage/sdcard2
11-10 12:56:12.960 I/SystemServer(753): Ethernet Service
11-10 12:56:12.960 D/EthernetService(753): Reading /data/misc/ethernet_interfaces.json
11-10 12:56:12.960 I/EthernetService(753): While reading interface config: java.io.FileNotFoundException: /data/misc/ethernet_interfaces.json: open failed: ENOENT (No such file or directory)
11-10 12:56:12.960 D/EthernetService(753): Found and filtered lo in getInterfaceNames.
11-10 12:56:12.960 D/EthernetService(753): Found and filtered dummy0 in getInterfaceNames.
11-10 12:56:12.960 D/EthernetService(753): Found and filtered sit0 in getInterfaceNames.
11-10 12:56:12.960 D/EthernetService(753): Found and filtered ip6tnl0 in getInterfaceNames.
11-10 12:56:12.960 D/EthernetService(753): Found and filtered wlan0 in getInterfaceNames.
11-10 12:56:12.960 D/EthernetService(753): EthernetService initialized
11-10 12:56:12.960 I/SystemServer(753): Connectivity Service
11-10 12:56:12.970 D/ConnectivityService(753): ConnectivityService starting up
11-10 12:56:12.970 D/ConnectivityService(753): wifiOnly=false
11-10 12:56:12.970 E/ConnectivityService(753): Ignoring protectedNetwork 10
11-10 12:56:12.970 E/ConnectivityService(753): Ignoring protectedNetwork 11
11-10 12:56:12.970 E/ConnectivityService(753): Ignoring protectedNetwork 12
11-10 12:56:12.970 W/ContextImpl(753): Calling a method in the system process without a qualified user: android.app.ContextImpl.bindService:1452 android.bluetooth.BluetoothPan.<init>:141 android.bluetooth.BluetoothAdapter.getProfileProxy:1171 android.bluetooth.BluetoothTetheringDataTracker.startMonitoring:121 com.android.server.ConnectivityService.<init>:586 
11-10 12:56:12.990 I/WifiService(753): WifiService starting up with Wi-Fi enabled
11-10 12:56:12.990 D/WifiService(753): setWifiEnabled: true pid=753, uid=1000
11-10 12:56:12.990 I/SystemServer(753): Network Service Discovery Service
11-10 12:56:12.990 D/NsdService(753): Network service discovery enabled true
11-10 12:56:13.010 I/SystemServer(753): UpdateLock Service
11-10 12:56:13.600 W/PackageParser(753): Unknown element under <application>: uses-feature at /mnt/asec/net.dinglisch.android.taskerm-1/pkg.apk Binary XML file line #168
11-10 12:56:13.680 W/PackageManager(753): Not granting permission android.permission.ACCOUNT_MANAGER to package com.newscorp.heraldsun (protectionLevel=2 flags=0x18be44)
11-10 12:56:13.680 W/PackageManager(753): Unknown permission com.android.vending.billing.IBillingAccountService.BIND2 in package com.google.android.gsf.login
11-10 12:56:13.690 W/PackageManager(753): Unknown permission com.android.gallery3d.permission.GALLERY_PROVIDER in package com.android.bluetooth
11-10 12:56:13.690 W/PackageManager(753): Not granting permission android.permission.SEND_DOWNLOAD_COMPLETED_INTENTS to package com.android.browser (protectionLevel=2 flags=0x89be45)
11-10 12:56:13.690 W/PackageManager(753): Not granting permission android.permission.ACCOUNT_MANAGER to package com.newscorp.adelaideadvertiser (protectionLevel=2 flags=0x98be44)
11-10 12:56:13.690 W/PackageManager(753): Unknown permission android.permission.RECOVERY in package com.google.android.gms
11-10 12:56:13.690 W/PackageManager(753): Not granting permission android.permission.READ_DREAM_STATE to package com.google.android.gms (protectionLevel=2 flags=0xc83ec5)
11-10 12:56:13.690 W/PackageManager(753): Unknown permission android.permission.PROVIDE_TRUST_AGENT in package com.google.android.gms
11-10 12:56:13.690 W/PackageManager(753): Unknown permission com.google.android.apps.enterprise.dmagent.permission.AutoSyncPermission in package com.google.android.gms
11-10 12:56:13.690 W/PackageManager(753): Not granting permission android.permission.GET_APP_OPS_STATS to package com.google.android.gms (protectionLevel=50 flags=0xc83ec5)
11-10 12:56:13.690 W/PackageManager(753): Not granting permission android.permission.UPDATE_APP_OPS_STATS to package com.google.android.gms (protectionLevel=18 flags=0xc83ec5)
11-10 12:56:13.690 W/PackageManager(753): Unknown permission android.permission.CAPTURE_AUDIO_HOTWORD in package com.google.android.gms
11-10 12:56:13.690 W/PackageManager(753): Unknown permission com.google.android.googlequicksearchbox.permission.PAUSE_HOTWORD in package com.google.android.gms
11-10 12:56:13.690 W/PackageManager(753): Unknown permission android.permission.MANAGE_VOICE_KEYPHRASES in package com.google.android.gms
11-10 12:56:13.690 W/PackageManager(753): Unknown permission android.permission.REAL_GET_TASKS in package com.google.android.gms
11-10 12:56:13.690 W/PackageManager(753): Unknown permission android.permission.ACCESS_NETWORK_CONDITIONS in package com.google.android.gms
11-10 12:56:13.690 W/PackageManager(753): Unknown permission android.permission.MANAGE_DEVICE_ADMINS in package com.google.android.gms
11-10 12:56:13.690 W/PackageManager(753): Unknown permission android.permission.READ_WIFI_CREDENTIAL in package com.google.android.gms
11-10 12:56:13.690 W/PackageManager(753): Not granting permission android.permission.MODIFY_PHONE_STATE to package com.google.android.gms (protectionLevel=18 flags=0xc83ec5)
11-10 12:56:13.690 W/PackageManager(753): Unknown permission android.permission.CONTROL_INCALL_EXPERIENCE in package com.google.android.gms
11-10 12:56:13.690 W/PackageManager(753): Not granting permission android.permission.MANAGE_USB to package com.google.android.gms (protectionLevel=18 flags=0xc83ec5)
11-10 12:56:13.690 W/PackageManager(753): Not granting permission android.permission.CALL_PRIVILEGED to package com.google.android.gms (protectionLevel=18 flags=0xc83ec5)
11-10 12:56:13.690 W/PackageManager(753): Unknown permission android.permission.BLUETOOTH_PRIVILEGED in package com.google.android.gms
11-10 12:56:13.690 W/PackageManager(753): Unknown permission android.permission.USER_ACTIVITY in package com.google.android.gms
11-10 12:56:13.690 W/PackageManager(753): Unknown permission android.permission.CAPTURE_AUDIO_OUTPUT in package com.google.android.gms
11-10 12:56:13.690 W/PackageManager(753): Unknown permission android.permission.CAPTURE_VIDEO_OUTPUT in package com.google.android.gms
11-10 12:56:13.690 W/PackageManager(753): Unknown permission android.permission.CAPTURE_SECURE_VIDEO_OUTPUT in package com.google.android.gms
11-10 12:56:13.690 W/PackageManager(753): Not granting permission android.permission.READ_FRAME_BUFFER to package com.google.android.gms (protectionLevel=18 flags=0xc83ec5)
11-10 12:56:13.690 W/PackageManager(753): Unknown permission com.google.android.wearable.READ_SETTINGS in package com.google.android.gms
11-10 12:56:13.690 W/PackageManager(753): Unknown permission android.permission.SCORE_NETWORKS in package com.google.android.gms
11-10 12:56:13.690 W/PackageManager(753): Unknown permission android.permission.BODY_SENSORS in package com.google.android.gms
11-10 12:56:13.690 W/PackageManager(753): Not granting permission android.permission.FORCE_STOP_PACKAGES to package com.google.android.gms (protectionLevel=2 flags=0xc83ec5)
11-10 12:56:13.690 W/PackageManager(753): Unknown permission android.permission.READ_OWNER_DATA in package com.google.android.setupwizard
11-10 12:56:13.690 W/PackageManager(753): Unknown permission android.permission.WRITE_OWNER_DATA in package com.google.android.setupwizard
11-10 12:56:13.690 W/PackageManager(753): Unknown permission com.google.android.voicesearch.SHORTCUTS_ACCESS in package com.google.android.googlequicksearchbox
11-10 12:56:13.690 W/PackageManager(753): Unknown permission com.google.android.ears.permission.WRITE in package com.google.android.googlequicksearchbox
11-10 12:56:13.690 W/PackageManager(753): Unknown permission com.google.android.apps.googlevoice.permission.AUTO_SEND in package com.google.android.googlequicksearchbox
11-10 12:56:13.700 W/PackageManager(753): Unknown permission com.latedroid.juicedefender.permission.CONTROL_JUICEDEFENDER in package net.dinglisch.android.taskerm
11-10 12:56:13.700 W/PackageManager(753): Unknown permission com.latedroid.juicedefender.permission.TOGGLE_MOBILE_DATA in package net.dinglisch.android.taskerm
11-10 12:56:13.700 W/PackageManager(753): Not granting permission android.permission.MODIFY_PHONE_STATE to package net.dinglisch.android.taskerm (protectionLevel=18 flags=0x2008be44)
11-10 12:56:13.700 W/PackageManager(753): Unknown permission com.android.phone.CHANGE_NETWORK_MODE in package net.dinglisch.android.taskerm
11-10 12:56:13.700 W/PackageManager(753): Not granting permission android.permission.READ_LOGS to package com.bulletproof.voicerec.intern (protectionLevel=50 flags=0x8be44)
11-10 12:56:13.700 W/PackageManager(753): Unknown permission com.google.android.apps.googlevoice.permission.RECEIVE_SMS in package com.bulletproof.voicerec.intern
11-10 12:56:13.700 W/PackageManager(753): Not granting permission net.dinglisch.android.tasker.PERMISSION_RUN_TASKS to package com.bulletproof.voicerec.intern because it was previously installed without
11-10 12:56:13.700 W/PackageManager(753): Not granting permission android.permission.INTERACT_ACROSS_USERS_FULL to package com.bulletproof.voicerec.intern (protectionLevel=2 flags=0x8be44)
11-10 12:56:13.700 W/PackageManager(753): Unknown permission android.permission.WRITE_INTERNAL_STORAGE in package com.nousguide.android.rbtv
11-10 12:56:13.700 W/PackageManager(753): Not granting permission android.permission.ACCOUNT_MANAGER to package com.newscorp.theaustralian (protectionLevel=2 flags=0x98be44)
11-10 12:56:13.700 W/PackageManager(753): Not granting permission android.permission.ACCOUNT_MANAGER to package com.newscorp.couriermail (protectionLevel=2 flags=0x98be44)
11-10 12:56:13.700 W/PackageManager(753): Not granting permission android.permission.SEND_DOWNLOAD_COMPLETED_INTENTS to package com.android.vending (protectionLevel=2 flags=0x8abec5)
11-10 12:56:13.700 W/PackageManager(753): Unknown permission android.permission.SEND_SMS_NO_CONFIRMATION in package com.android.vending
11-10 12:56:13.700 W/PackageManager(753): Not granting permission android.permission.WRITE_SECURE_SETTINGS to package com.android.vending (protectionLevel=50 flags=0x8abec5)
11-10 12:56:13.700 W/PackageManager(753): Not granting permission android.permission.FORCE_STOP_PACKAGES to package com.android.vending (protectionLevel=2 flags=0x8abec5)
11-10 12:56:13.700 W/PackageManager(753): Not granting permission android.permission.WRITE_MEDIA_STORAGE to package com.estrongs.android.pop (protectionLevel=18 flags=0xc8be44)
11-10 12:56:13.700 W/PackageManager(753): Unknown permission .PERMISSION in package com.estrongs.android.pop
11-10 12:56:13.700 W/PackageManager(753): Unknown permission android.permission.MANAGE_DOCUMENTS in package com.google.android.youtube
11-10 12:56:13.700 W/PackageManager(753): Not granting permission android.permission.DEVICE_POWER to package com.android.deskclock (protectionLevel=2 flags=0xc8be45)
11-10 12:56:13.700 W/PackageManager(753): Not granting permission android.permission.READ_DREAM_STATE to package com.google.android.gsf (protectionLevel=2 flags=0x883e45)
11-10 12:56:13.710 W/PackageManager(753): Unknown permission com.chrome.permission.DEVICE_EXTRAS in package com.android.chrome
11-10 12:56:13.710 W/PackageManager(753): Unknown permission com.sec.enterprise.knox.MDM_CONTENT_PROVIDER in package com.android.chrome
11-10 12:56:13.950 I/SystemServer(753): Notification Manager
11-10 12:56:13.950 I/SystemServer(753): Device Storage Monitor
11-10 12:56:13.960 I/SystemServer(753): Location Manager
11-10 12:56:13.960 I/SystemServer(753): Country Detector
11-10 12:56:13.960 I/SystemServer(753): Search Service
11-10 12:56:13.960 I/SystemServer(753): DropBox Service
11-10 12:56:13.960 I/SystemServer(753): Wallpaper Service
11-10 12:56:13.970 I/SystemServer(753): Audio Service
11-10 12:56:14.010 I/SystemServer(753): Dock Observer
11-10 12:56:14.010 I/SystemServer(753): Wired Accessory Manager
11-10 12:56:14.010 W/WiredAccessoryManager(753): This kernel does not have usb audio support
11-10 12:56:14.010 I/SystemServer(753): USB Service
11-10 12:56:14.010 I/SystemServer(753): Serial Service
11-10 12:56:14.010 I/SystemServer(753): Twilight Service
11-10 12:56:14.010 I/SystemServer(753): UI Mode Manager Service
11-10 12:56:14.010 I/SystemServer(753): Backup Service
11-10 12:56:14.030 V/BackupManagerService(753): Initializing package tracking
11-10 12:56:14.040 V/BackupManagerService(753): addPackageParticipantsLocked: all
11-10 12:56:14.040 I/BackupManagerService(753): Scheduling backup for new app org.connectbot
11-10 12:56:14.040 D/BackupManagerService(753): Now staging backup of org.connectbot
11-10 12:56:14.040 I/BackupManagerService(753): Scheduling backup for new app com.android.browser
11-10 12:56:14.040 D/BackupManagerService(753): Now staging backup of com.android.browser
11-10 12:56:14.040 I/BackupManagerService(753): Scheduling backup for new app com.android.sharedstoragebackup
11-10 12:56:14.040 D/BackupManagerService(753): Now staging backup of com.android.sharedstoragebackup
11-10 12:56:14.040 I/BackupManagerService(753): Scheduling backup for new app com.google.android.inputmethod.latin
11-10 12:56:14.040 D/BackupManagerService(753): Now staging backup of com.google.android.inputmethod.latin
11-10 12:56:14.040 I/BackupManagerService(753): Scheduling backup for new app com.android.providers.settings
11-10 12:56:14.040 D/BackupManagerService(753): Now staging backup of com.android.providers.settings
11-10 12:56:14.040 I/BackupManagerService(753): Scheduling backup for new app com.google.android.gallery3d
11-10 12:56:14.040 D/BackupManagerService(753): Now staging backup of com.google.android.gallery3d
11-10 12:56:14.040 I/BackupManagerService(753): Scheduling backup for new app com.google.android.talk
11-10 12:56:14.040 D/BackupManagerService(753): Now staging backup of com.google.android.talk
11-10 12:56:14.040 I/BackupManagerService(753): Scheduling backup for new app com.android.providers.userdictionary
11-10 12:56:14.040 D/BackupManagerService(753): Now staging backup of com.android.providers.userdictionary
11-10 12:56:14.040 I/BackupManagerService(753): Scheduling backup for new app android
11-10 12:56:14.040 D/BackupManagerService(753): Now staging backup of android
11-10 12:56:14.040 I/BackupManagerService(753): Scheduling backup for new app com.android.vending
11-10 12:56:14.040 D/BackupManagerService(753): Now staging backup of com.android.vending
11-10 12:56:14.040 I/BackupManagerService(753): Scheduling backup for new app com.google.android.gm
11-10 12:56:14.040 D/BackupManagerService(753): Now staging backup of com.google.android.gm
11-10 12:56:14.040 I/BackupManagerService(753): Scheduling backup for new app com.google.android.calendar
11-10 12:56:14.040 D/BackupManagerService(753): Now staging backup of com.google.android.calendar
11-10 12:56:14.050 V/BackupManagerService(753): Registering transport android/com.android.internal.backup.LocalTransport = com.android.internal.backup.LocalTransport@4265fc28
11-10 12:56:14.050 V/BackupManagerService(753): Starting with transport com.google.android.backup/.BackupTransportService
11-10 12:56:14.050 V/BackupManagerService(753): Binding to Google transport
11-10 12:56:14.050 I/BackupManagerService(753): Found stale backup journal, scheduling
11-10 12:56:14.050 I/BackupManagerService(753):   org.connectbot
11-10 12:56:14.050 I/BackupManagerService(753):   com.android.browser
11-10 12:56:14.050 I/BackupManagerService(753):   com.android.sharedstoragebackup
11-10 12:56:14.050 I/BackupManagerService(753):   com.google.android.inputmethod.latin
11-10 12:56:14.050 I/BackupManagerService(753):   com.android.providers.settings
11-10 12:56:14.050 I/BackupManagerService(753):   com.google.android.gallery3d
11-10 12:56:14.050 I/BackupManagerService(753):   com.google.android.talk
11-10 12:56:14.050 I/BackupManagerService(753):   com.android.providers.userdictionary
11-10 12:56:14.050 I/BackupManagerService(753):   android
11-10 12:56:14.050 I/BackupManagerService(753):   com.android.vending
11-10 12:56:14.050 I/BackupManagerService(753):   com.google.android.gm
11-10 12:56:14.050 I/BackupManagerService(753):   com.google.android.calendar
11-10 12:56:14.060 I/BackupManagerService(753): Backup enabled => true
11-10 12:56:14.060 I/SystemServer(753): AppWidget Service
11-10 12:56:14.060 I/SystemServer(753): Recognition Service
11-10 12:56:14.060 I/SystemServer(753): DiskStats Service
11-10 12:56:14.060 I/SystemServer(753): SamplingProfiler Service
11-10 12:56:14.060 I/SystemServer(753): NetworkTimeUpdateService
11-10 12:56:14.060 I/SystemServer(753): CommonTimeManagementService
11-10 12:56:14.060 I/SystemServer(753): CertBlacklister
11-10 12:56:14.060 I/SystemServer(753): Dreams Service
11-10 12:56:14.060 I/SystemServer(753): IdleMaintenanceService
11-10 12:56:14.140 I/ActivityManager(753): System now ready
11-10 12:56:14.150 I/SystemServer(753): Making services ready
11-10 12:56:14.170 I/ActivityManager(753): Start proc com.android.systemui for service com.android.systemui/.SystemUIService: pid=870 uid=10032 gids={50032, 1028, 1015, 3002, 3001, 1006}
11-10 12:56:14.170 D/NetworkManagementService(753): enabling bandwidth control
11-10 12:56:14.170 I/Vold    (102): /dev/block/vold/179:9 being considered for volume sdcard
11-10 12:56:14.170 D/Vold    (102): Volume sdcard state changing 1 (Idle-Unmounted) -> 3 (Checking)
11-10 12:56:14.170 D/Vold    (102): Trying to get filesystem type for /dev/block/vold/179:9 
11-10 12:56:14.170 D/MountService(753): volume state changed for /storage/sdcard1 (unmounted -> checking)
11-10 12:56:14.170 D/MountService(753): sendStorageIntent Intent { act=android.intent.action.MEDIA_CHECKING dat=file:///storage/sdcard1 (has extras) } to UserHandle{-1}
11-10 12:56:14.190 E/Vold    (102): None or unknown filesystem on /dev/block/vold/179:9
11-10 12:56:14.190 D/Vold    (102): Volume sdcard state changing 3 (Checking) -> 1 (Idle-Unmounted)
11-10 12:56:14.190 D/MountService(753): volume state changed for /storage/sdcard1 (checking -> unmounted)
11-10 12:56:14.190 D/MountService(753): sendStorageIntent Intent { act=android.intent.action.MEDIA_UNMOUNTED dat=file:///storage/sdcard1 (has extras) } to UserHandle{-1}
11-10 12:56:14.190 D/MountService(753): volume state changed for /storage/sdcard1 (unmounted -> nofs)
11-10 12:56:14.190 D/MountService(753): sendStorageIntent Intent { act=android.intent.action.MEDIA_NOFS dat=file:///storage/sdcard1 (has extras) } to UserHandle{-1}
11-10 12:56:14.200 E/MountService(753): Boot-time mount failed (-3)
11-10 12:56:14.200 W/MountService(753): Duplicate state transition (mounted -> mounted) for /storage/emulated/0
11-10 12:56:14.220 I/ActivityManager(753): Start proc android.process.media for broadcast com.android.providers.media/.MediaScannerReceiver: pid=879 uid=10009 gids={50009, 1015, 1023, 1024, 1028, 2001, 3003, 3007}
11-10 12:56:14.330 D/SystemUIService(870): loading: class com.android.systemui.statusbar.tablet.TabletStatusBar
11-10 12:56:14.340 D/SystemUIService(870): running: com.android.systemui.statusbar.tablet.TabletStatusBar@42047fe8
11-10 12:56:14.360 I/StatusBarManagerService(753): registerStatusBar bar=com.android.internal.statusbar.IStatusBar$Stub$Proxy@420fbf78
11-10 12:56:14.670 E/NetdConnector(753): NDC Command {7 bandwidth enable} took too long (502ms)
11-10 12:56:14.780 I/ActivityManager(753): Start proc com.estrongs.android.pop for broadcast com.estrongs.android.pop/.EnableOEMConfig: pid=953 uid=10069 gids={50069, 3003, 3002, 3001, 1015, 1028}
11-10 12:56:14.980 D/SystemUIService(870): loading: class com.android.systemui.power.PowerUI
11-10 12:56:14.980 D/SystemUIService(870): running: com.android.systemui.power.PowerUI@420f7dd8
11-10 12:56:14.980 D/SystemUIService(870): loading: class com.android.systemui.media.RingtonePlayer
11-10 12:56:15.000 D/SystemUIService(870): running: com.android.systemui.media.RingtonePlayer@420f8980
11-10 12:56:15.020 D/SystemUIService(870): loading: class com.android.systemui.settings.SettingsUI
11-10 12:56:15.020 D/SystemUIService(870): running: com.android.systemui.settings.SettingsUI@420f9d40
11-10 12:56:15.120 D/EthernetService(753): New client listening to asynchronous messages
11-10 12:56:15.180 W/SystemServer(753): ***********************************************
11-10 12:56:15.190 W/NetworkStats(753): bandwidth controls disabled, unable to track stats
11-10 12:56:15.190 W/NetworkPolicy(753): bandwidth controls disabled, unable to enforce policy
11-10 12:56:15.220 D/ConnectivityService(753): setProvNotificationVisible: E visible=false networkType=-1 extraInfo=null url=null
11-10 12:56:15.260 W/SystemServer(753): ***********************************************
11-10 12:56:15.300 I/ActivityManager(753): Config changes=200 {1.0 ?mcc?mnc en_GB ldltr sw800dp w1280dp h752dp 160dpi xlrg land finger -keyb/v/h -nav/h s.4}
11-10 12:56:15.460 W/InputMethodManagerService(753): Ignoring setImeWindowStatus of uid 1000 token: null
11-10 12:56:15.490 D/EthernetService(753): interfaceLinkStateChanged for wlan0, up = true
11-10 12:56:15.490 D/EthernetService(753): interfaceLinkStateChanged for wlan0, up = true
11-10 12:56:15.510 I/ActivityManager(753): Start proc com.google.android.inputmethod.latin for service com.google.android.inputmethod.latin/com.android.inputmethod.latin.LatinIME: pid=1020 uid=10016 gids={50016, 3003, 1015, 1028}
11-10 12:56:15.520 V/InputMethodManagerService(753): Adding window token: android.os.Binder@4260c200
11-10 12:56:15.580 I/ActivityManager(753): Start proc com.google.process.location for service com.google.android.location/.NetworkLocationService: pid=1035 uid=10028 gids={50028, 3003, 1007, 1028, 1015, 1006, 3002, 3001, 2001, 3006}
11-10 12:56:15.650 I/ActivityManager(753): Start proc com.google.android.gms for broadcast com.google.android.gms/com.google.android.location.internal.NlpNetworkProviderSettingsUpdateReceiver: pid=1052 uid=10028 gids={50028, 3003, 1007, 1028, 1015, 1006, 3002, 3001, 2001, 3006}
11-10 12:56:15.700 I/ActivityManager(753): START u0 {act=android.intent.action.MAIN cat=[android.intent.category.HOME] flg=0x10000000 cmp=com.cyanogenmod.trebuchet/.Launcher} from pid 0
11-10 12:56:15.740 I/ActivityManager(753): Start proc com.cyanogenmod.trebuchet for activity com.cyanogenmod.trebuchet/.Launcher: pid=1066 uid=10034 gids={50034, 1028}
11-10 12:56:15.740 I/SystemServer(753): Enabled StrictMode for system server main thread.
11-10 12:56:15.840 V/StatusBar(870): userId 0 is in the house
11-10 12:56:16.040 I/ActivityManager(753): Start proc com.google.process.gapps for content provider com.google.android.gsf/.settings.GoogleSettingsProvider: pid=1084 uid=10028 gids={50028, 3003, 1007, 1028, 1015, 1006, 3002, 3001, 2001, 3006}
11-10 12:56:16.080 I/TabletStatusBar(870): DISABLE_CLOCK: yes
11-10 12:56:16.130 D/EthernetService(753): interfaceLinkStateChanged for wlan0, up = true
11-10 12:56:17.000 D/EthernetService(753): interfaceLinkStateChanged for wlan0, up = true
11-10 12:56:17.200 D/EthernetService(753): interfaceLinkStateChanged for wlan0, up = true
11-10 12:56:17.200 D/EthernetService(753): interfaceLinkStateChanged for wlan0, up = true
11-10 12:56:17.210 D/EthernetService(753): interfaceLinkStateChanged for wlan0, up = true
11-10 12:56:17.250 I/ActivityManager(753): Start proc android.process.acore for content provider com.android.providers.userdictionary/.UserDictionaryProvider: pid=1125 uid=10000 gids={50000, 3003, 1015, 1028}
11-10 12:56:17.400 V/BackupManagerService(753): Connected to Google transport
11-10 12:56:17.400 V/BackupManagerService(753): Registering transport com.google.android.backup/.BackupTransportService = com.google.android.backup.BackupTransportService$1@427dc8e0
11-10 12:56:17.720 D/EthernetService(753): interfaceLinkStateChanged for wlan0, up = true
11-10 12:56:18.340 I/ActivityManager(753): Start proc com.google.android.gms.ui for broadcast com.google.android.gms/com.google.android.location.network.LocationProviderChangeReceiver: pid=1163 uid=10028 gids={50028, 3003, 1007, 1028, 1015, 1006, 3002, 3001, 2001, 3006}
11-10 12:56:19.220 D/ConnectivityService(753): Captive portal check NetworkInfo: type: WIFI[], state: CONNECTING/CAPTIVE_PORTAL_CHECK, reason: (unspecified), extra: "NEWSLTD-INTERNAL", roaming: false, failover: false, isAvailable: true, isConnectedToProvisioningNetwork: false
11-10 12:56:19.220 D/ConnectivityService(753): handleCaptivePortalTrackerCheck: call captivePortalCheckComplete ni=NetworkInfo: type: WIFI[], state: CONNECTING/CAPTIVE_PORTAL_CHECK, reason: (unspecified), extra: "NEWSLTD-INTERNAL", roaming: false, failover: false, isAvailable: true, isConnectedToProvisioningNetwork: false
11-10 12:56:19.220 D/ConnectivityService(753): Captive portal check NetworkInfo: type: WIFI[], state: CONNECTING/CAPTIVE_PORTAL_CHECK, reason: (unspecified), extra: "NEWSLTD-INTERNAL", roaming: false, failover: false, isAvailable: true, isConnectedToProvisioningNetwork: false
11-10 12:56:19.220 D/ConnectivityService(753): handleCaptivePortalTrackerCheck: call captivePortalCheckComplete ni=NetworkInfo: type: WIFI[], state: CONNECTING/CAPTIVE_PORTAL_CHECK, reason: (unspecified), extra: "NEWSLTD-INTERNAL", roaming: false, failover: false, isAvailable: true, isConnectedToProvisioningNetwork: false
11-10 12:56:19.320 D/ConnectivityService(753): ConnectivityChange for WIFI: CONNECTED/CONNECTED
11-10 12:56:19.390 D/Nat464Xlat(753): requiresClat: netType=1, hasIPv4Address=true
11-10 12:56:19.400 D/ConnectivityService(753): ConnectivityChange for WIFI: CONNECTED/CONNECTED
11-10 12:56:19.410 D/ConnectivityService(753): handleConnectivityChange: address are the same reset per doReset linkProperty[1]: resetMask=0
11-10 12:56:19.410 D/Nat464Xlat(753): requiresClat: netType=1, hasIPv4Address=true
11-10 12:56:20.100 I/ActivityManager(753): Start proc com.google.android.gallery3d for broadcast com.google.android.gallery3d/com.google.android.picasasync.BatteryReceiver: pid=1231 uid=10040 gids={50040, 1006, 3003, 1015, 1028}
11-10 12:56:20.650 I/ActivityManager(753): Start proc com.google.android.gms.wearable for service com.google.android.gms/.wearable.service.WearableService: pid=1253 uid=10028 gids={50028, 3003, 1007, 1028, 1015, 1006, 3002, 3001, 2001, 3006}
11-10 12:56:20.890 I/ActivityManager(753): Start proc com.google.android.apps.uploader for broadcast com.google.android.apps.uploader/com.google.android.picasasync.BatteryReceiver: pid=1271 uid=10045 gids={50045, 3003, 1015, 1028}
11-10 12:56:21.700 W/ContextImpl(753): Calling a method in the system process without a qualified user: android.app.ContextImpl.bindService:1452 android.bluetooth.BluetoothHeadset.<init>:273 android.bluetooth.BluetoothAdapter.getProfileProxy:1162 android.media.AudioService.getBluetoothHeadset:2185 android.media.AudioService.access$2800:108 
11-10 12:56:21.700 W/ContextImpl(753): Calling a method in the system process without a qualified user: android.app.ContextImpl.bindService:1452 android.bluetooth.BluetoothA2dp.<init>:160 android.bluetooth.BluetoothAdapter.getProfileProxy:1165 android.media.AudioService$AudioServiceBroadcastReceiver.onReceive:4082 android.app.LoadedApk$ReceiverDispatcher$Args.run:763 
11-10 12:56:21.700 V/WiredAccessoryManager(753): init()
11-10 12:56:21.710 I/ActivityManager(753): Config changes=1400 {1.0 ?mcc?mnc en_GB ldltr sw800dp w1280dp h752dp 160dpi xlrg land finger -keyb/v/h -nav/h s.5}
11-10 12:56:22.360 I/ActivityManager(753): Start proc com.android.chrome for service com.android.chrome/com.google.android.apps.chrome.sync.ChromeBrowserSyncAdapterService: pid=1327 uid=10081 gids={50081, 1006, 3003, 1015, 1028}
11-10 12:56:22.420 E/ActivityThread(753): Failed to find provider info for telephony
11-10 12:56:22.460 E/ActivityThread(753): Failed to find provider info for telephony
11-10 12:56:23.050 D/ConnectivityService(753): setProvNotificationVisible: E visible=false networkType=-1 extraInfo=null url=null
11-10 12:56:23.150 D/EthernetService(753): interfaceLinkStateChanged for wlan0, up = true
11-10 12:56:23.660 I/ActivityManager(753): Start proc com.google.android.apps.plus for broadcast com.google.android.apps.plus/com.google.android.libraries.social.autobackup.AutoBackupEnvironment$BatteryReceiver: pid=1359 uid=10086 gids={50086, 3003, 3002, 1015, 1006, 1028}
11-10 12:56:24.130 I/PowerManagerService(753): Boot animation finished.
11-10 12:56:28.120 I/ActivityManager(753): Start proc au.net.abc.iview for broadcast au.net.abc.iview/com.google.sample.castcompanionlibrary.remotecontrol.VideoIntentReceiver: pid=1396 uid=10052 gids={50052, 3003, 1015, 1028}
11-10 12:56:29.000 I/ActivityManager(753): Start proc com.android.providers.calendar for broadcast com.android.providers.calendar/.CalendarReceiver: pid=1438 uid=10005 gids={50005, 3003, 1015, 1028}
11-10 12:56:29.020 I/BootReceiver(753): Copying audit failures to DropBox
11-10 12:56:29.160 I/ActivityManager(753): Start proc com.android.deskclock for broadcast com.android.deskclock/.AlarmInitReceiver: pid=1458 uid=10008 gids={50008, 1028}
11-10 12:56:29.280 I/ActivityManager(753): Start proc com.android.email for broadcast com.android.email/.service.EmailBroadcastReceiver: pid=1478 uid=10010 gids={50010, 3003, 1015, 1028}
11-10 12:56:29.430 D/ActivityThread(1478): Loading provider com.android.email.provider;com.android.email.notifier: com.android.email.provider.EmailProvider
11-10 12:56:29.500 I/ActivityManager(753): Start proc com.android.exchange for service com.android.exchange/.ExchangeService: pid=1498 uid=10011 gids={50011, 3003, 1015, 1028}
11-10 12:56:29.620 W/ActivityThread(1084): ClassLoader.loadClass: The class loader returned by Thread.getContextClassLoader() may fail for processes that host multiple applications. You should explicitly specify a context class loader. For example: Thread.setContextClassLoader(getClass().getClassLoader());
